{"version":"1.0","provider_name":"HEILIGTUM IN LICHENIEN","provider_url":"https:\/\/www.lichen.pl\/de","title":"Modlimy si\u0119 o jedno\u015b\u0107 ma\u0142\u017ce\u0144sk\u0105 - Dzie\u0144 modlitw w intencji ma\u0142\u017ce\u0144stw w kryzysie - SANKTUARIUM W LICHENIU","type":"rich","width":600,"height":338,"html":"<blockquote class=\"wp-embedded-content\" data-secret=\"oZ9BYZUb0Q\"><a href=\"https:\/\/www.lichen.pl\/de\/modlili-sie-o-jednosc-malzenska\/\">Wir beten f\u00fcr die eheliche Einheit - Ein Gebetstag f\u00fcr Ehen in der Krise<\/a><\/blockquote><iframe sandbox=\"allow-scripts\" security=\"restricted\" src=\"https:\/\/www.lichen.pl\/de\/modlili-sie-o-jednosc-malzenska\/embed\/#?secret=oZ9BYZUb0Q\" width=\"600\" height=\"338\" title=\"&#8222;Modlimy si\u0119 o jedno\u015b\u0107 ma\u0142\u017ce\u0144sk\u0105 &#8211; Dzie\u0144 modlitw w intencji ma\u0142\u017ce\u0144stw w kryzysie&#8220; &#8211; SANKTUARIUM W LICHENIU\" data-secret=\"oZ9BYZUb0Q\" frameborder=\"0\" marginwidth=\"0\" marginheight=\"0\" scrolling=\"no\" class=\"wp-embedded-content\"><\/iframe><script>\n\/*! This file is auto-generated *\/\n!function(d,l){\"use strict\";l.querySelector&&d.addEventListener&&\"undefined\"!=typeof URL&&(d.wp=d.wp||{},d.wp.receiveEmbedMessage||(d.wp.receiveEmbedMessage=function(e){var t=e.data;if((t||t.secret||t.message||t.value)&&!\/[^a-zA-Z0-9]\/.test(t.secret)){for(var s,r,n,a=l.querySelectorAll('iframe[data-secret=\"'+t.secret+'\"]'),o=l.querySelectorAll('blockquote[data-secret=\"'+t.secret+'\"]'),c=new RegExp(\"^https?:$\",\"i\"),i=0;i<o.length;i++)o[i].style.display=\"none\";for(i=0;i<a.length;i++)s=a[i],e.source===s.contentWindow&&(s.removeAttribute(\"style\"),\"height\"===t.message?(1e3<(r=parseInt(t.value,10))?r=1e3:~~r<200&&(r=200),s.height=r):\"link\"===t.message&&(r=new URL(s.getAttribute(\"src\")),n=new URL(t.value),c.test(n.protocol))&&n.host===r.host&&l.activeElement===s&&(d.top.location.href=t.value))}},d.addEventListener(\"message\",d.wp.receiveEmbedMessage,!1),l.addEventListener(\"DOMContentLoaded\",function(){for(var e,t,s=l.querySelectorAll(\"iframe.wp-embedded-content\"),r=0;r<s.length;r++)(t=(e=s[r]).getAttribute(\"data-secret\"))||(t=Math.random().toString(36).substring(2,12),e.src+=\"#?secret=\"+t,e.setAttribute(\"data-secret\",t)),e.contentWindow.postMessage({message:\"ready\",secret:t},\"*\")},!1)))}(window,document);\n\/\/# sourceURL=https:\/\/www.lichen.pl\/wp-includes\/js\/wp-embed.min.js\n<\/script>","thumbnail_url":"http:\/\/www.lichen.pl\/wp-content\/uploads\/2021\/09\/P1390253-scaled.jpg","thumbnail_width":962,"thumbnail_height":1280,"description":"O odnow\u0119 ma\u0142\u017ce\u0144skiej mi\u0142o\u015bci modlili si\u0119 uczestnicy po\u0142udniowej Mszy \u015bw. 28 sierpnia. W Sanktuarium Matki Bo\u017cej Liche\u0144skiej by\u0142 to Dzie\u0144 modlitw w intencji ma\u0142\u017ce\u0144stw w kryzysie. Po\u0142udniow\u0105 Msz\u0119 \u015bw. sprawowa\u0142 ks. Bogus\u0142aw Binda MIC, prze\u0142o\u017cony liche\u0144skiej wsp\u00f3lnoty ksi\u0119\u017cy marian\u00f3w. We wspomnienie \u015bw. Augustyna, jednego z czterech doktor\u00f3w Ko\u015bcio\u0142a Zachodniego, przypomnia\u0142, \u017ce podczas Eucharystii w \u015bwi\u0105tyni [&hellip;]"}

Modlimy się o jedność małżeńską - Dzień modlitw w intencji małżeństw w kryzysie - SANKTUARIUM W LICHENIU

<blockquote class="wp-embedded-content" data-secret="oZ9BYZUb0Q"><a href="https://www.lichen.pl/de/modlili-sie-o-jednosc-malzenska/">Wir beten für die eheliche Einheit - Ein Gebetstag für Ehen in der Krise</a></blockquote><iframe sandbox="allow-scripts" security="restricted" src="https://www.lichen.pl/de/modlili-sie-o-jednosc-malzenska/embed/#?secret=oZ9BYZUb0Q" width="600" height="338" title="&#8222;Modlimy się o jedność małżeńską &#8211; Dzień modlitw w intencji małżeństw w kryzysie&#8220; &#8211; SANKTUARIUM W LICHENIU" data-secret="oZ9BYZUb0Q" frameborder="0" marginwidth="0" marginheight="0" scrolling="no" class="wp-embedded-content"></iframe><script>
/*! This file is auto-generated */
!function(d,l){"use strict";l.querySelector&&d.addEventListener&&"undefined"!=typeof URL&&(d.wp=d.wp||{},d.wp.receiveEmbedMessage||(d.wp.receiveEmbedMessage=function(e){var t=e.data;if((t||t.secret||t.message||t.value)&&!/[^a-zA-Z0-9]/.test(t.secret)){for(var s,r,n,a=l.querySelectorAll('iframe[data-secret="'+t.secret+'"]'),o=l.querySelectorAll('blockquote[data-secret="'+t.secret+'"]'),c=new RegExp("^https?:$","i"),i=0;i<o.length;i++)o[i].style.display="none";for(i=0;i<a.length;i++)s=a[i],e.source===s.contentWindow&&(s.removeAttribute("style"),"height"===t.message?(1e3<(r=parseInt(t.value,10))?r=1e3:~~r<200&&(r=200),s.height=r):"link"===t.message&&(r=new URL(s.getAttribute("src")),n=new URL(t.value),c.test(n.protocol))&&n.host===r.host&&l.activeElement===s&&(d.top.location.href=t.value))}},d.addEventListener("message",d.wp.receiveEmbedMessage,!1),l.addEventListener("DOMContentLoaded",function(){for(var e,t,s=l.querySelectorAll("iframe.wp-embedded-content"),r=0;r<s.length;r++)(t=(e=s[r]).getAttribute("data-secret"))||(t=Math.random().toString(36).substring(2,12),e.src+="#?secret="+t,e.setAttribute("data-secret",t)),e.contentWindow.postMessage({message:"ready",secret:t},"*")},!1)))}(window,document);
//# sourceURL=https://www.lichen.pl/wp-includes/js/wp-embed.min.js
</script>

O odnowę małżeńskiej miłości modlili się uczestnicy południowej Mszy św. 28 sierpnia. W Sanktuarium Matki Bożej Licheńskiej był to Dzień modlitw w intencji małżeństw w kryzysie. Południową Mszę św. sprawował ks. Bogusław Binda MIC, przełożony licheńskiej wspólnoty księży marianów. We wspomnienie św. Augustyna, jednego z czterech doktorów Kościoła Zachodniego, przypomniał, że podczas Eucharystii w świątyni [&hellip;]
