{"version":"1.0","provider_name":"HEILIGTUM IN LICHENIEN","provider_url":"https:\/\/www.lichen.pl\/de","title":"Mi\u0119dzynarodowy Kongres Maryjny dla Polski i Polonii - SANKTUARIUM W LICHENIU","type":"rich","width":600,"height":338,"html":"<blockquote class=\"wp-embedded-content\" data-secret=\"daX4H7lRUF\"><a href=\"https:\/\/www.lichen.pl\/de\/warsztaty-bozonarodzeniowe-dla-dzieci-2\/\">Mi\u0119dzynarodowy Kongres Maryjny dla Polski i Polonii<\/a><\/blockquote><iframe sandbox=\"allow-scripts\" security=\"restricted\" src=\"https:\/\/www.lichen.pl\/de\/warsztaty-bozonarodzeniowe-dla-dzieci-2\/embed\/#?secret=daX4H7lRUF\" width=\"600\" height=\"338\" title=\"&#8222;Mi\u0119dzynarodowy Kongres Maryjny dla Polski i Polonii&#8220; &#8211; SANKTUARIUM W LICHENIU\" data-secret=\"daX4H7lRUF\" frameborder=\"0\" marginwidth=\"0\" marginheight=\"0\" scrolling=\"no\" class=\"wp-embedded-content\"><\/iframe><script>\n\/*! This file is auto-generated *\/\n!function(d,l){\"use strict\";l.querySelector&&d.addEventListener&&\"undefined\"!=typeof URL&&(d.wp=d.wp||{},d.wp.receiveEmbedMessage||(d.wp.receiveEmbedMessage=function(e){var t=e.data;if((t||t.secret||t.message||t.value)&&!\/[^a-zA-Z0-9]\/.test(t.secret)){for(var s,r,n,a=l.querySelectorAll('iframe[data-secret=\"'+t.secret+'\"]'),o=l.querySelectorAll('blockquote[data-secret=\"'+t.secret+'\"]'),c=new RegExp(\"^https?:$\",\"i\"),i=0;i<o.length;i++)o[i].style.display=\"none\";for(i=0;i<a.length;i++)s=a[i],e.source===s.contentWindow&&(s.removeAttribute(\"style\"),\"height\"===t.message?(1e3<(r=parseInt(t.value,10))?r=1e3:~~r<200&&(r=200),s.height=r):\"link\"===t.message&&(r=new URL(s.getAttribute(\"src\")),n=new URL(t.value),c.test(n.protocol))&&n.host===r.host&&l.activeElement===s&&(d.top.location.href=t.value))}},d.addEventListener(\"message\",d.wp.receiveEmbedMessage,!1),l.addEventListener(\"DOMContentLoaded\",function(){for(var e,t,s=l.querySelectorAll(\"iframe.wp-embedded-content\"),r=0;r<s.length;r++)(t=(e=s[r]).getAttribute(\"data-secret\"))||(t=Math.random().toString(36).substring(2,12),e.src+=\"#?secret=\"+t,e.setAttribute(\"data-secret\",t)),e.contentWindow.postMessage({message:\"ready\",secret:t},\"*\")},!1)))}(window,document);\n\/\/# sourceURL=https:\/\/www.lichen.pl\/wp-includes\/js\/wp-embed.min.js\n<\/script>","thumbnail_url":"https:\/\/www.lichen.pl\/wp-content\/uploads\/2025\/12\/IMG_0743-Poprawione-Szum-1024x683.jpg","thumbnail_width":1024,"thumbnail_height":683,"description":"Kongres jest skierowany do Rodak\u00f3w z Polski i zagranicy, wszystkich os\u00f3b pragn\u0105cych pog\u0142\u0119bia\u0107 wiar\u0119 ojc\u00f3w i umacnia\u0107 rodziny. W programie m.in. Konferencje, warsztaty, spotkania, strefa dzieci i m\u0142odzie\u017cy Procesje \u015bwiat\u0142a Spacer do Lasu Gr\u0105bli\u0144skiego \u2013 miejsca Objawie\u0144 Matki Bo\u017cej Specjalna\u00a0cz\u0119\u015b\u0107: \u201eObjawienia\u00a0w\u00a0Kibeho\u00a0drog\u0105\u00a0ocalenia\u00a0na\u00a0nasze\u00a0czasy\u201d Zawierzenie siebie i naszych rodzin\u00a0Bolesnej\u00a0Kr\u00f3lowej\u00a0Polski z Lichenia Nocne Czuwanie przed Zes\u0142aniem Ducha \u015awi\u0119tego Festyn\u00a0rodzinny\u00a0w\u00a0niedziel\u0119 [&hellip;]"}

Międzynarodowy Kongres Maryjny dla Polski i Polonii - SANKTUARIUM W LICHENIU

<blockquote class="wp-embedded-content" data-secret="daX4H7lRUF"><a href="https://www.lichen.pl/de/warsztaty-bozonarodzeniowe-dla-dzieci-2/">Międzynarodowy Kongres Maryjny dla Polski i Polonii</a></blockquote><iframe sandbox="allow-scripts" security="restricted" src="https://www.lichen.pl/de/warsztaty-bozonarodzeniowe-dla-dzieci-2/embed/#?secret=daX4H7lRUF" width="600" height="338" title="&#8222;Międzynarodowy Kongres Maryjny dla Polski i Polonii&#8220; &#8211; SANKTUARIUM W LICHENIU" data-secret="daX4H7lRUF" frameborder="0" marginwidth="0" marginheight="0" scrolling="no" class="wp-embedded-content"></iframe><script>
/*! This file is auto-generated */
!function(d,l){"use strict";l.querySelector&&d.addEventListener&&"undefined"!=typeof URL&&(d.wp=d.wp||{},d.wp.receiveEmbedMessage||(d.wp.receiveEmbedMessage=function(e){var t=e.data;if((t||t.secret||t.message||t.value)&&!/[^a-zA-Z0-9]/.test(t.secret)){for(var s,r,n,a=l.querySelectorAll('iframe[data-secret="'+t.secret+'"]'),o=l.querySelectorAll('blockquote[data-secret="'+t.secret+'"]'),c=new RegExp("^https?:$","i"),i=0;i<o.length;i++)o[i].style.display="none";for(i=0;i<a.length;i++)s=a[i],e.source===s.contentWindow&&(s.removeAttribute("style"),"height"===t.message?(1e3<(r=parseInt(t.value,10))?r=1e3:~~r<200&&(r=200),s.height=r):"link"===t.message&&(r=new URL(s.getAttribute("src")),n=new URL(t.value),c.test(n.protocol))&&n.host===r.host&&l.activeElement===s&&(d.top.location.href=t.value))}},d.addEventListener("message",d.wp.receiveEmbedMessage,!1),l.addEventListener("DOMContentLoaded",function(){for(var e,t,s=l.querySelectorAll("iframe.wp-embedded-content"),r=0;r<s.length;r++)(t=(e=s[r]).getAttribute("data-secret"))||(t=Math.random().toString(36).substring(2,12),e.src+="#?secret="+t,e.setAttribute("data-secret",t)),e.contentWindow.postMessage({message:"ready",secret:t},"*")},!1)))}(window,document);
//# sourceURL=https://www.lichen.pl/wp-includes/js/wp-embed.min.js
</script>

Kongres jest skierowany do Rodaków z Polski i zagranicy, wszystkich osób pragnących pogłębiać wiarę ojców i umacniać rodziny. W programie m.in. Konferencje, warsztaty, spotkania, strefa dzieci i młodzieży Procesje światła Spacer do Lasu Grąblińskiego – miejsca Objawień Matki Bożej Specjalna część: „Objawienia w Kibeho drogą ocalenia na nasze czasy” Zawierzenie siebie i naszych rodzin Bolesnej Królowej Polski z Lichenia Nocne Czuwanie przed Zesłaniem Ducha Świętego Festyn rodzinny w niedzielę [&hellip;]
