{"id":89998,"date":"2025-10-02T15:02:47","date_gmt":"2025-10-02T13:02:47","guid":{"rendered":"https:\/\/www.lichen.pl\/events\/pan-moj-i-bog-moj-rekolekcje-o-milosierdziu-bozym-4\/"},"modified":"2025-10-30T13:43:17","modified_gmt":"2025-10-30T12:43:17","slug":"pan-moj-i-bog-moj-rekolekcje-o-milosierdziu-bozym-4","status":"publish","type":"ajde_events","link":"https:\/\/www.lichen.pl\/de\/events\/pan-moj-i-bog-moj-rekolekcje-o-milosierdziu-bozym-4\/","title":{"rendered":"Pan m\u00f3j i B\u00f3g m\u00f3j &#8211; rekolekcje o Mi\u0142osierdziu Bo\u017cym"},"content":{"rendered":"<p><a href=\"https:\/\/www.lichen.pl\/wp-content\/uploads\/2025\/10\/1-Rekolekcje-o-Bozym-Milosierdziu-2026-002-1.jpg\"><img fetchpriority=\"high\" decoding=\"async\" class=\"aligncenter wp-image-91885 size-medium\" src=\"https:\/\/www.lichen.pl\/wp-content\/uploads\/2025\/10\/1-Rekolekcje-o-Bozym-Milosierdziu-2026-002-1-212x300.jpg\" alt=\"\" width=\"212\" height=\"300\" srcset=\"https:\/\/www.lichen.pl\/wp-content\/uploads\/2025\/10\/1-Rekolekcje-o-Bozym-Milosierdziu-2026-002-1-212x300.jpg 212w, https:\/\/www.lichen.pl\/wp-content\/uploads\/2025\/10\/1-Rekolekcje-o-Bozym-Milosierdziu-2026-002-1-724x1024.jpg 724w, https:\/\/www.lichen.pl\/wp-content\/uploads\/2025\/10\/1-Rekolekcje-o-Bozym-Milosierdziu-2026-002-1-768x1086.jpg 768w, https:\/\/www.lichen.pl\/wp-content\/uploads\/2025\/10\/1-Rekolekcje-o-Bozym-Milosierdziu-2026-002-1-1086x1536.jpg 1086w, https:\/\/www.lichen.pl\/wp-content\/uploads\/2025\/10\/1-Rekolekcje-o-Bozym-Milosierdziu-2026-002-1-1448x2048.jpg 1448w, https:\/\/www.lichen.pl\/wp-content\/uploads\/2025\/10\/1-Rekolekcje-o-Bozym-Milosierdziu-2026-002-1-8x12.jpg 8w, https:\/\/www.lichen.pl\/wp-content\/uploads\/2025\/10\/1-Rekolekcje-o-Bozym-Milosierdziu-2026-002-1-800x1131.jpg 800w, https:\/\/www.lichen.pl\/wp-content\/uploads\/2025\/10\/1-Rekolekcje-o-Bozym-Milosierdziu-2026-002-1.jpg 905w\" sizes=\"(max-width: 212px) 100vw, 212px\" \/><\/a><\/p>\n<p style=\"text-align: center;\">Einschreibung: <a href=\"https:\/\/www.lichen.pl\/de\/biuro-obslugi-pielgrzyma\/\" target=\"_blank\" rel=\"noopener\">Pilgerserviceb\u00fcro<\/a><br \/>\ntel.: (+48) 63 270 81 42, (+48) 63 270 81 63<br \/>\nE-Mail: lichen@lichen.pl<\/p>\n<p style=\"text-align: center;\"><a href=\"https:\/\/www.lichen.pl\/de\/pan-moj-i-bog-moj-rekolekcje-o-milosierdziu-bozym\/\" target=\"_blank\" rel=\"noopener\">Siehe die Beschreibung des Retreats <\/a><\/p>","protected":false},"author":7,"featured_media":-1,"menu_order":0,"comment_status":"closed","ping_status":"closed","template":"","meta":[],"tags":[],"event_type":[53,54],"event_type_2":[],"class_list":["post-89998","ajde_events","type-ajde_events","status-publish","has-post-thumbnail","hentry","event_type-kalendarz-wydarzen","event_type-rekolekcje","wpbf-post"],"yoast_head":"<!-- This site is optimized with the Yoast SEO plugin v27.4 - https:\/\/yoast.com\/product\/yoast-seo-wordpress\/ -->\n<title>Pan m\u00f3j i B\u00f3g m\u00f3j - rekolekcje o Mi\u0142osierdziu Bo\u017cym - SANKTUARIUM W LICHENIU<\/title>\n<meta name=\"robots\" content=\"index, follow, max-snippet:-1, max-image-preview:large, max-video-preview:-1\" \/>\n<link rel=\"canonical\" href=\"https:\/\/www.lichen.pl\/de\/events\/pan-moj-i-bog-moj-rekolekcje-o-milosierdziu-bozym-4\/\" \/>\n<meta property=\"og:locale\" content=\"de_DE\" \/>\n<meta property=\"og:type\" content=\"article\" \/>\n<meta property=\"og:title\" content=\"Pan m\u00f3j i B\u00f3g m\u00f3j - rekolekcje o Mi\u0142osierdziu Bo\u017cym - SANKTUARIUM W LICHENIU\" \/>\n<meta property=\"og:description\" content=\"Zapisy: Biuro Obs\u0142ugi Pielgrzyma tel.: (+48) 63 270 81 42, (+48) 63 270 81 63 e-mail: lichen@lichen.pl Zobacz opis rekolekcji\" \/>\n<meta property=\"og:url\" content=\"https:\/\/www.lichen.pl\/de\/events\/pan-moj-i-bog-moj-rekolekcje-o-milosierdziu-bozym-4\/\" \/>\n<meta property=\"og:site_name\" content=\"SANKTUARIUM W LICHENIU\" \/>\n<meta property=\"article:modified_time\" content=\"2025-10-30T12:43:17+00:00\" \/>\n<meta name=\"twitter:card\" content=\"summary_large_image\" \/>\n<meta name=\"twitter:label1\" content=\"Gesch\u00e4tzte Lesezeit\" \/>\n\t<meta name=\"twitter:data1\" content=\"1\u00a0Minute\" \/>\n<script type=\"application\/ld+json\" class=\"yoast-schema-graph\">{\"@context\":\"https:\\\/\\\/schema.org\",\"@graph\":[{\"@type\":\"WebPage\",\"@id\":\"https:\\\/\\\/www.lichen.pl\\\/events\\\/pan-moj-i-bog-moj-rekolekcje-o-milosierdziu-bozym-4\\\/\",\"url\":\"https:\\\/\\\/www.lichen.pl\\\/events\\\/pan-moj-i-bog-moj-rekolekcje-o-milosierdziu-bozym-4\\\/\",\"name\":\"Pan m\u00f3j i B\u00f3g m\u00f3j - rekolekcje o Mi\u0142osierdziu Bo\u017cym - SANKTUARIUM W LICHENIU\",\"isPartOf\":{\"@id\":\"https:\\\/\\\/www.lichen.pl\\\/fr\\\/#website\"},\"primaryImageOfPage\":{\"@id\":\"https:\\\/\\\/www.lichen.pl\\\/events\\\/pan-moj-i-bog-moj-rekolekcje-o-milosierdziu-bozym-4\\\/#primaryimage\"},\"image\":{\"@id\":\"https:\\\/\\\/www.lichen.pl\\\/events\\\/pan-moj-i-bog-moj-rekolekcje-o-milosierdziu-bozym-4\\\/#primaryimage\"},\"thumbnailUrl\":\"https:\\\/\\\/www.lichen.pl\\\/wp-content\\\/uploads\\\/2025\\\/10\\\/1-Rekolekcje-o-Bozym-Milosierdziu-2026-002-1-212x300.jpg\",\"datePublished\":\"2025-10-02T13:02:47+00:00\",\"dateModified\":\"2025-10-30T12:43:17+00:00\",\"breadcrumb\":{\"@id\":\"https:\\\/\\\/www.lichen.pl\\\/events\\\/pan-moj-i-bog-moj-rekolekcje-o-milosierdziu-bozym-4\\\/#breadcrumb\"},\"inLanguage\":\"de\",\"potentialAction\":[{\"@type\":\"ReadAction\",\"target\":[\"https:\\\/\\\/www.lichen.pl\\\/events\\\/pan-moj-i-bog-moj-rekolekcje-o-milosierdziu-bozym-4\\\/\"]}]},{\"@type\":\"ImageObject\",\"inLanguage\":\"de\",\"@id\":\"https:\\\/\\\/www.lichen.pl\\\/events\\\/pan-moj-i-bog-moj-rekolekcje-o-milosierdziu-bozym-4\\\/#primaryimage\",\"url\":\"https:\\\/\\\/www.lichen.pl\\\/wp-content\\\/uploads\\\/2025\\\/10\\\/1-Rekolekcje-o-Bozym-Milosierdziu-2026-002-1-212x300.jpg\",\"contentUrl\":\"https:\\\/\\\/www.lichen.pl\\\/wp-content\\\/uploads\\\/2025\\\/10\\\/1-Rekolekcje-o-Bozym-Milosierdziu-2026-002-1-212x300.jpg\"},{\"@type\":\"BreadcrumbList\",\"@id\":\"https:\\\/\\\/www.lichen.pl\\\/events\\\/pan-moj-i-bog-moj-rekolekcje-o-milosierdziu-bozym-4\\\/#breadcrumb\",\"itemListElement\":[{\"@type\":\"ListItem\",\"position\":1,\"name\":\"Strona g\u0142\u00f3wna\",\"item\":\"https:\\\/\\\/www.lichen.pl\\\/\"},{\"@type\":\"ListItem\",\"position\":2,\"name\":\"Events\",\"item\":\"http:\\\/\\\/www.lichen.pl\\\/en\\\/events\\\/\"},{\"@type\":\"ListItem\",\"position\":3,\"name\":\"Pan m\u00f3j i B\u00f3g m\u00f3j &#8211; rekolekcje o Mi\u0142osierdziu Bo\u017cym\"}]},{\"@type\":\"WebSite\",\"@id\":\"https:\\\/\\\/www.lichen.pl\\\/fr\\\/#website\",\"url\":\"https:\\\/\\\/www.lichen.pl\\\/fr\\\/\",\"name\":\"SANKTUARIUM W LICHENIU\",\"description\":\"MATKI BO\u017bEJ LICHE\u0143SKIEJ BOLESNEJ KR\u00d3LOWEJ POLSKI\",\"potentialAction\":[{\"@type\":\"SearchAction\",\"target\":{\"@type\":\"EntryPoint\",\"urlTemplate\":\"https:\\\/\\\/www.lichen.pl\\\/fr\\\/?s={search_term_string}\"},\"query-input\":{\"@type\":\"PropertyValueSpecification\",\"valueRequired\":true,\"valueName\":\"search_term_string\"}}],\"inLanguage\":\"de\"}]}<\/script>\n<!-- \/ Yoast SEO plugin. -->","yoast_head_json":{"title":"Pan m\u00f3j i B\u00f3g m\u00f3j - rekolekcje o Mi\u0142osierdziu Bo\u017cym - SANKTUARIUM W LICHENIU","robots":{"index":"index","follow":"follow","max-snippet":"max-snippet:-1","max-image-preview":"max-image-preview:large","max-video-preview":"max-video-preview:-1"},"canonical":"https:\/\/www.lichen.pl\/de\/events\/pan-moj-i-bog-moj-rekolekcje-o-milosierdziu-bozym-4\/","og_locale":"de_DE","og_type":"article","og_title":"Pan m\u00f3j i B\u00f3g m\u00f3j - rekolekcje o Mi\u0142osierdziu Bo\u017cym - SANKTUARIUM W LICHENIU","og_description":"Zapisy: Biuro Obs\u0142ugi Pielgrzyma tel.: (+48) 63 270 81 42, (+48) 63 270 81 63 e-mail: lichen@lichen.pl Zobacz opis rekolekcji","og_url":"https:\/\/www.lichen.pl\/de\/events\/pan-moj-i-bog-moj-rekolekcje-o-milosierdziu-bozym-4\/","og_site_name":"SANKTUARIUM W LICHENIU","article_modified_time":"2025-10-30T12:43:17+00:00","twitter_card":"summary_large_image","twitter_misc":{"Gesch\u00e4tzte Lesezeit":"1\u00a0Minute"},"schema":{"@context":"https:\/\/schema.org","@graph":[{"@type":"WebPage","@id":"https:\/\/www.lichen.pl\/events\/pan-moj-i-bog-moj-rekolekcje-o-milosierdziu-bozym-4\/","url":"https:\/\/www.lichen.pl\/events\/pan-moj-i-bog-moj-rekolekcje-o-milosierdziu-bozym-4\/","name":"Pan m\u00f3j i B\u00f3g m\u00f3j - rekolekcje o Mi\u0142osierdziu Bo\u017cym - SANKTUARIUM W LICHENIU","isPartOf":{"@id":"https:\/\/www.lichen.pl\/fr\/#website"},"primaryImageOfPage":{"@id":"https:\/\/www.lichen.pl\/events\/pan-moj-i-bog-moj-rekolekcje-o-milosierdziu-bozym-4\/#primaryimage"},"image":{"@id":"https:\/\/www.lichen.pl\/events\/pan-moj-i-bog-moj-rekolekcje-o-milosierdziu-bozym-4\/#primaryimage"},"thumbnailUrl":"https:\/\/www.lichen.pl\/wp-content\/uploads\/2025\/10\/1-Rekolekcje-o-Bozym-Milosierdziu-2026-002-1-212x300.jpg","datePublished":"2025-10-02T13:02:47+00:00","dateModified":"2025-10-30T12:43:17+00:00","breadcrumb":{"@id":"https:\/\/www.lichen.pl\/events\/pan-moj-i-bog-moj-rekolekcje-o-milosierdziu-bozym-4\/#breadcrumb"},"inLanguage":"de","potentialAction":[{"@type":"ReadAction","target":["https:\/\/www.lichen.pl\/events\/pan-moj-i-bog-moj-rekolekcje-o-milosierdziu-bozym-4\/"]}]},{"@type":"ImageObject","inLanguage":"de","@id":"https:\/\/www.lichen.pl\/events\/pan-moj-i-bog-moj-rekolekcje-o-milosierdziu-bozym-4\/#primaryimage","url":"https:\/\/www.lichen.pl\/wp-content\/uploads\/2025\/10\/1-Rekolekcje-o-Bozym-Milosierdziu-2026-002-1-212x300.jpg","contentUrl":"https:\/\/www.lichen.pl\/wp-content\/uploads\/2025\/10\/1-Rekolekcje-o-Bozym-Milosierdziu-2026-002-1-212x300.jpg"},{"@type":"BreadcrumbList","@id":"https:\/\/www.lichen.pl\/events\/pan-moj-i-bog-moj-rekolekcje-o-milosierdziu-bozym-4\/#breadcrumb","itemListElement":[{"@type":"ListItem","position":1,"name":"Strona g\u0142\u00f3wna","item":"https:\/\/www.lichen.pl\/"},{"@type":"ListItem","position":2,"name":"Events","item":"http:\/\/www.lichen.pl\/en\/events\/"},{"@type":"ListItem","position":3,"name":"Pan m\u00f3j i B\u00f3g m\u00f3j &#8211; rekolekcje o Mi\u0142osierdziu Bo\u017cym"}]},{"@type":"WebSite","@id":"https:\/\/www.lichen.pl\/fr\/#website","url":"https:\/\/www.lichen.pl\/fr\/","name":"HEILIGTUM IN LICHENIEN","description":"DIE TRAURIGE K\u00d6NIGIN UNSERER FLECHEN VON POLEN","potentialAction":[{"@type":"SearchAction","target":{"@type":"EntryPoint","urlTemplate":"https:\/\/www.lichen.pl\/fr\/?s={search_term_string}"},"query-input":{"@type":"PropertyValueSpecification","valueRequired":true,"valueName":"search_term_string"}}],"inLanguage":"de"}]}},"_links":{"self":[{"href":"https:\/\/www.lichen.pl\/de\/wp-json\/wp\/v2\/ajde_events\/89998","targetHints":{"allow":["GET"]}}],"collection":[{"href":"https:\/\/www.lichen.pl\/de\/wp-json\/wp\/v2\/ajde_events"}],"about":[{"href":"https:\/\/www.lichen.pl\/de\/wp-json\/wp\/v2\/types\/ajde_events"}],"author":[{"embeddable":true,"href":"https:\/\/www.lichen.pl\/de\/wp-json\/wp\/v2\/users\/7"}],"replies":[{"embeddable":true,"href":"https:\/\/www.lichen.pl\/de\/wp-json\/wp\/v2\/comments?post=89998"}],"version-history":[{"count":5,"href":"https:\/\/www.lichen.pl\/de\/wp-json\/wp\/v2\/ajde_events\/89998\/revisions"}],"predecessor-version":[{"id":91887,"href":"https:\/\/www.lichen.pl\/de\/wp-json\/wp\/v2\/ajde_events\/89998\/revisions\/91887"}],"wp:featuredmedia":[{"embeddable":true,"href":"https:\/\/www.lichen.pl\/de\/wp-json\/"}],"wp:attachment":[{"href":"https:\/\/www.lichen.pl\/de\/wp-json\/wp\/v2\/media?parent=89998"}],"wp:term":[{"taxonomy":"post_tag","embeddable":true,"href":"https:\/\/www.lichen.pl\/de\/wp-json\/wp\/v2\/tags?post=89998"},{"taxonomy":"event_type","embeddable":true,"href":"https:\/\/www.lichen.pl\/de\/wp-json\/wp\/v2\/event_type?post=89998"},{"taxonomy":"event_type_2","embeddable":true,"href":"https:\/\/www.lichen.pl\/de\/wp-json\/wp\/v2\/event_type_2?post=89998"}],"curies":[{"name":"wp","href":"https:\/\/api.w.org\/{rel}","templated":true}]}}

Pan mój i Bóg mój &#8211; rekolekcje o Miłosierdziu Bożym

<p><a href="https://www.lichen.pl/wp-content/uploads/2025/10/1-Rekolekcje-o-Bozym-Milosierdziu-2026-002-1.jpg"><img fetchpriority="high" decoding="async" class="aligncenter wp-image-91885 size-medium" src="https://www.lichen.pl/wp-content/uploads/2025/10/1-Rekolekcje-o-Bozym-Milosierdziu-2026-002-1-212x300.jpg" alt="" width="212" height="300" srcset="https://www.lichen.pl/wp-content/uploads/2025/10/1-Rekolekcje-o-Bozym-Milosierdziu-2026-002-1-212x300.jpg 212w, https://www.lichen.pl/wp-content/uploads/2025/10/1-Rekolekcje-o-Bozym-Milosierdziu-2026-002-1-724x1024.jpg 724w, https://www.lichen.pl/wp-content/uploads/2025/10/1-Rekolekcje-o-Bozym-Milosierdziu-2026-002-1-768x1086.jpg 768w, https://www.lichen.pl/wp-content/uploads/2025/10/1-Rekolekcje-o-Bozym-Milosierdziu-2026-002-1-1086x1536.jpg 1086w, https://www.lichen.pl/wp-content/uploads/2025/10/1-Rekolekcje-o-Bozym-Milosierdziu-2026-002-1-1448x2048.jpg 1448w, https://www.lichen.pl/wp-content/uploads/2025/10/1-Rekolekcje-o-Bozym-Milosierdziu-2026-002-1-8x12.jpg 8w, https://www.lichen.pl/wp-content/uploads/2025/10/1-Rekolekcje-o-Bozym-Milosierdziu-2026-002-1-800x1131.jpg 800w, https://www.lichen.pl/wp-content/uploads/2025/10/1-Rekolekcje-o-Bozym-Milosierdziu-2026-002-1.jpg 905w" sizes="(max-width: 212px) 100vw, 212px" /></a></p>
<p style="text-align: center;">Einschreibung: <a href="https://www.lichen.pl/de/biuro-obslugi-pielgrzyma/" target="_blank" rel="noopener">Pilgerservicebüro</a><br />
tel.: (+48) 63 270 81 42, (+48) 63 270 81 63<br />
E-Mail: lichen@lichen.pl</p>
<p style="text-align: center;"><a href="https://www.lichen.pl/de/pan-moj-i-bog-moj-rekolekcje-o-milosierdziu-bozym/" target="_blank" rel="noopener">Siehe die Beschreibung des Retreats </a></p>

<!-- This site is optimized with the Yoast SEO plugin v27.4 - https://yoast.com/product/yoast-seo-wordpress/ -->
<title>Pan mój i Bóg mój - rekolekcje o Miłosierdziu Bożym - SANKTUARIUM W LICHENIU</title>
<meta name="robots" content="index, follow, max-snippet:-1, max-image-preview:large, max-video-preview:-1" />
<link rel="canonical" href="https://www.lichen.pl/de/events/pan-moj-i-bog-moj-rekolekcje-o-milosierdziu-bozym-4/" />
<meta property="og:locale" content="de_DE" />
<meta property="og:type" content="article" />
<meta property="og:title" content="Pan mój i Bóg mój - rekolekcje o Miłosierdziu Bożym - SANKTUARIUM W LICHENIU" />
<meta property="og:description" content="Zapisy: Biuro Obsługi Pielgrzyma tel.: (+48) 63 270 81 42, (+48) 63 270 81 63 e-mail: lichen@lichen.pl Zobacz opis rekolekcji" />
<meta property="og:url" content="https://www.lichen.pl/de/events/pan-moj-i-bog-moj-rekolekcje-o-milosierdziu-bozym-4/" />
<meta property="og:site_name" content="SANKTUARIUM W LICHENIU" />
<meta property="article:modified_time" content="2025-10-30T12:43:17+00:00" />
<meta name="twitter:card" content="summary_large_image" />
<meta name="twitter:label1" content="Geschätzte Lesezeit" />
	<meta name="twitter:data1" content="1 Minute" />
<script type="application/ld+json" class="yoast-schema-graph">{"@context":"https:\/\/schema.org","@graph":[{"@type":"WebPage","@id":"https:\/\/www.lichen.pl\/events\/pan-moj-i-bog-moj-rekolekcje-o-milosierdziu-bozym-4\/","url":"https:\/\/www.lichen.pl\/events\/pan-moj-i-bog-moj-rekolekcje-o-milosierdziu-bozym-4\/","name":"Pan mój i Bóg mój - rekolekcje o Miłosierdziu Bożym - SANKTUARIUM W LICHENIU","isPartOf":{"@id":"https:\/\/www.lichen.pl\/fr\/#website"},"primaryImageOfPage":{"@id":"https:\/\/www.lichen.pl\/events\/pan-moj-i-bog-moj-rekolekcje-o-milosierdziu-bozym-4\/#primaryimage"},"image":{"@id":"https:\/\/www.lichen.pl\/events\/pan-moj-i-bog-moj-rekolekcje-o-milosierdziu-bozym-4\/#primaryimage"},"thumbnailUrl":"https:\/\/www.lichen.pl\/wp-content\/uploads\/2025\/10\/1-Rekolekcje-o-Bozym-Milosierdziu-2026-002-1-212x300.jpg","datePublished":"2025-10-02T13:02:47+00:00","dateModified":"2025-10-30T12:43:17+00:00","breadcrumb":{"@id":"https:\/\/www.lichen.pl\/events\/pan-moj-i-bog-moj-rekolekcje-o-milosierdziu-bozym-4\/#breadcrumb"},"inLanguage":"de","potentialAction":[{"@type":"ReadAction","target":["https:\/\/www.lichen.pl\/events\/pan-moj-i-bog-moj-rekolekcje-o-milosierdziu-bozym-4\/"]}]},{"@type":"ImageObject","inLanguage":"de","@id":"https:\/\/www.lichen.pl\/events\/pan-moj-i-bog-moj-rekolekcje-o-milosierdziu-bozym-4\/#primaryimage","url":"https:\/\/www.lichen.pl\/wp-content\/uploads\/2025\/10\/1-Rekolekcje-o-Bozym-Milosierdziu-2026-002-1-212x300.jpg","contentUrl":"https:\/\/www.lichen.pl\/wp-content\/uploads\/2025\/10\/1-Rekolekcje-o-Bozym-Milosierdziu-2026-002-1-212x300.jpg"},{"@type":"BreadcrumbList","@id":"https:\/\/www.lichen.pl\/events\/pan-moj-i-bog-moj-rekolekcje-o-milosierdziu-bozym-4\/#breadcrumb","itemListElement":[{"@type":"ListItem","position":1,"name":"Strona główna","item":"https:\/\/www.lichen.pl\/"},{"@type":"ListItem","position":2,"name":"Events","item":"http:\/\/www.lichen.pl\/en\/events\/"},{"@type":"ListItem","position":3,"name":"Pan mój i Bóg mój &#8211; rekolekcje o Miłosierdziu Bożym"}]},{"@type":"WebSite","@id":"https:\/\/www.lichen.pl\/fr\/#website","url":"https:\/\/www.lichen.pl\/fr\/","name":"SANKTUARIUM W LICHENIU","description":"MATKI BOŻEJ LICHEŃSKIEJ BOLESNEJ KRÓLOWEJ POLSKI","potentialAction":[{"@type":"SearchAction","target":{"@type":"EntryPoint","urlTemplate":"https:\/\/www.lichen.pl\/fr\/?s={search_term_string}"},"query-input":{"@type":"PropertyValueSpecification","valueRequired":true,"valueName":"search_term_string"}}],"inLanguage":"de"}]}</script>
<!-- / Yoast SEO plugin. -->

Pan mój i Bóg mój - rekolekcje o Miłosierdziu Bożym - SANKTUARIUM W LICHENIU

Zapisy: Biuro Obsługi Pielgrzyma tel.: (+48) 63 270 81 42, (+48) 63 270 81 63 e-mail: lichen@lichen.pl Zobacz opis rekolekcji

Strona główna

DIE TRAURIGE KÖNIGIN UNSERER FLECHEN VON POLEN
