{"id":95603,"date":"2026-01-09T12:00:40","date_gmt":"2026-01-09T11:00:40","guid":{"rendered":"https:\/\/www.lichen.pl\/events\/kurs-ewangelizacyjny-jan-4\/"},"modified":"2026-01-09T12:01:10","modified_gmt":"2026-01-09T11:01:10","slug":"kurs-ewangelizacyjny-jan-4","status":"publish","type":"ajde_events","link":"https:\/\/www.lichen.pl\/de\/events\/kurs-ewangelizacyjny-jan-4\/","title":{"rendered":"Kurs ewangelizacyjny &#8220;Jan&#8221;"},"content":{"rendered":"<p style=\"text-align: center;\">Organizator: Wsp\u00f3lnota <a href=\"http:\/\/ekipadlajezusa.pl\/\" target=\"_blank\" rel=\"noopener\">Ein Team f\u00fcr Jesus<\/a><\/p>\n<p>&nbsp;<\/p>\n<p>&nbsp;<\/p>\n<p>&nbsp;<\/p>\n<p>&nbsp;<\/p>","protected":false},"author":7,"featured_media":-1,"menu_order":0,"comment_status":"open","ping_status":"closed","template":"","meta":[],"tags":[],"event_type":[53,54],"event_type_2":[],"class_list":["post-95603","ajde_events","type-ajde_events","status-publish","has-post-thumbnail","hentry","event_type-kalendarz-wydarzen","event_type-rekolekcje","wpbf-post"],"yoast_head":"<!-- This site is optimized with the Yoast SEO plugin v27.4 - https:\/\/yoast.com\/product\/yoast-seo-wordpress\/ -->\n<title>Kurs ewangelizacyjny &quot;Jan&quot; - SANKTUARIUM W LICHENIU<\/title>\n<meta name=\"robots\" content=\"index, follow, max-snippet:-1, max-image-preview:large, max-video-preview:-1\" \/>\n<link rel=\"canonical\" href=\"https:\/\/www.lichen.pl\/de\/events\/kurs-ewangelizacyjny-jan-4\/\" \/>\n<meta property=\"og:locale\" content=\"de_DE\" \/>\n<meta property=\"og:type\" content=\"article\" \/>\n<meta property=\"og:title\" content=\"Kurs ewangelizacyjny &quot;Jan&quot; - SANKTUARIUM W LICHENIU\" \/>\n<meta property=\"og:description\" content=\"Organizator: Wsp\u00f3lnota Ekipa dla Jezusa &nbsp; &nbsp; &nbsp; &nbsp;\" \/>\n<meta property=\"og:url\" content=\"https:\/\/www.lichen.pl\/de\/events\/kurs-ewangelizacyjny-jan-4\/\" \/>\n<meta property=\"og:site_name\" content=\"SANKTUARIUM W LICHENIU\" \/>\n<meta property=\"article:modified_time\" content=\"2026-01-09T11:01:10+00:00\" \/>\n<meta name=\"twitter:card\" content=\"summary_large_image\" \/>\n<meta name=\"twitter:label1\" content=\"Gesch\u00e4tzte Lesezeit\" \/>\n\t<meta name=\"twitter:data1\" content=\"1\u00a0Minute\" \/>\n<script type=\"application\/ld+json\" class=\"yoast-schema-graph\">{\"@context\":\"https:\\\/\\\/schema.org\",\"@graph\":[{\"@type\":\"WebPage\",\"@id\":\"https:\\\/\\\/www.lichen.pl\\\/events\\\/kurs-ewangelizacyjny-jan-4\\\/\",\"url\":\"https:\\\/\\\/www.lichen.pl\\\/events\\\/kurs-ewangelizacyjny-jan-4\\\/\",\"name\":\"Kurs ewangelizacyjny \\\"Jan\\\" - SANKTUARIUM W LICHENIU\",\"isPartOf\":{\"@id\":\"https:\\\/\\\/www.lichen.pl\\\/fr\\\/#website\"},\"datePublished\":\"2026-01-09T11:00:40+00:00\",\"dateModified\":\"2026-01-09T11:01:10+00:00\",\"breadcrumb\":{\"@id\":\"https:\\\/\\\/www.lichen.pl\\\/events\\\/kurs-ewangelizacyjny-jan-4\\\/#breadcrumb\"},\"inLanguage\":\"de\",\"potentialAction\":[{\"@type\":\"ReadAction\",\"target\":[\"https:\\\/\\\/www.lichen.pl\\\/events\\\/kurs-ewangelizacyjny-jan-4\\\/\"]}]},{\"@type\":\"BreadcrumbList\",\"@id\":\"https:\\\/\\\/www.lichen.pl\\\/events\\\/kurs-ewangelizacyjny-jan-4\\\/#breadcrumb\",\"itemListElement\":[{\"@type\":\"ListItem\",\"position\":1,\"name\":\"Strona g\u0142\u00f3wna\",\"item\":\"https:\\\/\\\/www.lichen.pl\\\/\"},{\"@type\":\"ListItem\",\"position\":2,\"name\":\"Events\",\"item\":\"http:\\\/\\\/www.lichen.pl\\\/en\\\/events\\\/\"},{\"@type\":\"ListItem\",\"position\":3,\"name\":\"Kurs ewangelizacyjny &#8220;Jan&#8221;\"}]},{\"@type\":\"WebSite\",\"@id\":\"https:\\\/\\\/www.lichen.pl\\\/fr\\\/#website\",\"url\":\"https:\\\/\\\/www.lichen.pl\\\/fr\\\/\",\"name\":\"SANKTUARIUM W LICHENIU\",\"description\":\"MATKI BO\u017bEJ LICHE\u0143SKIEJ BOLESNEJ KR\u00d3LOWEJ POLSKI\",\"potentialAction\":[{\"@type\":\"SearchAction\",\"target\":{\"@type\":\"EntryPoint\",\"urlTemplate\":\"https:\\\/\\\/www.lichen.pl\\\/fr\\\/?s={search_term_string}\"},\"query-input\":{\"@type\":\"PropertyValueSpecification\",\"valueRequired\":true,\"valueName\":\"search_term_string\"}}],\"inLanguage\":\"de\"}]}<\/script>\n<!-- \/ Yoast SEO plugin. -->","yoast_head_json":{"title":"Kurs ewangelizacyjny \"Jan\" - SANKTUARIUM W LICHENIU","robots":{"index":"index","follow":"follow","max-snippet":"max-snippet:-1","max-image-preview":"max-image-preview:large","max-video-preview":"max-video-preview:-1"},"canonical":"https:\/\/www.lichen.pl\/de\/events\/kurs-ewangelizacyjny-jan-4\/","og_locale":"de_DE","og_type":"article","og_title":"Kurs ewangelizacyjny \"Jan\" - SANKTUARIUM W LICHENIU","og_description":"Organizator: Wsp\u00f3lnota Ekipa dla Jezusa &nbsp; &nbsp; &nbsp; &nbsp;","og_url":"https:\/\/www.lichen.pl\/de\/events\/kurs-ewangelizacyjny-jan-4\/","og_site_name":"SANKTUARIUM W LICHENIU","article_modified_time":"2026-01-09T11:01:10+00:00","twitter_card":"summary_large_image","twitter_misc":{"Gesch\u00e4tzte Lesezeit":"1\u00a0Minute"},"schema":{"@context":"https:\/\/schema.org","@graph":[{"@type":"WebPage","@id":"https:\/\/www.lichen.pl\/events\/kurs-ewangelizacyjny-jan-4\/","url":"https:\/\/www.lichen.pl\/events\/kurs-ewangelizacyjny-jan-4\/","name":"Kurs ewangelizacyjny \"Jan\" - SANKTUARIUM W LICHENIU","isPartOf":{"@id":"https:\/\/www.lichen.pl\/fr\/#website"},"datePublished":"2026-01-09T11:00:40+00:00","dateModified":"2026-01-09T11:01:10+00:00","breadcrumb":{"@id":"https:\/\/www.lichen.pl\/events\/kurs-ewangelizacyjny-jan-4\/#breadcrumb"},"inLanguage":"de","potentialAction":[{"@type":"ReadAction","target":["https:\/\/www.lichen.pl\/events\/kurs-ewangelizacyjny-jan-4\/"]}]},{"@type":"BreadcrumbList","@id":"https:\/\/www.lichen.pl\/events\/kurs-ewangelizacyjny-jan-4\/#breadcrumb","itemListElement":[{"@type":"ListItem","position":1,"name":"Strona g\u0142\u00f3wna","item":"https:\/\/www.lichen.pl\/"},{"@type":"ListItem","position":2,"name":"Events","item":"http:\/\/www.lichen.pl\/en\/events\/"},{"@type":"ListItem","position":3,"name":"Kurs ewangelizacyjny &#8220;Jan&#8221;"}]},{"@type":"WebSite","@id":"https:\/\/www.lichen.pl\/fr\/#website","url":"https:\/\/www.lichen.pl\/fr\/","name":"HEILIGTUM IN LICHENIEN","description":"DIE TRAURIGE K\u00d6NIGIN UNSERER FLECHEN VON POLEN","potentialAction":[{"@type":"SearchAction","target":{"@type":"EntryPoint","urlTemplate":"https:\/\/www.lichen.pl\/fr\/?s={search_term_string}"},"query-input":{"@type":"PropertyValueSpecification","valueRequired":true,"valueName":"search_term_string"}}],"inLanguage":"de"}]}},"_links":{"self":[{"href":"https:\/\/www.lichen.pl\/de\/wp-json\/wp\/v2\/ajde_events\/95603","targetHints":{"allow":["GET"]}}],"collection":[{"href":"https:\/\/www.lichen.pl\/de\/wp-json\/wp\/v2\/ajde_events"}],"about":[{"href":"https:\/\/www.lichen.pl\/de\/wp-json\/wp\/v2\/types\/ajde_events"}],"author":[{"embeddable":true,"href":"https:\/\/www.lichen.pl\/de\/wp-json\/wp\/v2\/users\/7"}],"replies":[{"embeddable":true,"href":"https:\/\/www.lichen.pl\/de\/wp-json\/wp\/v2\/comments?post=95603"}],"version-history":[{"count":1,"href":"https:\/\/www.lichen.pl\/de\/wp-json\/wp\/v2\/ajde_events\/95603\/revisions"}],"predecessor-version":[{"id":95604,"href":"https:\/\/www.lichen.pl\/de\/wp-json\/wp\/v2\/ajde_events\/95603\/revisions\/95604"}],"wp:featuredmedia":[{"embeddable":true,"href":"https:\/\/www.lichen.pl\/de\/wp-json\/"}],"wp:attachment":[{"href":"https:\/\/www.lichen.pl\/de\/wp-json\/wp\/v2\/media?parent=95603"}],"wp:term":[{"taxonomy":"post_tag","embeddable":true,"href":"https:\/\/www.lichen.pl\/de\/wp-json\/wp\/v2\/tags?post=95603"},{"taxonomy":"event_type","embeddable":true,"href":"https:\/\/www.lichen.pl\/de\/wp-json\/wp\/v2\/event_type?post=95603"},{"taxonomy":"event_type_2","embeddable":true,"href":"https:\/\/www.lichen.pl\/de\/wp-json\/wp\/v2\/event_type_2?post=95603"}],"curies":[{"name":"wp","href":"https:\/\/api.w.org\/{rel}","templated":true}]}}

<p style="text-align: center;">Organizator: Wspólnota <a href="http://ekipadlajezusa.pl/" target="_blank" rel="noopener">Ein Team für Jesus</a></p>
<p>&nbsp;</p>
<p>&nbsp;</p>
<p>&nbsp;</p>
<p>&nbsp;</p>

<!-- This site is optimized with the Yoast SEO plugin v27.4 - https://yoast.com/product/yoast-seo-wordpress/ -->
<title>Kurs ewangelizacyjny &quot;Jan&quot; - SANKTUARIUM W LICHENIU</title>
<meta name="robots" content="index, follow, max-snippet:-1, max-image-preview:large, max-video-preview:-1" />
<link rel="canonical" href="https://www.lichen.pl/de/events/kurs-ewangelizacyjny-jan-4/" />
<meta property="og:locale" content="de_DE" />
<meta property="og:type" content="article" />
<meta property="og:title" content="Kurs ewangelizacyjny &quot;Jan&quot; - SANKTUARIUM W LICHENIU" />
<meta property="og:description" content="Organizator: Wspólnota Ekipa dla Jezusa &nbsp; &nbsp; &nbsp; &nbsp;" />
<meta property="og:url" content="https://www.lichen.pl/de/events/kurs-ewangelizacyjny-jan-4/" />
<meta property="og:site_name" content="SANKTUARIUM W LICHENIU" />
<meta property="article:modified_time" content="2026-01-09T11:01:10+00:00" />
<meta name="twitter:card" content="summary_large_image" />
<meta name="twitter:label1" content="Geschätzte Lesezeit" />
	<meta name="twitter:data1" content="1 Minute" />
<script type="application/ld+json" class="yoast-schema-graph">{"@context":"https:\/\/schema.org","@graph":[{"@type":"WebPage","@id":"https:\/\/www.lichen.pl\/events\/kurs-ewangelizacyjny-jan-4\/","url":"https:\/\/www.lichen.pl\/events\/kurs-ewangelizacyjny-jan-4\/","name":"Kurs ewangelizacyjny \"Jan\" - SANKTUARIUM W LICHENIU","isPartOf":{"@id":"https:\/\/www.lichen.pl\/fr\/#website"},"datePublished":"2026-01-09T11:00:40+00:00","dateModified":"2026-01-09T11:01:10+00:00","breadcrumb":{"@id":"https:\/\/www.lichen.pl\/events\/kurs-ewangelizacyjny-jan-4\/#breadcrumb"},"inLanguage":"de","potentialAction":[{"@type":"ReadAction","target":["https:\/\/www.lichen.pl\/events\/kurs-ewangelizacyjny-jan-4\/"]}]},{"@type":"BreadcrumbList","@id":"https:\/\/www.lichen.pl\/events\/kurs-ewangelizacyjny-jan-4\/#breadcrumb","itemListElement":[{"@type":"ListItem","position":1,"name":"Strona główna","item":"https:\/\/www.lichen.pl\/"},{"@type":"ListItem","position":2,"name":"Events","item":"http:\/\/www.lichen.pl\/en\/events\/"},{"@type":"ListItem","position":3,"name":"Kurs ewangelizacyjny &#8220;Jan&#8221;"}]},{"@type":"WebSite","@id":"https:\/\/www.lichen.pl\/fr\/#website","url":"https:\/\/www.lichen.pl\/fr\/","name":"SANKTUARIUM W LICHENIU","description":"MATKI BOŻEJ LICHEŃSKIEJ BOLESNEJ KRÓLOWEJ POLSKI","potentialAction":[{"@type":"SearchAction","target":{"@type":"EntryPoint","urlTemplate":"https:\/\/www.lichen.pl\/fr\/?s={search_term_string}"},"query-input":{"@type":"PropertyValueSpecification","valueRequired":true,"valueName":"search_term_string"}}],"inLanguage":"de"}]}</script>
<!-- / Yoast SEO plugin. -->

Organizator: Wspólnota Ekipa dla Jezusa &nbsp; &nbsp; &nbsp; &nbsp;

Strona główna

DIE TRAURIGE KÖNIGIN UNSERER FLECHEN VON POLEN
