{"id":95957,"date":"2026-01-20T13:25:07","date_gmt":"2026-01-20T12:25:07","guid":{"rendered":"https:\/\/www.lichen.pl\/events\/w-pokorze-przed-panem-rekolekcje-o-adoracji-i-z-adoracja\/"},"modified":"2026-01-24T09:53:08","modified_gmt":"2026-01-24T08:53:08","slug":"w-pokorze-przed-panem-rekolekcje-o-adoracji-i-z-adoracja","status":"publish","type":"ajde_events","link":"https:\/\/www.lichen.pl\/de\/events\/w-pokorze-przed-panem-rekolekcje-o-adoracji-i-z-adoracja\/","title":{"rendered":"&#8220;W pokorze przed Panem&#8221; &#8211; rekolekcje o adoracji i z adoracj\u0105"},"content":{"rendered":"<p><a href=\"https:\/\/www.lichen.pl\/wp-content\/uploads\/2026\/01\/W-pokorze-przed-Panem-21-23.08-mn.roz_.jpg\"><img fetchpriority=\"high\" decoding=\"async\" class=\"aligncenter wp-image-95994 size-medium\" src=\"https:\/\/www.lichen.pl\/wp-content\/uploads\/2026\/01\/W-pokorze-przed-Panem-21-23.08-mn.roz_-240x300.jpg\" alt=\"\" width=\"240\" height=\"300\" srcset=\"https:\/\/www.lichen.pl\/wp-content\/uploads\/2026\/01\/W-pokorze-przed-Panem-21-23.08-mn.roz_-240x300.jpg 240w, https:\/\/www.lichen.pl\/wp-content\/uploads\/2026\/01\/W-pokorze-przed-Panem-21-23.08-mn.roz_-819x1024.jpg 819w, https:\/\/www.lichen.pl\/wp-content\/uploads\/2026\/01\/W-pokorze-przed-Panem-21-23.08-mn.roz_-768x960.jpg 768w, https:\/\/www.lichen.pl\/wp-content\/uploads\/2026\/01\/W-pokorze-przed-Panem-21-23.08-mn.roz_-10x12.jpg 10w, https:\/\/www.lichen.pl\/wp-content\/uploads\/2026\/01\/W-pokorze-przed-Panem-21-23.08-mn.roz_-800x1000.jpg 800w, https:\/\/www.lichen.pl\/wp-content\/uploads\/2026\/01\/W-pokorze-przed-Panem-21-23.08-mn.roz_.jpg 1024w\" sizes=\"(max-width: 240px) 100vw, 240px\" \/><\/a><\/p>\n<p style=\"text-align: center;\">Einschreibung: <span style=\"text-decoration: underline; color: #0000ff;\"><a style=\"color: #0000ff; text-decoration: underline;\" href=\"https:\/\/www.lichen.pl\/de\/biuro-obslugi-pielgrzyma\/\" target=\"_blank\" rel=\"noopener\">Pilgerserviceb\u00fcro<\/a><\/span><br \/>\ntel.: (+48) 63 270 81 63, (+48) 63 270 81 42<br \/>\nE-Mail: lichen@lichen.pl<\/p>\n<p style=\"text-align: center;\"><a href=\"https:\/\/www.lichen.pl\/de\/w-pokorze-przed-panem-rekolekcje-o-adoracji-i-z-adoracja\/\">Siehe die Beschreibung des Retreats<\/a><\/p>\n<p>&nbsp;<\/p>","protected":false},"author":7,"featured_media":-1,"menu_order":0,"comment_status":"open","ping_status":"closed","template":"","meta":[],"tags":[],"event_type":[54],"event_type_2":[],"class_list":["post-95957","ajde_events","type-ajde_events","status-publish","has-post-thumbnail","hentry","event_type-rekolekcje","wpbf-post"],"yoast_head":"<!-- This site is optimized with the Yoast SEO plugin v27.4 - https:\/\/yoast.com\/product\/yoast-seo-wordpress\/ -->\n<title>&quot;W pokorze przed Panem&quot; - rekolekcje o adoracji i z adoracj\u0105 - SANKTUARIUM W LICHENIU<\/title>\n<meta name=\"robots\" content=\"index, follow, max-snippet:-1, max-image-preview:large, max-video-preview:-1\" \/>\n<link rel=\"canonical\" href=\"https:\/\/www.lichen.pl\/de\/events\/w-pokorze-przed-panem-rekolekcje-o-adoracji-i-z-adoracja\/\" \/>\n<meta property=\"og:locale\" content=\"de_DE\" \/>\n<meta property=\"og:type\" content=\"article\" \/>\n<meta property=\"og:title\" content=\"&quot;W pokorze przed Panem&quot; - rekolekcje o adoracji i z adoracj\u0105 - SANKTUARIUM W LICHENIU\" \/>\n<meta property=\"og:description\" content=\"Zapisy: Biuro Obs\u0142ugi Pielgrzyma tel.: (+48) 63 270 81 63, (+48) 63 270 81 42 e-mail: lichen@lichen.pl Zobacz opis rekolekcji &nbsp;\" \/>\n<meta property=\"og:url\" content=\"https:\/\/www.lichen.pl\/de\/events\/w-pokorze-przed-panem-rekolekcje-o-adoracji-i-z-adoracja\/\" \/>\n<meta property=\"og:site_name\" content=\"SANKTUARIUM W LICHENIU\" \/>\n<meta property=\"article:modified_time\" content=\"2026-01-24T08:53:08+00:00\" \/>\n<meta name=\"twitter:card\" content=\"summary_large_image\" \/>\n<meta name=\"twitter:label1\" content=\"Gesch\u00e4tzte Lesezeit\" \/>\n\t<meta name=\"twitter:data1\" content=\"1\u00a0Minute\" \/>\n<script type=\"application\/ld+json\" class=\"yoast-schema-graph\">{\"@context\":\"https:\\\/\\\/schema.org\",\"@graph\":[{\"@type\":\"WebPage\",\"@id\":\"https:\\\/\\\/www.lichen.pl\\\/events\\\/w-pokorze-przed-panem-rekolekcje-o-adoracji-i-z-adoracja\\\/\",\"url\":\"https:\\\/\\\/www.lichen.pl\\\/events\\\/w-pokorze-przed-panem-rekolekcje-o-adoracji-i-z-adoracja\\\/\",\"name\":\"\\\"W pokorze przed Panem\\\" - rekolekcje o adoracji i z adoracj\u0105 - SANKTUARIUM W LICHENIU\",\"isPartOf\":{\"@id\":\"https:\\\/\\\/www.lichen.pl\\\/fr\\\/#website\"},\"primaryImageOfPage\":{\"@id\":\"https:\\\/\\\/www.lichen.pl\\\/events\\\/w-pokorze-przed-panem-rekolekcje-o-adoracji-i-z-adoracja\\\/#primaryimage\"},\"image\":{\"@id\":\"https:\\\/\\\/www.lichen.pl\\\/events\\\/w-pokorze-przed-panem-rekolekcje-o-adoracji-i-z-adoracja\\\/#primaryimage\"},\"thumbnailUrl\":\"https:\\\/\\\/www.lichen.pl\\\/wp-content\\\/uploads\\\/2026\\\/01\\\/W-pokorze-przed-Panem-21-23.08-mn.roz_-240x300.jpg\",\"datePublished\":\"2026-01-20T12:25:07+00:00\",\"dateModified\":\"2026-01-24T08:53:08+00:00\",\"breadcrumb\":{\"@id\":\"https:\\\/\\\/www.lichen.pl\\\/events\\\/w-pokorze-przed-panem-rekolekcje-o-adoracji-i-z-adoracja\\\/#breadcrumb\"},\"inLanguage\":\"de\",\"potentialAction\":[{\"@type\":\"ReadAction\",\"target\":[\"https:\\\/\\\/www.lichen.pl\\\/events\\\/w-pokorze-przed-panem-rekolekcje-o-adoracji-i-z-adoracja\\\/\"]}]},{\"@type\":\"ImageObject\",\"inLanguage\":\"de\",\"@id\":\"https:\\\/\\\/www.lichen.pl\\\/events\\\/w-pokorze-przed-panem-rekolekcje-o-adoracji-i-z-adoracja\\\/#primaryimage\",\"url\":\"https:\\\/\\\/www.lichen.pl\\\/wp-content\\\/uploads\\\/2026\\\/01\\\/W-pokorze-przed-Panem-21-23.08-mn.roz_-240x300.jpg\",\"contentUrl\":\"https:\\\/\\\/www.lichen.pl\\\/wp-content\\\/uploads\\\/2026\\\/01\\\/W-pokorze-przed-Panem-21-23.08-mn.roz_-240x300.jpg\"},{\"@type\":\"BreadcrumbList\",\"@id\":\"https:\\\/\\\/www.lichen.pl\\\/events\\\/w-pokorze-przed-panem-rekolekcje-o-adoracji-i-z-adoracja\\\/#breadcrumb\",\"itemListElement\":[{\"@type\":\"ListItem\",\"position\":1,\"name\":\"Strona g\u0142\u00f3wna\",\"item\":\"https:\\\/\\\/www.lichen.pl\\\/\"},{\"@type\":\"ListItem\",\"position\":2,\"name\":\"Events\",\"item\":\"http:\\\/\\\/www.lichen.pl\\\/en\\\/events\\\/\"},{\"@type\":\"ListItem\",\"position\":3,\"name\":\"&#8220;W pokorze przed Panem&#8221; &#8211; rekolekcje o adoracji i z adoracj\u0105\"}]},{\"@type\":\"WebSite\",\"@id\":\"https:\\\/\\\/www.lichen.pl\\\/fr\\\/#website\",\"url\":\"https:\\\/\\\/www.lichen.pl\\\/fr\\\/\",\"name\":\"SANKTUARIUM W LICHENIU\",\"description\":\"MATKI BO\u017bEJ LICHE\u0143SKIEJ BOLESNEJ KR\u00d3LOWEJ POLSKI\",\"potentialAction\":[{\"@type\":\"SearchAction\",\"target\":{\"@type\":\"EntryPoint\",\"urlTemplate\":\"https:\\\/\\\/www.lichen.pl\\\/fr\\\/?s={search_term_string}\"},\"query-input\":{\"@type\":\"PropertyValueSpecification\",\"valueRequired\":true,\"valueName\":\"search_term_string\"}}],\"inLanguage\":\"de\"}]}<\/script>\n<!-- \/ Yoast SEO plugin. -->","yoast_head_json":{"title":"\"W pokorze przed Panem\" - rekolekcje o adoracji i z adoracj\u0105 - SANKTUARIUM W LICHENIU","robots":{"index":"index","follow":"follow","max-snippet":"max-snippet:-1","max-image-preview":"max-image-preview:large","max-video-preview":"max-video-preview:-1"},"canonical":"https:\/\/www.lichen.pl\/de\/events\/w-pokorze-przed-panem-rekolekcje-o-adoracji-i-z-adoracja\/","og_locale":"de_DE","og_type":"article","og_title":"\"W pokorze przed Panem\" - rekolekcje o adoracji i z adoracj\u0105 - SANKTUARIUM W LICHENIU","og_description":"Zapisy: Biuro Obs\u0142ugi Pielgrzyma tel.: (+48) 63 270 81 63, (+48) 63 270 81 42 e-mail: lichen@lichen.pl Zobacz opis rekolekcji &nbsp;","og_url":"https:\/\/www.lichen.pl\/de\/events\/w-pokorze-przed-panem-rekolekcje-o-adoracji-i-z-adoracja\/","og_site_name":"SANKTUARIUM W LICHENIU","article_modified_time":"2026-01-24T08:53:08+00:00","twitter_card":"summary_large_image","twitter_misc":{"Gesch\u00e4tzte Lesezeit":"1\u00a0Minute"},"schema":{"@context":"https:\/\/schema.org","@graph":[{"@type":"WebPage","@id":"https:\/\/www.lichen.pl\/events\/w-pokorze-przed-panem-rekolekcje-o-adoracji-i-z-adoracja\/","url":"https:\/\/www.lichen.pl\/events\/w-pokorze-przed-panem-rekolekcje-o-adoracji-i-z-adoracja\/","name":"\"W pokorze przed Panem\" - rekolekcje o adoracji i z adoracj\u0105 - SANKTUARIUM W LICHENIU","isPartOf":{"@id":"https:\/\/www.lichen.pl\/fr\/#website"},"primaryImageOfPage":{"@id":"https:\/\/www.lichen.pl\/events\/w-pokorze-przed-panem-rekolekcje-o-adoracji-i-z-adoracja\/#primaryimage"},"image":{"@id":"https:\/\/www.lichen.pl\/events\/w-pokorze-przed-panem-rekolekcje-o-adoracji-i-z-adoracja\/#primaryimage"},"thumbnailUrl":"https:\/\/www.lichen.pl\/wp-content\/uploads\/2026\/01\/W-pokorze-przed-Panem-21-23.08-mn.roz_-240x300.jpg","datePublished":"2026-01-20T12:25:07+00:00","dateModified":"2026-01-24T08:53:08+00:00","breadcrumb":{"@id":"https:\/\/www.lichen.pl\/events\/w-pokorze-przed-panem-rekolekcje-o-adoracji-i-z-adoracja\/#breadcrumb"},"inLanguage":"de","potentialAction":[{"@type":"ReadAction","target":["https:\/\/www.lichen.pl\/events\/w-pokorze-przed-panem-rekolekcje-o-adoracji-i-z-adoracja\/"]}]},{"@type":"ImageObject","inLanguage":"de","@id":"https:\/\/www.lichen.pl\/events\/w-pokorze-przed-panem-rekolekcje-o-adoracji-i-z-adoracja\/#primaryimage","url":"https:\/\/www.lichen.pl\/wp-content\/uploads\/2026\/01\/W-pokorze-przed-Panem-21-23.08-mn.roz_-240x300.jpg","contentUrl":"https:\/\/www.lichen.pl\/wp-content\/uploads\/2026\/01\/W-pokorze-przed-Panem-21-23.08-mn.roz_-240x300.jpg"},{"@type":"BreadcrumbList","@id":"https:\/\/www.lichen.pl\/events\/w-pokorze-przed-panem-rekolekcje-o-adoracji-i-z-adoracja\/#breadcrumb","itemListElement":[{"@type":"ListItem","position":1,"name":"Strona g\u0142\u00f3wna","item":"https:\/\/www.lichen.pl\/"},{"@type":"ListItem","position":2,"name":"Events","item":"http:\/\/www.lichen.pl\/en\/events\/"},{"@type":"ListItem","position":3,"name":"&#8220;W pokorze przed Panem&#8221; &#8211; rekolekcje o adoracji i z adoracj\u0105"}]},{"@type":"WebSite","@id":"https:\/\/www.lichen.pl\/fr\/#website","url":"https:\/\/www.lichen.pl\/fr\/","name":"HEILIGTUM IN LICHENIEN","description":"DIE TRAURIGE K\u00d6NIGIN UNSERER FLECHEN VON POLEN","potentialAction":[{"@type":"SearchAction","target":{"@type":"EntryPoint","urlTemplate":"https:\/\/www.lichen.pl\/fr\/?s={search_term_string}"},"query-input":{"@type":"PropertyValueSpecification","valueRequired":true,"valueName":"search_term_string"}}],"inLanguage":"de"}]}},"_links":{"self":[{"href":"https:\/\/www.lichen.pl\/de\/wp-json\/wp\/v2\/ajde_events\/95957","targetHints":{"allow":["GET"]}}],"collection":[{"href":"https:\/\/www.lichen.pl\/de\/wp-json\/wp\/v2\/ajde_events"}],"about":[{"href":"https:\/\/www.lichen.pl\/de\/wp-json\/wp\/v2\/types\/ajde_events"}],"author":[{"embeddable":true,"href":"https:\/\/www.lichen.pl\/de\/wp-json\/wp\/v2\/users\/7"}],"replies":[{"embeddable":true,"href":"https:\/\/www.lichen.pl\/de\/wp-json\/wp\/v2\/comments?post=95957"}],"version-history":[{"count":2,"href":"https:\/\/www.lichen.pl\/de\/wp-json\/wp\/v2\/ajde_events\/95957\/revisions"}],"predecessor-version":[{"id":95995,"href":"https:\/\/www.lichen.pl\/de\/wp-json\/wp\/v2\/ajde_events\/95957\/revisions\/95995"}],"wp:featuredmedia":[{"embeddable":true,"href":"https:\/\/www.lichen.pl\/de\/wp-json\/"}],"wp:attachment":[{"href":"https:\/\/www.lichen.pl\/de\/wp-json\/wp\/v2\/media?parent=95957"}],"wp:term":[{"taxonomy":"post_tag","embeddable":true,"href":"https:\/\/www.lichen.pl\/de\/wp-json\/wp\/v2\/tags?post=95957"},{"taxonomy":"event_type","embeddable":true,"href":"https:\/\/www.lichen.pl\/de\/wp-json\/wp\/v2\/event_type?post=95957"},{"taxonomy":"event_type_2","embeddable":true,"href":"https:\/\/www.lichen.pl\/de\/wp-json\/wp\/v2\/event_type_2?post=95957"}],"curies":[{"name":"wp","href":"https:\/\/api.w.org\/{rel}","templated":true}]}}

&#8220;W pokorze przed Panem&#8221; &#8211; rekolekcje o adoracji i z adoracją

<p><a href="https://www.lichen.pl/wp-content/uploads/2026/01/W-pokorze-przed-Panem-21-23.08-mn.roz_.jpg"><img fetchpriority="high" decoding="async" class="aligncenter wp-image-95994 size-medium" src="https://www.lichen.pl/wp-content/uploads/2026/01/W-pokorze-przed-Panem-21-23.08-mn.roz_-240x300.jpg" alt="" width="240" height="300" srcset="https://www.lichen.pl/wp-content/uploads/2026/01/W-pokorze-przed-Panem-21-23.08-mn.roz_-240x300.jpg 240w, https://www.lichen.pl/wp-content/uploads/2026/01/W-pokorze-przed-Panem-21-23.08-mn.roz_-819x1024.jpg 819w, https://www.lichen.pl/wp-content/uploads/2026/01/W-pokorze-przed-Panem-21-23.08-mn.roz_-768x960.jpg 768w, https://www.lichen.pl/wp-content/uploads/2026/01/W-pokorze-przed-Panem-21-23.08-mn.roz_-10x12.jpg 10w, https://www.lichen.pl/wp-content/uploads/2026/01/W-pokorze-przed-Panem-21-23.08-mn.roz_-800x1000.jpg 800w, https://www.lichen.pl/wp-content/uploads/2026/01/W-pokorze-przed-Panem-21-23.08-mn.roz_.jpg 1024w" sizes="(max-width: 240px) 100vw, 240px" /></a></p>
<p style="text-align: center;">Einschreibung: <span style="text-decoration: underline; color: #0000ff;"><a style="color: #0000ff; text-decoration: underline;" href="https://www.lichen.pl/de/biuro-obslugi-pielgrzyma/" target="_blank" rel="noopener">Pilgerservicebüro</a></span><br />
tel.: (+48) 63 270 81 63, (+48) 63 270 81 42<br />
E-Mail: lichen@lichen.pl</p>
<p style="text-align: center;"><a href="https://www.lichen.pl/de/w-pokorze-przed-panem-rekolekcje-o-adoracji-i-z-adoracja/">Siehe die Beschreibung des Retreats</a></p>
<p>&nbsp;</p>

<!-- This site is optimized with the Yoast SEO plugin v27.4 - https://yoast.com/product/yoast-seo-wordpress/ -->
<title>&quot;W pokorze przed Panem&quot; - rekolekcje o adoracji i z adoracją - SANKTUARIUM W LICHENIU</title>
<meta name="robots" content="index, follow, max-snippet:-1, max-image-preview:large, max-video-preview:-1" />
<link rel="canonical" href="https://www.lichen.pl/de/events/w-pokorze-przed-panem-rekolekcje-o-adoracji-i-z-adoracja/" />
<meta property="og:locale" content="de_DE" />
<meta property="og:type" content="article" />
<meta property="og:title" content="&quot;W pokorze przed Panem&quot; - rekolekcje o adoracji i z adoracją - SANKTUARIUM W LICHENIU" />
<meta property="og:description" content="Zapisy: Biuro Obsługi Pielgrzyma tel.: (+48) 63 270 81 63, (+48) 63 270 81 42 e-mail: lichen@lichen.pl Zobacz opis rekolekcji &nbsp;" />
<meta property="og:url" content="https://www.lichen.pl/de/events/w-pokorze-przed-panem-rekolekcje-o-adoracji-i-z-adoracja/" />
<meta property="og:site_name" content="SANKTUARIUM W LICHENIU" />
<meta property="article:modified_time" content="2026-01-24T08:53:08+00:00" />
<meta name="twitter:card" content="summary_large_image" />
<meta name="twitter:label1" content="Geschätzte Lesezeit" />
	<meta name="twitter:data1" content="1 Minute" />
<script type="application/ld+json" class="yoast-schema-graph">{"@context":"https:\/\/schema.org","@graph":[{"@type":"WebPage","@id":"https:\/\/www.lichen.pl\/events\/w-pokorze-przed-panem-rekolekcje-o-adoracji-i-z-adoracja\/","url":"https:\/\/www.lichen.pl\/events\/w-pokorze-przed-panem-rekolekcje-o-adoracji-i-z-adoracja\/","name":"\"W pokorze przed Panem\" - rekolekcje o adoracji i z adoracją - SANKTUARIUM W LICHENIU","isPartOf":{"@id":"https:\/\/www.lichen.pl\/fr\/#website"},"primaryImageOfPage":{"@id":"https:\/\/www.lichen.pl\/events\/w-pokorze-przed-panem-rekolekcje-o-adoracji-i-z-adoracja\/#primaryimage"},"image":{"@id":"https:\/\/www.lichen.pl\/events\/w-pokorze-przed-panem-rekolekcje-o-adoracji-i-z-adoracja\/#primaryimage"},"thumbnailUrl":"https:\/\/www.lichen.pl\/wp-content\/uploads\/2026\/01\/W-pokorze-przed-Panem-21-23.08-mn.roz_-240x300.jpg","datePublished":"2026-01-20T12:25:07+00:00","dateModified":"2026-01-24T08:53:08+00:00","breadcrumb":{"@id":"https:\/\/www.lichen.pl\/events\/w-pokorze-przed-panem-rekolekcje-o-adoracji-i-z-adoracja\/#breadcrumb"},"inLanguage":"de","potentialAction":[{"@type":"ReadAction","target":["https:\/\/www.lichen.pl\/events\/w-pokorze-przed-panem-rekolekcje-o-adoracji-i-z-adoracja\/"]}]},{"@type":"ImageObject","inLanguage":"de","@id":"https:\/\/www.lichen.pl\/events\/w-pokorze-przed-panem-rekolekcje-o-adoracji-i-z-adoracja\/#primaryimage","url":"https:\/\/www.lichen.pl\/wp-content\/uploads\/2026\/01\/W-pokorze-przed-Panem-21-23.08-mn.roz_-240x300.jpg","contentUrl":"https:\/\/www.lichen.pl\/wp-content\/uploads\/2026\/01\/W-pokorze-przed-Panem-21-23.08-mn.roz_-240x300.jpg"},{"@type":"BreadcrumbList","@id":"https:\/\/www.lichen.pl\/events\/w-pokorze-przed-panem-rekolekcje-o-adoracji-i-z-adoracja\/#breadcrumb","itemListElement":[{"@type":"ListItem","position":1,"name":"Strona główna","item":"https:\/\/www.lichen.pl\/"},{"@type":"ListItem","position":2,"name":"Events","item":"http:\/\/www.lichen.pl\/en\/events\/"},{"@type":"ListItem","position":3,"name":"&#8220;W pokorze przed Panem&#8221; &#8211; rekolekcje o adoracji i z adoracją"}]},{"@type":"WebSite","@id":"https:\/\/www.lichen.pl\/fr\/#website","url":"https:\/\/www.lichen.pl\/fr\/","name":"SANKTUARIUM W LICHENIU","description":"MATKI BOŻEJ LICHEŃSKIEJ BOLESNEJ KRÓLOWEJ POLSKI","potentialAction":[{"@type":"SearchAction","target":{"@type":"EntryPoint","urlTemplate":"https:\/\/www.lichen.pl\/fr\/?s={search_term_string}"},"query-input":{"@type":"PropertyValueSpecification","valueRequired":true,"valueName":"search_term_string"}}],"inLanguage":"de"}]}</script>
<!-- / Yoast SEO plugin. -->

"W pokorze przed Panem" - rekolekcje o adoracji i z adoracją - SANKTUARIUM W LICHENIU

Zapisy: Biuro Obsługi Pielgrzyma tel.: (+48) 63 270 81 63, (+48) 63 270 81 42 e-mail: lichen@lichen.pl Zobacz opis rekolekcji &nbsp;

Strona główna

DIE TRAURIGE KÖNIGIN UNSERER FLECHEN VON POLEN
