{"version":"1.0","provider_name":"SANCTUARY IN LICHENIA","provider_url":"https:\/\/www.lichen.pl\/en","title":"Ojczyzna znaczy bycie razem - 160. rocznica Powstania Styczniowego - SANKTUARIUM W LICHENIU","type":"rich","width":600,"height":338,"html":"<blockquote class=\"wp-embedded-content\" data-secret=\"nrh4qWfo5Z\"><a href=\"https:\/\/www.lichen.pl\/en\/160-rocznica-powstania-styczniowego\/\">Ojczyzna znaczy bycie razem &#8211; 160. rocznica Powstania Styczniowego<\/a><\/blockquote><iframe sandbox=\"allow-scripts\" security=\"restricted\" src=\"https:\/\/www.lichen.pl\/en\/160-rocznica-powstania-styczniowego\/embed\/#?secret=nrh4qWfo5Z\" width=\"600\" height=\"338\" title=\"&#8220;Ojczyzna znaczy bycie razem &#8211; 160. rocznica Powstania Styczniowego&#8221; &#8212; SANKTUARIUM W LICHENIU\" data-secret=\"nrh4qWfo5Z\" frameborder=\"0\" marginwidth=\"0\" marginheight=\"0\" scrolling=\"no\" class=\"wp-embedded-content\"><\/iframe><script>\n\/*! This file is auto-generated *\/\n!function(d,l){\"use strict\";l.querySelector&&d.addEventListener&&\"undefined\"!=typeof URL&&(d.wp=d.wp||{},d.wp.receiveEmbedMessage||(d.wp.receiveEmbedMessage=function(e){var t=e.data;if((t||t.secret||t.message||t.value)&&!\/[^a-zA-Z0-9]\/.test(t.secret)){for(var s,r,n,a=l.querySelectorAll('iframe[data-secret=\"'+t.secret+'\"]'),o=l.querySelectorAll('blockquote[data-secret=\"'+t.secret+'\"]'),c=new RegExp(\"^https?:$\",\"i\"),i=0;i<o.length;i++)o[i].style.display=\"none\";for(i=0;i<a.length;i++)s=a[i],e.source===s.contentWindow&&(s.removeAttribute(\"style\"),\"height\"===t.message?(1e3<(r=parseInt(t.value,10))?r=1e3:~~r<200&&(r=200),s.height=r):\"link\"===t.message&&(r=new URL(s.getAttribute(\"src\")),n=new URL(t.value),c.test(n.protocol))&&n.host===r.host&&l.activeElement===s&&(d.top.location.href=t.value))}},d.addEventListener(\"message\",d.wp.receiveEmbedMessage,!1),l.addEventListener(\"DOMContentLoaded\",function(){for(var e,t,s=l.querySelectorAll(\"iframe.wp-embedded-content\"),r=0;r<s.length;r++)(t=(e=s[r]).getAttribute(\"data-secret\"))||(t=Math.random().toString(36).substring(2,12),e.src+=\"#?secret=\"+t,e.setAttribute(\"data-secret\",t)),e.contentWindow.postMessage({message:\"ready\",secret:t},\"*\")},!1)))}(window,document);\n\/\/# sourceURL=https:\/\/www.lichen.pl\/wp-includes\/js\/wp-embed.min.js\n<\/script>","thumbnail_url":"https:\/\/www.lichen.pl\/wp-content\/uploads\/2023\/05\/IMG_9859-1024x683.jpg","thumbnail_width":1024,"thumbnail_height":683,"description":"\u2013 Chcemy modli\u0107 si\u0119 za tych, kt\u00f3rzy oddali \u017cycie za nasz\u0105 Ojczyzn\u0119, walcz\u0105c o wolno\u015b\u0107 i niepodleg\u0142o\u015b\u0107 \u2013 wyja\u015bnia\u0142 ks. Janusz Kumala MIC, kustosz liche\u0144skiego sanktuarium rozpoczynaj\u0105c po\u0142udniow\u0105 Msz\u0119 \u015awi\u0119t\u0105 podczas obchod\u00f3w 160. rocznicy Powstania Styczniowego na Ziemi Koni\u0144skiej. \u2013 Jest to zew autentycznego patriotyzmu, wspomnienie tych, dzi\u0119ki kt\u00f3rym mo\u017cemy dzi\u015b \u017cy\u0107 w wolnej Polsce. [&hellip;]"}

– Chcemy modlić się za tych, którzy oddali życie za naszą Ojczyznę, walcząc o wolność i niepodległość – wyjaśniał ks. Janusz Kumala MIC, kustosz licheńskiego sanktuarium rozpoczynając południową Mszę Świętą podczas obchodów 160. rocznicy Powstania Styczniowego na Ziemi Konińskiej. – Jest to zew autentycznego patriotyzmu, wspomnienie tych, dzięki którym możemy dziś żyć w wolnej Polsce. [&hellip;]
