{"version":"1.0","provider_name":"SANCTUARY IN LICHENIA","provider_url":"https:\/\/www.lichen.pl\/en","title":"XXII Dzie\u0144 Judaizmu - SANKTUARIUM W LICHENIU","type":"rich","width":600,"height":338,"html":"<blockquote class=\"wp-embedded-content\" data-secret=\"Jx8qBDh5DA\"><a href=\"https:\/\/www.lichen.pl\/en\/xxii-dzien-judaizmu\/\">XXII Day of Judaism<\/a><\/blockquote><iframe sandbox=\"allow-scripts\" security=\"restricted\" src=\"https:\/\/www.lichen.pl\/en\/xxii-dzien-judaizmu\/embed\/#?secret=Jx8qBDh5DA\" width=\"600\" height=\"338\" title=\"&#8220;XXII Dzie\u0144 Judaizmu&#8221; &#8212; SANKTUARIUM W LICHENIU\" data-secret=\"Jx8qBDh5DA\" frameborder=\"0\" marginwidth=\"0\" marginheight=\"0\" scrolling=\"no\" class=\"wp-embedded-content\"><\/iframe><script>\n\/*! This file is auto-generated *\/\n!function(d,l){\"use strict\";l.querySelector&&d.addEventListener&&\"undefined\"!=typeof URL&&(d.wp=d.wp||{},d.wp.receiveEmbedMessage||(d.wp.receiveEmbedMessage=function(e){var t=e.data;if((t||t.secret||t.message||t.value)&&!\/[^a-zA-Z0-9]\/.test(t.secret)){for(var s,r,n,a=l.querySelectorAll('iframe[data-secret=\"'+t.secret+'\"]'),o=l.querySelectorAll('blockquote[data-secret=\"'+t.secret+'\"]'),c=new RegExp(\"^https?:$\",\"i\"),i=0;i<o.length;i++)o[i].style.display=\"none\";for(i=0;i<a.length;i++)s=a[i],e.source===s.contentWindow&&(s.removeAttribute(\"style\"),\"height\"===t.message?(1e3<(r=parseInt(t.value,10))?r=1e3:~~r<200&&(r=200),s.height=r):\"link\"===t.message&&(r=new URL(s.getAttribute(\"src\")),n=new URL(t.value),c.test(n.protocol))&&n.host===r.host&&l.activeElement===s&&(d.top.location.href=t.value))}},d.addEventListener(\"message\",d.wp.receiveEmbedMessage,!1),l.addEventListener(\"DOMContentLoaded\",function(){for(var e,t,s=l.querySelectorAll(\"iframe.wp-embedded-content\"),r=0;r<s.length;r++)(t=(e=s[r]).getAttribute(\"data-secret\"))||(t=Math.random().toString(36).substring(2,12),e.src+=\"#?secret=\"+t,e.setAttribute(\"data-secret\",t)),e.contentWindow.postMessage({message:\"ready\",secret:t},\"*\")},!1)))}(window,document);\n\/\/# sourceURL=https:\/\/www.lichen.pl\/wp-includes\/js\/wp-embed.min.js\n<\/script>","thumbnail_url":"http:\/\/www.lichen.pl\/wp-content\/uploads\/2021\/06\/DSC00067.ARW_.jpg","thumbnail_width":1150,"thumbnail_height":768,"description":"17 stycznia, w XXII Dzie\u0144 Judaizmu, pragn\u0105c w spos\u00f3b szczeg\u00f3lny zauwa\u017cy\u0107 to, co wsp\u00f3lne dla chrze\u015bcijan i dla \u017byd\u00f3w, w liche\u0144skiej bazylice modlono si\u0119 w intencji dialogu chrze\u015bcija\u0144sko-\u017cydowskiego. Has\u0142em tegorocznych obchod\u00f3w by\u0142 cytat z Ksi\u0119gi proroka Ozeasza: \u201eNie przychodz\u0119, \u017ceby zatraca\u0107\u201d. W Kaplicy Serca Jezusowego w Bazylice, o godzinie 17.00 odby\u0142o si\u0119 okoliczno\u015bciowe nabo\u017ce\u0144stwo biblijne, [&hellip;]"}

XXII Dzień Judaizmu - SANKTUARIUM W LICHENIU

<blockquote class="wp-embedded-content" data-secret="Jx8qBDh5DA"><a href="https://www.lichen.pl/en/xxii-dzien-judaizmu/">XXII Day of Judaism</a></blockquote><iframe sandbox="allow-scripts" security="restricted" src="https://www.lichen.pl/en/xxii-dzien-judaizmu/embed/#?secret=Jx8qBDh5DA" width="600" height="338" title="&#8220;XXII Dzień Judaizmu&#8221; &#8212; SANKTUARIUM W LICHENIU" data-secret="Jx8qBDh5DA" frameborder="0" marginwidth="0" marginheight="0" scrolling="no" class="wp-embedded-content"></iframe><script>
/*! This file is auto-generated */
!function(d,l){"use strict";l.querySelector&&d.addEventListener&&"undefined"!=typeof URL&&(d.wp=d.wp||{},d.wp.receiveEmbedMessage||(d.wp.receiveEmbedMessage=function(e){var t=e.data;if((t||t.secret||t.message||t.value)&&!/[^a-zA-Z0-9]/.test(t.secret)){for(var s,r,n,a=l.querySelectorAll('iframe[data-secret="'+t.secret+'"]'),o=l.querySelectorAll('blockquote[data-secret="'+t.secret+'"]'),c=new RegExp("^https?:$","i"),i=0;i<o.length;i++)o[i].style.display="none";for(i=0;i<a.length;i++)s=a[i],e.source===s.contentWindow&&(s.removeAttribute("style"),"height"===t.message?(1e3<(r=parseInt(t.value,10))?r=1e3:~~r<200&&(r=200),s.height=r):"link"===t.message&&(r=new URL(s.getAttribute("src")),n=new URL(t.value),c.test(n.protocol))&&n.host===r.host&&l.activeElement===s&&(d.top.location.href=t.value))}},d.addEventListener("message",d.wp.receiveEmbedMessage,!1),l.addEventListener("DOMContentLoaded",function(){for(var e,t,s=l.querySelectorAll("iframe.wp-embedded-content"),r=0;r<s.length;r++)(t=(e=s[r]).getAttribute("data-secret"))||(t=Math.random().toString(36).substring(2,12),e.src+="#?secret="+t,e.setAttribute("data-secret",t)),e.contentWindow.postMessage({message:"ready",secret:t},"*")},!1)))}(window,document);
//# sourceURL=https://www.lichen.pl/wp-includes/js/wp-embed.min.js
</script>

17 stycznia, w XXII Dzień Judaizmu, pragnąc w sposób szczególny zauważyć to, co wspólne dla chrześcijan i dla Żydów, w licheńskiej bazylice modlono się w intencji dialogu chrześcijańsko-żydowskiego. Hasłem tegorocznych obchodów był cytat z Księgi proroka Ozeasza: „Nie przychodzę, żeby zatracać”. W Kaplicy Serca Jezusowego w Bazylice, o godzinie 17.00 odbyło się okolicznościowe nabożeństwo biblijne, [&hellip;]
