{"id":95605,"date":"2026-01-09T12:01:50","date_gmt":"2026-01-09T11:01:50","guid":{"rendered":"https:\/\/www.lichen.pl\/events\/rekolekcje-o-sluchaniu-slowa-bozego-mow-panie-bo-sluga-twoj-slucha\/"},"modified":"2026-03-14T15:23:34","modified_gmt":"2026-03-14T14:23:34","slug":"rekolekcje-o-sluchaniu-slowa-bozego-mow-panie-bo-sluga-twoj-slucha","status":"publish","type":"ajde_events","link":"https:\/\/www.lichen.pl\/en\/events\/rekolekcje-o-sluchaniu-slowa-bozego-mow-panie-bo-sluga-twoj-slucha\/","title":{"rendered":"Rekolekcje o s\u0142uchaniu s\u0142owa Bo\u017cego &#8220;M\u00f3w Panie bo s\u0142uga Tw\u00f3j s\u0142ucha&#8221;"},"content":{"rendered":"<p><a href=\"https:\/\/www.lichen.pl\/wp-content\/uploads\/2026\/01\/Rekolekcje-o-sluchaniu-slowa-Bozego-3-5.07.jpg\"><img fetchpriority=\"high\" decoding=\"async\" class=\"aligncenter wp-image-97609 size-medium\" src=\"https:\/\/www.lichen.pl\/wp-content\/uploads\/2026\/01\/Rekolekcje-o-sluchaniu-slowa-Bozego-3-5.07-240x300.jpg\" alt=\"\" width=\"240\" height=\"300\" srcset=\"https:\/\/www.lichen.pl\/wp-content\/uploads\/2026\/01\/Rekolekcje-o-sluchaniu-slowa-Bozego-3-5.07-240x300.jpg 240w, https:\/\/www.lichen.pl\/wp-content\/uploads\/2026\/01\/Rekolekcje-o-sluchaniu-slowa-Bozego-3-5.07-819x1024.jpg 819w, https:\/\/www.lichen.pl\/wp-content\/uploads\/2026\/01\/Rekolekcje-o-sluchaniu-slowa-Bozego-3-5.07-768x960.jpg 768w, https:\/\/www.lichen.pl\/wp-content\/uploads\/2026\/01\/Rekolekcje-o-sluchaniu-slowa-Bozego-3-5.07-10x12.jpg 10w, https:\/\/www.lichen.pl\/wp-content\/uploads\/2026\/01\/Rekolekcje-o-sluchaniu-slowa-Bozego-3-5.07-800x1000.jpg 800w, https:\/\/www.lichen.pl\/wp-content\/uploads\/2026\/01\/Rekolekcje-o-sluchaniu-slowa-Bozego-3-5.07.jpg 1024w\" sizes=\"(max-width: 240px) 100vw, 240px\" \/><\/a><\/p>\n<p style=\"text-align: center;\">Enrollment: <span style=\"text-decoration: underline; color: #0000ff;\"><a style=\"color: #0000ff; text-decoration: underline;\" href=\"https:\/\/www.lichen.pl\/en\/biuro-obslugi-pielgrzyma\/\" target=\"_blank\" rel=\"noopener\">Pilgrim Service Office<\/a><\/span><br \/>\ntel.: (+48) 63 270 81 63, (+48) 63 270 81 42<br \/>\ne-mail: lichen@lichen.pl<\/p>\n<p style=\"text-align: center;\"><a href=\"https:\/\/www.lichen.pl\/en\/rekolekcje-o-sluchaniu-slowa-bozego-mow-panie-bo-sluga-twoj-slucha\/\">See the description of the retreat<\/a><\/p>","protected":false},"author":7,"featured_media":-1,"menu_order":0,"comment_status":"open","ping_status":"closed","template":"","meta":[],"tags":[],"event_type":[54],"event_type_2":[],"class_list":["post-95605","ajde_events","type-ajde_events","status-publish","has-post-thumbnail","hentry","event_type-rekolekcje","wpbf-post"],"yoast_head":"<!-- This site is optimized with the Yoast SEO plugin v27.4 - https:\/\/yoast.com\/product\/yoast-seo-wordpress\/ -->\n<title>Rekolekcje o s\u0142uchaniu s\u0142owa Bo\u017cego &quot;M\u00f3w Panie bo s\u0142uga Tw\u00f3j s\u0142ucha&quot; - SANKTUARIUM W LICHENIU<\/title>\n<meta name=\"robots\" content=\"index, follow, max-snippet:-1, max-image-preview:large, max-video-preview:-1\" \/>\n<link rel=\"canonical\" href=\"https:\/\/www.lichen.pl\/en\/events\/rekolekcje-o-sluchaniu-slowa-bozego-mow-panie-bo-sluga-twoj-slucha\/\" \/>\n<meta property=\"og:locale\" content=\"en_GB\" \/>\n<meta property=\"og:type\" content=\"article\" \/>\n<meta property=\"og:title\" content=\"Rekolekcje o s\u0142uchaniu s\u0142owa Bo\u017cego &quot;M\u00f3w Panie bo s\u0142uga Tw\u00f3j s\u0142ucha&quot; - SANKTUARIUM W LICHENIU\" \/>\n<meta property=\"og:description\" content=\"Zapisy: Biuro Obs\u0142ugi Pielgrzyma tel.: (+48) 63 270 81 63, (+48) 63 270 81 42 e-mail: lichen@lichen.pl Zobacz opis rekolekcji\" \/>\n<meta property=\"og:url\" content=\"https:\/\/www.lichen.pl\/en\/events\/rekolekcje-o-sluchaniu-slowa-bozego-mow-panie-bo-sluga-twoj-slucha\/\" \/>\n<meta property=\"og:site_name\" content=\"SANKTUARIUM W LICHENIU\" \/>\n<meta property=\"article:modified_time\" content=\"2026-03-14T14:23:34+00:00\" \/>\n<meta name=\"twitter:card\" content=\"summary_large_image\" \/>\n<meta name=\"twitter:label1\" content=\"Estimated reading time\" \/>\n\t<meta name=\"twitter:data1\" content=\"1 minute\" \/>\n<script type=\"application\/ld+json\" class=\"yoast-schema-graph\">{\"@context\":\"https:\\\/\\\/schema.org\",\"@graph\":[{\"@type\":\"WebPage\",\"@id\":\"https:\\\/\\\/www.lichen.pl\\\/events\\\/rekolekcje-o-sluchaniu-slowa-bozego-mow-panie-bo-sluga-twoj-slucha\\\/\",\"url\":\"https:\\\/\\\/www.lichen.pl\\\/events\\\/rekolekcje-o-sluchaniu-slowa-bozego-mow-panie-bo-sluga-twoj-slucha\\\/\",\"name\":\"Rekolekcje o s\u0142uchaniu s\u0142owa Bo\u017cego \\\"M\u00f3w Panie bo s\u0142uga Tw\u00f3j s\u0142ucha\\\" - SANKTUARIUM W LICHENIU\",\"isPartOf\":{\"@id\":\"https:\\\/\\\/www.lichen.pl\\\/fr\\\/#website\"},\"primaryImageOfPage\":{\"@id\":\"https:\\\/\\\/www.lichen.pl\\\/events\\\/rekolekcje-o-sluchaniu-slowa-bozego-mow-panie-bo-sluga-twoj-slucha\\\/#primaryimage\"},\"image\":{\"@id\":\"https:\\\/\\\/www.lichen.pl\\\/events\\\/rekolekcje-o-sluchaniu-slowa-bozego-mow-panie-bo-sluga-twoj-slucha\\\/#primaryimage\"},\"thumbnailUrl\":\"https:\\\/\\\/www.lichen.pl\\\/wp-content\\\/uploads\\\/2026\\\/01\\\/Rekolekcje-o-sluchaniu-slowa-Bozego-3-5.07-240x300.jpg\",\"datePublished\":\"2026-01-09T11:01:50+00:00\",\"dateModified\":\"2026-03-14T14:23:34+00:00\",\"breadcrumb\":{\"@id\":\"https:\\\/\\\/www.lichen.pl\\\/events\\\/rekolekcje-o-sluchaniu-slowa-bozego-mow-panie-bo-sluga-twoj-slucha\\\/#breadcrumb\"},\"inLanguage\":\"en-GB\",\"potentialAction\":[{\"@type\":\"ReadAction\",\"target\":[\"https:\\\/\\\/www.lichen.pl\\\/events\\\/rekolekcje-o-sluchaniu-slowa-bozego-mow-panie-bo-sluga-twoj-slucha\\\/\"]}]},{\"@type\":\"ImageObject\",\"inLanguage\":\"en-GB\",\"@id\":\"https:\\\/\\\/www.lichen.pl\\\/events\\\/rekolekcje-o-sluchaniu-slowa-bozego-mow-panie-bo-sluga-twoj-slucha\\\/#primaryimage\",\"url\":\"https:\\\/\\\/www.lichen.pl\\\/wp-content\\\/uploads\\\/2026\\\/01\\\/Rekolekcje-o-sluchaniu-slowa-Bozego-3-5.07-240x300.jpg\",\"contentUrl\":\"https:\\\/\\\/www.lichen.pl\\\/wp-content\\\/uploads\\\/2026\\\/01\\\/Rekolekcje-o-sluchaniu-slowa-Bozego-3-5.07-240x300.jpg\"},{\"@type\":\"BreadcrumbList\",\"@id\":\"https:\\\/\\\/www.lichen.pl\\\/events\\\/rekolekcje-o-sluchaniu-slowa-bozego-mow-panie-bo-sluga-twoj-slucha\\\/#breadcrumb\",\"itemListElement\":[{\"@type\":\"ListItem\",\"position\":1,\"name\":\"Strona g\u0142\u00f3wna\",\"item\":\"https:\\\/\\\/www.lichen.pl\\\/\"},{\"@type\":\"ListItem\",\"position\":2,\"name\":\"Events\",\"item\":\"http:\\\/\\\/www.lichen.pl\\\/en\\\/events\\\/\"},{\"@type\":\"ListItem\",\"position\":3,\"name\":\"Rekolekcje o s\u0142uchaniu s\u0142owa Bo\u017cego &#8220;M\u00f3w Panie bo s\u0142uga Tw\u00f3j s\u0142ucha&#8221;\"}]},{\"@type\":\"WebSite\",\"@id\":\"https:\\\/\\\/www.lichen.pl\\\/fr\\\/#website\",\"url\":\"https:\\\/\\\/www.lichen.pl\\\/fr\\\/\",\"name\":\"SANKTUARIUM W LICHENIU\",\"description\":\"MATKI BO\u017bEJ LICHE\u0143SKIEJ BOLESNEJ KR\u00d3LOWEJ POLSKI\",\"potentialAction\":[{\"@type\":\"SearchAction\",\"target\":{\"@type\":\"EntryPoint\",\"urlTemplate\":\"https:\\\/\\\/www.lichen.pl\\\/fr\\\/?s={search_term_string}\"},\"query-input\":{\"@type\":\"PropertyValueSpecification\",\"valueRequired\":true,\"valueName\":\"search_term_string\"}}],\"inLanguage\":\"en-GB\"}]}<\/script>\n<!-- \/ Yoast SEO plugin. -->","yoast_head_json":{"title":"Rekolekcje o s\u0142uchaniu s\u0142owa Bo\u017cego \"M\u00f3w Panie bo s\u0142uga Tw\u00f3j s\u0142ucha\" - SANKTUARIUM W LICHENIU","robots":{"index":"index","follow":"follow","max-snippet":"max-snippet:-1","max-image-preview":"max-image-preview:large","max-video-preview":"max-video-preview:-1"},"canonical":"https:\/\/www.lichen.pl\/en\/events\/rekolekcje-o-sluchaniu-slowa-bozego-mow-panie-bo-sluga-twoj-slucha\/","og_locale":"en_GB","og_type":"article","og_title":"Rekolekcje o s\u0142uchaniu s\u0142owa Bo\u017cego \"M\u00f3w Panie bo s\u0142uga Tw\u00f3j s\u0142ucha\" - SANKTUARIUM W LICHENIU","og_description":"Zapisy: Biuro Obs\u0142ugi Pielgrzyma tel.: (+48) 63 270 81 63, (+48) 63 270 81 42 e-mail: lichen@lichen.pl Zobacz opis rekolekcji","og_url":"https:\/\/www.lichen.pl\/en\/events\/rekolekcje-o-sluchaniu-slowa-bozego-mow-panie-bo-sluga-twoj-slucha\/","og_site_name":"SANKTUARIUM W LICHENIU","article_modified_time":"2026-03-14T14:23:34+00:00","twitter_card":"summary_large_image","twitter_misc":{"Estimated reading time":"1 minute"},"schema":{"@context":"https:\/\/schema.org","@graph":[{"@type":"WebPage","@id":"https:\/\/www.lichen.pl\/events\/rekolekcje-o-sluchaniu-slowa-bozego-mow-panie-bo-sluga-twoj-slucha\/","url":"https:\/\/www.lichen.pl\/events\/rekolekcje-o-sluchaniu-slowa-bozego-mow-panie-bo-sluga-twoj-slucha\/","name":"Rekolekcje o s\u0142uchaniu s\u0142owa Bo\u017cego \"M\u00f3w Panie bo s\u0142uga Tw\u00f3j s\u0142ucha\" - SANKTUARIUM W LICHENIU","isPartOf":{"@id":"https:\/\/www.lichen.pl\/fr\/#website"},"primaryImageOfPage":{"@id":"https:\/\/www.lichen.pl\/events\/rekolekcje-o-sluchaniu-slowa-bozego-mow-panie-bo-sluga-twoj-slucha\/#primaryimage"},"image":{"@id":"https:\/\/www.lichen.pl\/events\/rekolekcje-o-sluchaniu-slowa-bozego-mow-panie-bo-sluga-twoj-slucha\/#primaryimage"},"thumbnailUrl":"https:\/\/www.lichen.pl\/wp-content\/uploads\/2026\/01\/Rekolekcje-o-sluchaniu-slowa-Bozego-3-5.07-240x300.jpg","datePublished":"2026-01-09T11:01:50+00:00","dateModified":"2026-03-14T14:23:34+00:00","breadcrumb":{"@id":"https:\/\/www.lichen.pl\/events\/rekolekcje-o-sluchaniu-slowa-bozego-mow-panie-bo-sluga-twoj-slucha\/#breadcrumb"},"inLanguage":"en-GB","potentialAction":[{"@type":"ReadAction","target":["https:\/\/www.lichen.pl\/events\/rekolekcje-o-sluchaniu-slowa-bozego-mow-panie-bo-sluga-twoj-slucha\/"]}]},{"@type":"ImageObject","inLanguage":"en-GB","@id":"https:\/\/www.lichen.pl\/events\/rekolekcje-o-sluchaniu-slowa-bozego-mow-panie-bo-sluga-twoj-slucha\/#primaryimage","url":"https:\/\/www.lichen.pl\/wp-content\/uploads\/2026\/01\/Rekolekcje-o-sluchaniu-slowa-Bozego-3-5.07-240x300.jpg","contentUrl":"https:\/\/www.lichen.pl\/wp-content\/uploads\/2026\/01\/Rekolekcje-o-sluchaniu-slowa-Bozego-3-5.07-240x300.jpg"},{"@type":"BreadcrumbList","@id":"https:\/\/www.lichen.pl\/events\/rekolekcje-o-sluchaniu-slowa-bozego-mow-panie-bo-sluga-twoj-slucha\/#breadcrumb","itemListElement":[{"@type":"ListItem","position":1,"name":"Strona g\u0142\u00f3wna","item":"https:\/\/www.lichen.pl\/"},{"@type":"ListItem","position":2,"name":"Events","item":"http:\/\/www.lichen.pl\/en\/events\/"},{"@type":"ListItem","position":3,"name":"Rekolekcje o s\u0142uchaniu s\u0142owa Bo\u017cego &#8220;M\u00f3w Panie bo s\u0142uga Tw\u00f3j s\u0142ucha&#8221;"}]},{"@type":"WebSite","@id":"https:\/\/www.lichen.pl\/fr\/#website","url":"https:\/\/www.lichen.pl\/fr\/","name":"SANCTUARY IN LICHENIA","description":"OUR LICHEN&#039;S SORROWFUL QUEEN OF POLAND","potentialAction":[{"@type":"SearchAction","target":{"@type":"EntryPoint","urlTemplate":"https:\/\/www.lichen.pl\/fr\/?s={search_term_string}"},"query-input":{"@type":"PropertyValueSpecification","valueRequired":true,"valueName":"search_term_string"}}],"inLanguage":"en-GB"}]}},"_links":{"self":[{"href":"https:\/\/www.lichen.pl\/en\/wp-json\/wp\/v2\/ajde_events\/95605","targetHints":{"allow":["GET"]}}],"collection":[{"href":"https:\/\/www.lichen.pl\/en\/wp-json\/wp\/v2\/ajde_events"}],"about":[{"href":"https:\/\/www.lichen.pl\/en\/wp-json\/wp\/v2\/types\/ajde_events"}],"author":[{"embeddable":true,"href":"https:\/\/www.lichen.pl\/en\/wp-json\/wp\/v2\/users\/7"}],"replies":[{"embeddable":true,"href":"https:\/\/www.lichen.pl\/en\/wp-json\/wp\/v2\/comments?post=95605"}],"version-history":[{"count":3,"href":"https:\/\/www.lichen.pl\/en\/wp-json\/wp\/v2\/ajde_events\/95605\/revisions"}],"predecessor-version":[{"id":98011,"href":"https:\/\/www.lichen.pl\/en\/wp-json\/wp\/v2\/ajde_events\/95605\/revisions\/98011"}],"wp:featuredmedia":[{"embeddable":true,"href":"https:\/\/www.lichen.pl\/en\/wp-json\/"}],"wp:attachment":[{"href":"https:\/\/www.lichen.pl\/en\/wp-json\/wp\/v2\/media?parent=95605"}],"wp:term":[{"taxonomy":"post_tag","embeddable":true,"href":"https:\/\/www.lichen.pl\/en\/wp-json\/wp\/v2\/tags?post=95605"},{"taxonomy":"event_type","embeddable":true,"href":"https:\/\/www.lichen.pl\/en\/wp-json\/wp\/v2\/event_type?post=95605"},{"taxonomy":"event_type_2","embeddable":true,"href":"https:\/\/www.lichen.pl\/en\/wp-json\/wp\/v2\/event_type_2?post=95605"}],"curies":[{"name":"wp","href":"https:\/\/api.w.org\/{rel}","templated":true}]}}

Rekolekcje o słuchaniu słowa Bożego &#8220;Mów Panie bo sługa Twój słucha&#8221;

<!-- This site is optimized with the Yoast SEO plugin v27.4 - https://yoast.com/product/yoast-seo-wordpress/ -->
<title>Rekolekcje o słuchaniu słowa Bożego &quot;Mów Panie bo sługa Twój słucha&quot; - SANKTUARIUM W LICHENIU</title>
<meta name="robots" content="index, follow, max-snippet:-1, max-image-preview:large, max-video-preview:-1" />
<link rel="canonical" href="https://www.lichen.pl/en/events/rekolekcje-o-sluchaniu-slowa-bozego-mow-panie-bo-sluga-twoj-slucha/" />
<meta property="og:locale" content="en_GB" />
<meta property="og:type" content="article" />
<meta property="og:title" content="Rekolekcje o słuchaniu słowa Bożego &quot;Mów Panie bo sługa Twój słucha&quot; - SANKTUARIUM W LICHENIU" />
<meta property="og:description" content="Zapisy: Biuro Obsługi Pielgrzyma tel.: (+48) 63 270 81 63, (+48) 63 270 81 42 e-mail: lichen@lichen.pl Zobacz opis rekolekcji" />
<meta property="og:url" content="https://www.lichen.pl/en/events/rekolekcje-o-sluchaniu-slowa-bozego-mow-panie-bo-sluga-twoj-slucha/" />
<meta property="og:site_name" content="SANKTUARIUM W LICHENIU" />
<meta property="article:modified_time" content="2026-03-14T14:23:34+00:00" />
<meta name="twitter:card" content="summary_large_image" />
<meta name="twitter:label1" content="Estimated reading time" />
	<meta name="twitter:data1" content="1 minute" />
<script type="application/ld+json" class="yoast-schema-graph">{"@context":"https:\/\/schema.org","@graph":[{"@type":"WebPage","@id":"https:\/\/www.lichen.pl\/events\/rekolekcje-o-sluchaniu-slowa-bozego-mow-panie-bo-sluga-twoj-slucha\/","url":"https:\/\/www.lichen.pl\/events\/rekolekcje-o-sluchaniu-slowa-bozego-mow-panie-bo-sluga-twoj-slucha\/","name":"Rekolekcje o słuchaniu słowa Bożego \"Mów Panie bo sługa Twój słucha\" - SANKTUARIUM W LICHENIU","isPartOf":{"@id":"https:\/\/www.lichen.pl\/fr\/#website"},"primaryImageOfPage":{"@id":"https:\/\/www.lichen.pl\/events\/rekolekcje-o-sluchaniu-slowa-bozego-mow-panie-bo-sluga-twoj-slucha\/#primaryimage"},"image":{"@id":"https:\/\/www.lichen.pl\/events\/rekolekcje-o-sluchaniu-slowa-bozego-mow-panie-bo-sluga-twoj-slucha\/#primaryimage"},"thumbnailUrl":"https:\/\/www.lichen.pl\/wp-content\/uploads\/2026\/01\/Rekolekcje-o-sluchaniu-slowa-Bozego-3-5.07-240x300.jpg","datePublished":"2026-01-09T11:01:50+00:00","dateModified":"2026-03-14T14:23:34+00:00","breadcrumb":{"@id":"https:\/\/www.lichen.pl\/events\/rekolekcje-o-sluchaniu-slowa-bozego-mow-panie-bo-sluga-twoj-slucha\/#breadcrumb"},"inLanguage":"en-GB","potentialAction":[{"@type":"ReadAction","target":["https:\/\/www.lichen.pl\/events\/rekolekcje-o-sluchaniu-slowa-bozego-mow-panie-bo-sluga-twoj-slucha\/"]}]},{"@type":"ImageObject","inLanguage":"en-GB","@id":"https:\/\/www.lichen.pl\/events\/rekolekcje-o-sluchaniu-slowa-bozego-mow-panie-bo-sluga-twoj-slucha\/#primaryimage","url":"https:\/\/www.lichen.pl\/wp-content\/uploads\/2026\/01\/Rekolekcje-o-sluchaniu-slowa-Bozego-3-5.07-240x300.jpg","contentUrl":"https:\/\/www.lichen.pl\/wp-content\/uploads\/2026\/01\/Rekolekcje-o-sluchaniu-slowa-Bozego-3-5.07-240x300.jpg"},{"@type":"BreadcrumbList","@id":"https:\/\/www.lichen.pl\/events\/rekolekcje-o-sluchaniu-slowa-bozego-mow-panie-bo-sluga-twoj-slucha\/#breadcrumb","itemListElement":[{"@type":"ListItem","position":1,"name":"Strona główna","item":"https:\/\/www.lichen.pl\/"},{"@type":"ListItem","position":2,"name":"Events","item":"http:\/\/www.lichen.pl\/en\/events\/"},{"@type":"ListItem","position":3,"name":"Rekolekcje o słuchaniu słowa Bożego &#8220;Mów Panie bo sługa Twój słucha&#8221;"}]},{"@type":"WebSite","@id":"https:\/\/www.lichen.pl\/fr\/#website","url":"https:\/\/www.lichen.pl\/fr\/","name":"SANKTUARIUM W LICHENIU","description":"MATKI BOŻEJ LICHEŃSKIEJ BOLESNEJ KRÓLOWEJ POLSKI","potentialAction":[{"@type":"SearchAction","target":{"@type":"EntryPoint","urlTemplate":"https:\/\/www.lichen.pl\/fr\/?s={search_term_string}"},"query-input":{"@type":"PropertyValueSpecification","valueRequired":true,"valueName":"search_term_string"}}],"inLanguage":"en-GB"}]}</script>
<!-- / Yoast SEO plugin. -->

Rekolekcje o słuchaniu słowa Bożego "Mów Panie bo sługa Twój słucha" - SANKTUARIUM W LICHENIU

Zapisy: Biuro Obsługi Pielgrzyma tel.: (+48) 63 270 81 63, (+48) 63 270 81 42 e-mail: lichen@lichen.pl Zobacz opis rekolekcji

Strona główna
