{"version":"1.0","provider_name":"SANTUARIO EN LICHENIA","provider_url":"https:\/\/www.lichen.pl\/es","title":"10-lecie powstania klasztoru anuncjatek w Gr\u0105blinie - SANKTUARIUM W LICHENIU","type":"rich","width":600,"height":338,"html":"<blockquote class=\"wp-embedded-content\" data-secret=\"BsMQl8iCB9\"><a href=\"https:\/\/www.lichen.pl\/es\/10-lecie-powstania-klasztoru-anuncjatek-w-grablinie\/\">10\u00ba aniversario del Monasterio de la Anunciada en Gr\u0105blin<\/a><\/blockquote><iframe sandbox=\"allow-scripts\" security=\"restricted\" src=\"https:\/\/www.lichen.pl\/es\/10-lecie-powstania-klasztoru-anuncjatek-w-grablinie\/embed\/#?secret=BsMQl8iCB9\" width=\"600\" height=\"338\" title=\"\u00ab10-lecie powstania klasztoru anuncjatek w Gr\u0105blinie\u00bb \u2014 SANKTUARIUM W LICHENIU\" data-secret=\"BsMQl8iCB9\" frameborder=\"0\" marginwidth=\"0\" marginheight=\"0\" scrolling=\"no\" class=\"wp-embedded-content\"><\/iframe><script>\n\/*! This file is auto-generated *\/\n!function(d,l){\"use strict\";l.querySelector&&d.addEventListener&&\"undefined\"!=typeof URL&&(d.wp=d.wp||{},d.wp.receiveEmbedMessage||(d.wp.receiveEmbedMessage=function(e){var t=e.data;if((t||t.secret||t.message||t.value)&&!\/[^a-zA-Z0-9]\/.test(t.secret)){for(var s,r,n,a=l.querySelectorAll('iframe[data-secret=\"'+t.secret+'\"]'),o=l.querySelectorAll('blockquote[data-secret=\"'+t.secret+'\"]'),c=new RegExp(\"^https?:$\",\"i\"),i=0;i<o.length;i++)o[i].style.display=\"none\";for(i=0;i<a.length;i++)s=a[i],e.source===s.contentWindow&&(s.removeAttribute(\"style\"),\"height\"===t.message?(1e3<(r=parseInt(t.value,10))?r=1e3:~~r<200&&(r=200),s.height=r):\"link\"===t.message&&(r=new URL(s.getAttribute(\"src\")),n=new URL(t.value),c.test(n.protocol))&&n.host===r.host&&l.activeElement===s&&(d.top.location.href=t.value))}},d.addEventListener(\"message\",d.wp.receiveEmbedMessage,!1),l.addEventListener(\"DOMContentLoaded\",function(){for(var e,t,s=l.querySelectorAll(\"iframe.wp-embedded-content\"),r=0;r<s.length;r++)(t=(e=s[r]).getAttribute(\"data-secret\"))||(t=Math.random().toString(36).substring(2,12),e.src+=\"#?secret=\"+t,e.setAttribute(\"data-secret\",t)),e.contentWindow.postMessage({message:\"ready\",secret:t},\"*\")},!1)))}(window,document);\n\/\/# sourceURL=https:\/\/www.lichen.pl\/wp-includes\/js\/wp-embed.min.js\n<\/script>","thumbnail_url":"https:\/\/www.lichen.pl\/wp-content\/uploads\/2020\/08\/22-sobota-anuncjatki143.jpg","thumbnail_width":1600,"thumbnail_height":1201,"description":"We wspomnienie Naj\u015bwi\u0119tszej Maryi Panny Kr\u00f3lowej 22 sierpnia, kiedy Ko\u015bci\u00f3\u0142 odnawia po\u015bwi\u0119cenie si\u0119 Niepokalanemu Sercu Maryi, siostry anuncjatki dzi\u0119kowa\u0142y za jubileusz 10-lecia przebywania w Sanktuarium Matki Bo\u017cej Liche\u0144skiej i po\u015bwi\u0119cenia ko\u015bcio\u0142a 10 Cn\u00f3t Ewangelicznych Naj\u015bwi\u0119tszej Maryi Panny w Gr\u0105blinie. Mszy \u015aw. przewodniczy\u0142 ks. bp Wies\u0142aw Mering, ordynariusz w\u0142oc\u0142awski. Zgromadzonych w gr\u0105bli\u0144skim ko\u015bciele powita\u0142 ks. Janusz [&hellip;]"}

10-lecie powstania klasztoru anuncjatek w Grąblinie - SANKTUARIUM W LICHENIU

<blockquote class="wp-embedded-content" data-secret="BsMQl8iCB9"><a href="https://www.lichen.pl/es/10-lecie-powstania-klasztoru-anuncjatek-w-grablinie/">10º aniversario del Monasterio de la Anunciada en Grąblin</a></blockquote><iframe sandbox="allow-scripts" security="restricted" src="https://www.lichen.pl/es/10-lecie-powstania-klasztoru-anuncjatek-w-grablinie/embed/#?secret=BsMQl8iCB9" width="600" height="338" title="«10-lecie powstania klasztoru anuncjatek w Grąblinie» — SANKTUARIUM W LICHENIU" data-secret="BsMQl8iCB9" frameborder="0" marginwidth="0" marginheight="0" scrolling="no" class="wp-embedded-content"></iframe><script>
/*! This file is auto-generated */
!function(d,l){"use strict";l.querySelector&&d.addEventListener&&"undefined"!=typeof URL&&(d.wp=d.wp||{},d.wp.receiveEmbedMessage||(d.wp.receiveEmbedMessage=function(e){var t=e.data;if((t||t.secret||t.message||t.value)&&!/[^a-zA-Z0-9]/.test(t.secret)){for(var s,r,n,a=l.querySelectorAll('iframe[data-secret="'+t.secret+'"]'),o=l.querySelectorAll('blockquote[data-secret="'+t.secret+'"]'),c=new RegExp("^https?:$","i"),i=0;i<o.length;i++)o[i].style.display="none";for(i=0;i<a.length;i++)s=a[i],e.source===s.contentWindow&&(s.removeAttribute("style"),"height"===t.message?(1e3<(r=parseInt(t.value,10))?r=1e3:~~r<200&&(r=200),s.height=r):"link"===t.message&&(r=new URL(s.getAttribute("src")),n=new URL(t.value),c.test(n.protocol))&&n.host===r.host&&l.activeElement===s&&(d.top.location.href=t.value))}},d.addEventListener("message",d.wp.receiveEmbedMessage,!1),l.addEventListener("DOMContentLoaded",function(){for(var e,t,s=l.querySelectorAll("iframe.wp-embedded-content"),r=0;r<s.length;r++)(t=(e=s[r]).getAttribute("data-secret"))||(t=Math.random().toString(36).substring(2,12),e.src+="#?secret="+t,e.setAttribute("data-secret",t)),e.contentWindow.postMessage({message:"ready",secret:t},"*")},!1)))}(window,document);
//# sourceURL=https://www.lichen.pl/wp-includes/js/wp-embed.min.js
</script>

We wspomnienie Najświętszej Maryi Panny Królowej 22 sierpnia, kiedy Kościół odnawia poświęcenie się Niepokalanemu Sercu Maryi, siostry anuncjatki dziękowały za jubileusz 10-lecia przebywania w Sanktuarium Matki Bożej Licheńskiej i poświęcenia kościoła 10 Cnót Ewangelicznych Najświętszej Maryi Panny w Grąblinie. Mszy Św. przewodniczył ks. bp Wiesław Mering, ordynariusz włocławski. Zgromadzonych w grąblińskim kościele powitał ks. Janusz [&hellip;]
