{"version":"1.0","provider_name":"SANTUARIO EN LICHENIA","provider_url":"https:\/\/www.lichen.pl\/es","title":"39. Kaszubska Piesza Pielgrzymka na Jasn\u0105 G\u00f3r\u0119 dotar\u0142a do Lichenia - SANKTUARIUM W LICHENIU","type":"rich","width":600,"height":338,"html":"<blockquote class=\"wp-embedded-content\" data-secret=\"m2thWFmIA7\"><a href=\"https:\/\/www.lichen.pl\/es\/kaszubska-pielgrzymka\/\">La 39.\u00aa peregrinaci\u00f3n a pie de Kashubian a Jasna G\u00f3ra ha llegado a Lichen<\/a><\/blockquote><iframe sandbox=\"allow-scripts\" security=\"restricted\" src=\"https:\/\/www.lichen.pl\/es\/kaszubska-pielgrzymka\/embed\/#?secret=m2thWFmIA7\" width=\"600\" height=\"338\" title=\"\u00ab39. Kaszubska Piesza Pielgrzymka na Jasn\u0105 G\u00f3r\u0119 dotar\u0142a do Lichenia\u00bb \u2014 SANKTUARIUM W LICHENIU\" data-secret=\"m2thWFmIA7\" frameborder=\"0\" marginwidth=\"0\" marginheight=\"0\" scrolling=\"no\" class=\"wp-embedded-content\"><\/iframe><script>\n\/*! This file is auto-generated *\/\n!function(d,l){\"use strict\";l.querySelector&&d.addEventListener&&\"undefined\"!=typeof URL&&(d.wp=d.wp||{},d.wp.receiveEmbedMessage||(d.wp.receiveEmbedMessage=function(e){var t=e.data;if((t||t.secret||t.message||t.value)&&!\/[^a-zA-Z0-9]\/.test(t.secret)){for(var s,r,n,a=l.querySelectorAll('iframe[data-secret=\"'+t.secret+'\"]'),o=l.querySelectorAll('blockquote[data-secret=\"'+t.secret+'\"]'),c=new RegExp(\"^https?:$\",\"i\"),i=0;i<o.length;i++)o[i].style.display=\"none\";for(i=0;i<a.length;i++)s=a[i],e.source===s.contentWindow&&(s.removeAttribute(\"style\"),\"height\"===t.message?(1e3<(r=parseInt(t.value,10))?r=1e3:~~r<200&&(r=200),s.height=r):\"link\"===t.message&&(r=new URL(s.getAttribute(\"src\")),n=new URL(t.value),c.test(n.protocol))&&n.host===r.host&&l.activeElement===s&&(d.top.location.href=t.value))}},d.addEventListener(\"message\",d.wp.receiveEmbedMessage,!1),l.addEventListener(\"DOMContentLoaded\",function(){for(var e,t,s=l.querySelectorAll(\"iframe.wp-embedded-content\"),r=0;r<s.length;r++)(t=(e=s[r]).getAttribute(\"data-secret\"))||(t=Math.random().toString(36).substring(2,12),e.src+=\"#?secret=\"+t,e.setAttribute(\"data-secret\",t)),e.contentWindow.postMessage({message:\"ready\",secret:t},\"*\")},!1)))}(window,document);\n\/\/# sourceURL=https:\/\/www.lichen.pl\/wp-includes\/js\/wp-embed.min.js\n<\/script>","thumbnail_url":"https:\/\/www.lichen.pl\/wp-content\/uploads\/2020\/08\/IMG-20200806-WA0010.jpg","thumbnail_width":1600,"thumbnail_height":1200,"description":"Najd\u0142u\u017csza, licz\u0105ca ok. 500 km piesza pielgrzymka na Jasn\u0105 G\u00f3r\u0119 dotar\u0142a do Lichenia Do Sanktuarium Matki Bo\u017cej Liche\u0144skiej wesz\u0142a dzi\u015b 39. Kaszubska Piesza Pielgrzymka z Helu na Jasn\u0105 G\u00f3r\u0119. P\u0105tnik\u00f3w na schodach bazyliki przywita\u0142 ks. Adam Stankiewicz MIC, wicekustosz liche\u0144skiego sanktuarium. Pielgrzymi pok\u0142onili si\u0119 u st\u00f3p Matki Bo\u017cej Liche\u0144skiej i tradycyjnie ju\u017c odprawili kr\u00f3tkie nabo\u017ce\u0144stwo [&hellip;]"}

39. Kaszubska Piesza Pielgrzymka na Jasną Górę dotarła do Lichenia - SANKTUARIUM W LICHENIU

<blockquote class="wp-embedded-content" data-secret="m2thWFmIA7"><a href="https://www.lichen.pl/es/kaszubska-pielgrzymka/">La 39.ª peregrinación a pie de Kashubian a Jasna Góra ha llegado a Lichen</a></blockquote><iframe sandbox="allow-scripts" security="restricted" src="https://www.lichen.pl/es/kaszubska-pielgrzymka/embed/#?secret=m2thWFmIA7" width="600" height="338" title="«39. Kaszubska Piesza Pielgrzymka na Jasną Górę dotarła do Lichenia» — SANKTUARIUM W LICHENIU" data-secret="m2thWFmIA7" frameborder="0" marginwidth="0" marginheight="0" scrolling="no" class="wp-embedded-content"></iframe><script>
/*! This file is auto-generated */
!function(d,l){"use strict";l.querySelector&&d.addEventListener&&"undefined"!=typeof URL&&(d.wp=d.wp||{},d.wp.receiveEmbedMessage||(d.wp.receiveEmbedMessage=function(e){var t=e.data;if((t||t.secret||t.message||t.value)&&!/[^a-zA-Z0-9]/.test(t.secret)){for(var s,r,n,a=l.querySelectorAll('iframe[data-secret="'+t.secret+'"]'),o=l.querySelectorAll('blockquote[data-secret="'+t.secret+'"]'),c=new RegExp("^https?:$","i"),i=0;i<o.length;i++)o[i].style.display="none";for(i=0;i<a.length;i++)s=a[i],e.source===s.contentWindow&&(s.removeAttribute("style"),"height"===t.message?(1e3<(r=parseInt(t.value,10))?r=1e3:~~r<200&&(r=200),s.height=r):"link"===t.message&&(r=new URL(s.getAttribute("src")),n=new URL(t.value),c.test(n.protocol))&&n.host===r.host&&l.activeElement===s&&(d.top.location.href=t.value))}},d.addEventListener("message",d.wp.receiveEmbedMessage,!1),l.addEventListener("DOMContentLoaded",function(){for(var e,t,s=l.querySelectorAll("iframe.wp-embedded-content"),r=0;r<s.length;r++)(t=(e=s[r]).getAttribute("data-secret"))||(t=Math.random().toString(36).substring(2,12),e.src+="#?secret="+t,e.setAttribute("data-secret",t)),e.contentWindow.postMessage({message:"ready",secret:t},"*")},!1)))}(window,document);
//# sourceURL=https://www.lichen.pl/wp-includes/js/wp-embed.min.js
</script>

Najdłuższa, licząca ok. 500 km piesza pielgrzymka na Jasną Górę dotarła do Lichenia Do Sanktuarium Matki Bożej Licheńskiej weszła dziś 39. Kaszubska Piesza Pielgrzymka z Helu na Jasną Górę. Pątników na schodach bazyliki przywitał ks. Adam Stankiewicz MIC, wicekustosz licheńskiego sanktuarium. Pielgrzymi pokłonili się u stóp Matki Bożej Licheńskiej i tradycyjnie już odprawili krótkie nabożeństwo [&hellip;]
