{"id":95437,"date":"2026-01-05T14:49:08","date_gmt":"2026-01-05T13:49:08","guid":{"rendered":"https:\/\/www.lichen.pl\/events\/rekolekcje-dla-malzenstw-sakramentalnych-nigdy-cie-nie-opuszcze\/"},"modified":"2026-01-20T13:56:26","modified_gmt":"2026-01-20T12:56:26","slug":"rekolekcje-dla-malzenstw-sakramentalnych-nigdy-cie-nie-opuszcze","status":"publish","type":"ajde_events","link":"https:\/\/www.lichen.pl\/es\/events\/rekolekcje-dla-malzenstw-sakramentalnych-nigdy-cie-nie-opuszcze\/","title":{"rendered":"Rekolekcje dla ma\u0142\u017ce\u0144stw sakramentalnych &#8220;Nigdy Ci\u0119 nie opuszcz\u0119&#8221;"},"content":{"rendered":"<p><a href=\"https:\/\/www.lichen.pl\/wp-content\/uploads\/2026\/01\/Nigdy-Cie-nie-opuszcze-15-17-maja-2026.jpg\"><img fetchpriority=\"high\" decoding=\"async\" class=\"aligncenter wp-image-95968 size-medium\" src=\"https:\/\/www.lichen.pl\/wp-content\/uploads\/2026\/01\/Nigdy-Cie-nie-opuszcze-15-17-maja-2026-212x300.jpg\" alt=\"\" width=\"212\" height=\"300\" srcset=\"https:\/\/www.lichen.pl\/wp-content\/uploads\/2026\/01\/Nigdy-Cie-nie-opuszcze-15-17-maja-2026-212x300.jpg 212w, https:\/\/www.lichen.pl\/wp-content\/uploads\/2026\/01\/Nigdy-Cie-nie-opuszcze-15-17-maja-2026-724x1024.jpg 724w, https:\/\/www.lichen.pl\/wp-content\/uploads\/2026\/01\/Nigdy-Cie-nie-opuszcze-15-17-maja-2026-768x1086.jpg 768w, https:\/\/www.lichen.pl\/wp-content\/uploads\/2026\/01\/Nigdy-Cie-nie-opuszcze-15-17-maja-2026-1086x1536.jpg 1086w, https:\/\/www.lichen.pl\/wp-content\/uploads\/2026\/01\/Nigdy-Cie-nie-opuszcze-15-17-maja-2026-1448x2048.jpg 1448w, https:\/\/www.lichen.pl\/wp-content\/uploads\/2026\/01\/Nigdy-Cie-nie-opuszcze-15-17-maja-2026-8x12.jpg 8w, https:\/\/www.lichen.pl\/wp-content\/uploads\/2026\/01\/Nigdy-Cie-nie-opuszcze-15-17-maja-2026-800x1132.jpg 800w, https:\/\/www.lichen.pl\/wp-content\/uploads\/2026\/01\/Nigdy-Cie-nie-opuszcze-15-17-maja-2026.jpg 905w\" sizes=\"(max-width: 212px) 100vw, 212px\" \/><\/a><\/p>\n<p style=\"text-align: center;\">Inscripci\u00f3n: <a href=\"https:\/\/www.lichen.pl\/es\/biuro-obslugi-pielgrzyma\/\" target=\"_blank\" rel=\"noopener\"><span style=\"text-decoration: underline; color: #0000ff;\">Oficina de Atenci\u00f3n al Peregrino<\/span><\/a><br \/>\ntel.: (+48) 63 270 81 63, (+48) 63 270 81 42<br \/>\ncorreo electr\u00f3nico: lichen@lichen.pl<\/p>\n<p style=\"text-align: center;\"><a href=\"https:\/\/www.lichen.pl\/es\/rekolekcje-dla-malzenstw-nigdy-cie-nie-opuszcze\/\"><span style=\"color: #ff0000;\">Ver la descripci\u00f3n del retiro<\/span><\/a><\/p>\n<p>&nbsp;<\/p>\n<p>&nbsp;<\/p>\n<p>&nbsp;<\/p>","protected":false},"author":7,"featured_media":-1,"menu_order":0,"comment_status":"open","ping_status":"closed","template":"","meta":[],"tags":[],"event_type":[54],"event_type_2":[],"class_list":["post-95437","ajde_events","type-ajde_events","status-publish","has-post-thumbnail","hentry","event_type-rekolekcje","wpbf-post"],"yoast_head":"<!-- This site is optimized with the Yoast SEO plugin v27.4 - https:\/\/yoast.com\/product\/yoast-seo-wordpress\/ -->\n<title>Rekolekcje dla ma\u0142\u017ce\u0144stw sakramentalnych &quot;Nigdy Ci\u0119 nie opuszcz\u0119&quot; - SANKTUARIUM W LICHENIU<\/title>\n<meta name=\"robots\" content=\"index, follow, max-snippet:-1, max-image-preview:large, max-video-preview:-1\" \/>\n<link rel=\"canonical\" href=\"https:\/\/www.lichen.pl\/es\/events\/rekolekcje-dla-malzenstw-sakramentalnych-nigdy-cie-nie-opuszcze\/\" \/>\n<meta property=\"og:locale\" content=\"es_ES\" \/>\n<meta property=\"og:type\" content=\"article\" \/>\n<meta property=\"og:title\" content=\"Rekolekcje dla ma\u0142\u017ce\u0144stw sakramentalnych &quot;Nigdy Ci\u0119 nie opuszcz\u0119&quot; - SANKTUARIUM W LICHENIU\" \/>\n<meta property=\"og:description\" content=\"Zapisy: Biuro Obs\u0142ugi Pielgrzyma tel.: (+48) 63 270 81 63, (+48) 63 270 81 42 e-mail: lichen@lichen.pl Zobacz opis rekolekcji &nbsp; &nbsp; &nbsp;\" \/>\n<meta property=\"og:url\" content=\"https:\/\/www.lichen.pl\/es\/events\/rekolekcje-dla-malzenstw-sakramentalnych-nigdy-cie-nie-opuszcze\/\" \/>\n<meta property=\"og:site_name\" content=\"SANKTUARIUM W LICHENIU\" \/>\n<meta property=\"article:modified_time\" content=\"2026-01-20T12:56:26+00:00\" \/>\n<meta name=\"twitter:card\" content=\"summary_large_image\" \/>\n<meta name=\"twitter:label1\" content=\"Tiempo de lectura\" \/>\n\t<meta name=\"twitter:data1\" content=\"1 minuto\" \/>\n<script type=\"application\/ld+json\" class=\"yoast-schema-graph\">{\"@context\":\"https:\\\/\\\/schema.org\",\"@graph\":[{\"@type\":\"WebPage\",\"@id\":\"https:\\\/\\\/www.lichen.pl\\\/events\\\/rekolekcje-dla-malzenstw-sakramentalnych-nigdy-cie-nie-opuszcze\\\/\",\"url\":\"https:\\\/\\\/www.lichen.pl\\\/events\\\/rekolekcje-dla-malzenstw-sakramentalnych-nigdy-cie-nie-opuszcze\\\/\",\"name\":\"Rekolekcje dla ma\u0142\u017ce\u0144stw sakramentalnych \\\"Nigdy Ci\u0119 nie opuszcz\u0119\\\" - SANKTUARIUM W LICHENIU\",\"isPartOf\":{\"@id\":\"https:\\\/\\\/www.lichen.pl\\\/fr\\\/#website\"},\"primaryImageOfPage\":{\"@id\":\"https:\\\/\\\/www.lichen.pl\\\/events\\\/rekolekcje-dla-malzenstw-sakramentalnych-nigdy-cie-nie-opuszcze\\\/#primaryimage\"},\"image\":{\"@id\":\"https:\\\/\\\/www.lichen.pl\\\/events\\\/rekolekcje-dla-malzenstw-sakramentalnych-nigdy-cie-nie-opuszcze\\\/#primaryimage\"},\"thumbnailUrl\":\"https:\\\/\\\/www.lichen.pl\\\/wp-content\\\/uploads\\\/2026\\\/01\\\/Nigdy-Cie-nie-opuszcze-15-17-maja-2026-212x300.jpg\",\"datePublished\":\"2026-01-05T13:49:08+00:00\",\"dateModified\":\"2026-01-20T12:56:26+00:00\",\"breadcrumb\":{\"@id\":\"https:\\\/\\\/www.lichen.pl\\\/events\\\/rekolekcje-dla-malzenstw-sakramentalnych-nigdy-cie-nie-opuszcze\\\/#breadcrumb\"},\"inLanguage\":\"es\",\"potentialAction\":[{\"@type\":\"ReadAction\",\"target\":[\"https:\\\/\\\/www.lichen.pl\\\/events\\\/rekolekcje-dla-malzenstw-sakramentalnych-nigdy-cie-nie-opuszcze\\\/\"]}]},{\"@type\":\"ImageObject\",\"inLanguage\":\"es\",\"@id\":\"https:\\\/\\\/www.lichen.pl\\\/events\\\/rekolekcje-dla-malzenstw-sakramentalnych-nigdy-cie-nie-opuszcze\\\/#primaryimage\",\"url\":\"https:\\\/\\\/www.lichen.pl\\\/wp-content\\\/uploads\\\/2026\\\/01\\\/Nigdy-Cie-nie-opuszcze-15-17-maja-2026-212x300.jpg\",\"contentUrl\":\"https:\\\/\\\/www.lichen.pl\\\/wp-content\\\/uploads\\\/2026\\\/01\\\/Nigdy-Cie-nie-opuszcze-15-17-maja-2026-212x300.jpg\"},{\"@type\":\"BreadcrumbList\",\"@id\":\"https:\\\/\\\/www.lichen.pl\\\/events\\\/rekolekcje-dla-malzenstw-sakramentalnych-nigdy-cie-nie-opuszcze\\\/#breadcrumb\",\"itemListElement\":[{\"@type\":\"ListItem\",\"position\":1,\"name\":\"Strona g\u0142\u00f3wna\",\"item\":\"https:\\\/\\\/www.lichen.pl\\\/\"},{\"@type\":\"ListItem\",\"position\":2,\"name\":\"Events\",\"item\":\"http:\\\/\\\/www.lichen.pl\\\/en\\\/events\\\/\"},{\"@type\":\"ListItem\",\"position\":3,\"name\":\"Rekolekcje dla ma\u0142\u017ce\u0144stw sakramentalnych &#8220;Nigdy Ci\u0119 nie opuszcz\u0119&#8221;\"}]},{\"@type\":\"WebSite\",\"@id\":\"https:\\\/\\\/www.lichen.pl\\\/fr\\\/#website\",\"url\":\"https:\\\/\\\/www.lichen.pl\\\/fr\\\/\",\"name\":\"SANKTUARIUM W LICHENIU\",\"description\":\"MATKI BO\u017bEJ LICHE\u0143SKIEJ BOLESNEJ KR\u00d3LOWEJ POLSKI\",\"potentialAction\":[{\"@type\":\"SearchAction\",\"target\":{\"@type\":\"EntryPoint\",\"urlTemplate\":\"https:\\\/\\\/www.lichen.pl\\\/fr\\\/?s={search_term_string}\"},\"query-input\":{\"@type\":\"PropertyValueSpecification\",\"valueRequired\":true,\"valueName\":\"search_term_string\"}}],\"inLanguage\":\"es\"}]}<\/script>\n<!-- \/ Yoast SEO plugin. -->","yoast_head_json":{"title":"Rekolekcje dla ma\u0142\u017ce\u0144stw sakramentalnych \"Nigdy Ci\u0119 nie opuszcz\u0119\" - SANKTUARIUM W LICHENIU","robots":{"index":"index","follow":"follow","max-snippet":"max-snippet:-1","max-image-preview":"max-image-preview:large","max-video-preview":"max-video-preview:-1"},"canonical":"https:\/\/www.lichen.pl\/es\/events\/rekolekcje-dla-malzenstw-sakramentalnych-nigdy-cie-nie-opuszcze\/","og_locale":"es_ES","og_type":"article","og_title":"Rekolekcje dla ma\u0142\u017ce\u0144stw sakramentalnych \"Nigdy Ci\u0119 nie opuszcz\u0119\" - SANKTUARIUM W LICHENIU","og_description":"Zapisy: Biuro Obs\u0142ugi Pielgrzyma tel.: (+48) 63 270 81 63, (+48) 63 270 81 42 e-mail: lichen@lichen.pl Zobacz opis rekolekcji &nbsp; &nbsp; &nbsp;","og_url":"https:\/\/www.lichen.pl\/es\/events\/rekolekcje-dla-malzenstw-sakramentalnych-nigdy-cie-nie-opuszcze\/","og_site_name":"SANKTUARIUM W LICHENIU","article_modified_time":"2026-01-20T12:56:26+00:00","twitter_card":"summary_large_image","twitter_misc":{"Tiempo de lectura":"1 minuto"},"schema":{"@context":"https:\/\/schema.org","@graph":[{"@type":"WebPage","@id":"https:\/\/www.lichen.pl\/events\/rekolekcje-dla-malzenstw-sakramentalnych-nigdy-cie-nie-opuszcze\/","url":"https:\/\/www.lichen.pl\/events\/rekolekcje-dla-malzenstw-sakramentalnych-nigdy-cie-nie-opuszcze\/","name":"Rekolekcje dla ma\u0142\u017ce\u0144stw sakramentalnych \"Nigdy Ci\u0119 nie opuszcz\u0119\" - SANKTUARIUM W LICHENIU","isPartOf":{"@id":"https:\/\/www.lichen.pl\/fr\/#website"},"primaryImageOfPage":{"@id":"https:\/\/www.lichen.pl\/events\/rekolekcje-dla-malzenstw-sakramentalnych-nigdy-cie-nie-opuszcze\/#primaryimage"},"image":{"@id":"https:\/\/www.lichen.pl\/events\/rekolekcje-dla-malzenstw-sakramentalnych-nigdy-cie-nie-opuszcze\/#primaryimage"},"thumbnailUrl":"https:\/\/www.lichen.pl\/wp-content\/uploads\/2026\/01\/Nigdy-Cie-nie-opuszcze-15-17-maja-2026-212x300.jpg","datePublished":"2026-01-05T13:49:08+00:00","dateModified":"2026-01-20T12:56:26+00:00","breadcrumb":{"@id":"https:\/\/www.lichen.pl\/events\/rekolekcje-dla-malzenstw-sakramentalnych-nigdy-cie-nie-opuszcze\/#breadcrumb"},"inLanguage":"es","potentialAction":[{"@type":"ReadAction","target":["https:\/\/www.lichen.pl\/events\/rekolekcje-dla-malzenstw-sakramentalnych-nigdy-cie-nie-opuszcze\/"]}]},{"@type":"ImageObject","inLanguage":"es","@id":"https:\/\/www.lichen.pl\/events\/rekolekcje-dla-malzenstw-sakramentalnych-nigdy-cie-nie-opuszcze\/#primaryimage","url":"https:\/\/www.lichen.pl\/wp-content\/uploads\/2026\/01\/Nigdy-Cie-nie-opuszcze-15-17-maja-2026-212x300.jpg","contentUrl":"https:\/\/www.lichen.pl\/wp-content\/uploads\/2026\/01\/Nigdy-Cie-nie-opuszcze-15-17-maja-2026-212x300.jpg"},{"@type":"BreadcrumbList","@id":"https:\/\/www.lichen.pl\/events\/rekolekcje-dla-malzenstw-sakramentalnych-nigdy-cie-nie-opuszcze\/#breadcrumb","itemListElement":[{"@type":"ListItem","position":1,"name":"Strona g\u0142\u00f3wna","item":"https:\/\/www.lichen.pl\/"},{"@type":"ListItem","position":2,"name":"Events","item":"http:\/\/www.lichen.pl\/en\/events\/"},{"@type":"ListItem","position":3,"name":"Rekolekcje dla ma\u0142\u017ce\u0144stw sakramentalnych &#8220;Nigdy Ci\u0119 nie opuszcz\u0119&#8221;"}]},{"@type":"WebSite","@id":"https:\/\/www.lichen.pl\/fr\/#website","url":"https:\/\/www.lichen.pl\/fr\/","name":"SANTUARIO EN LICHENIA","description":"LA DOLOROSA REINA DE POLONIA DE NUESTRO LICHEN","potentialAction":[{"@type":"SearchAction","target":{"@type":"EntryPoint","urlTemplate":"https:\/\/www.lichen.pl\/fr\/?s={search_term_string}"},"query-input":{"@type":"PropertyValueSpecification","valueRequired":true,"valueName":"search_term_string"}}],"inLanguage":"es"}]}},"_links":{"self":[{"href":"https:\/\/www.lichen.pl\/es\/wp-json\/wp\/v2\/ajde_events\/95437","targetHints":{"allow":["GET"]}}],"collection":[{"href":"https:\/\/www.lichen.pl\/es\/wp-json\/wp\/v2\/ajde_events"}],"about":[{"href":"https:\/\/www.lichen.pl\/es\/wp-json\/wp\/v2\/types\/ajde_events"}],"author":[{"embeddable":true,"href":"https:\/\/www.lichen.pl\/es\/wp-json\/wp\/v2\/users\/7"}],"replies":[{"embeddable":true,"href":"https:\/\/www.lichen.pl\/es\/wp-json\/wp\/v2\/comments?post=95437"}],"version-history":[{"count":3,"href":"https:\/\/www.lichen.pl\/es\/wp-json\/wp\/v2\/ajde_events\/95437\/revisions"}],"predecessor-version":[{"id":95970,"href":"https:\/\/www.lichen.pl\/es\/wp-json\/wp\/v2\/ajde_events\/95437\/revisions\/95970"}],"wp:featuredmedia":[{"embeddable":true,"href":"https:\/\/www.lichen.pl\/es\/wp-json\/"}],"wp:attachment":[{"href":"https:\/\/www.lichen.pl\/es\/wp-json\/wp\/v2\/media?parent=95437"}],"wp:term":[{"taxonomy":"post_tag","embeddable":true,"href":"https:\/\/www.lichen.pl\/es\/wp-json\/wp\/v2\/tags?post=95437"},{"taxonomy":"event_type","embeddable":true,"href":"https:\/\/www.lichen.pl\/es\/wp-json\/wp\/v2\/event_type?post=95437"},{"taxonomy":"event_type_2","embeddable":true,"href":"https:\/\/www.lichen.pl\/es\/wp-json\/wp\/v2\/event_type_2?post=95437"}],"curies":[{"name":"wp","href":"https:\/\/api.w.org\/{rel}","templated":true}]}}

Rekolekcje dla małżeństw sakramentalnych &#8220;Nigdy Cię nie opuszczę&#8221;

<p><a href="https://www.lichen.pl/wp-content/uploads/2026/01/Nigdy-Cie-nie-opuszcze-15-17-maja-2026.jpg"><img fetchpriority="high" decoding="async" class="aligncenter wp-image-95968 size-medium" src="https://www.lichen.pl/wp-content/uploads/2026/01/Nigdy-Cie-nie-opuszcze-15-17-maja-2026-212x300.jpg" alt="" width="212" height="300" srcset="https://www.lichen.pl/wp-content/uploads/2026/01/Nigdy-Cie-nie-opuszcze-15-17-maja-2026-212x300.jpg 212w, https://www.lichen.pl/wp-content/uploads/2026/01/Nigdy-Cie-nie-opuszcze-15-17-maja-2026-724x1024.jpg 724w, https://www.lichen.pl/wp-content/uploads/2026/01/Nigdy-Cie-nie-opuszcze-15-17-maja-2026-768x1086.jpg 768w, https://www.lichen.pl/wp-content/uploads/2026/01/Nigdy-Cie-nie-opuszcze-15-17-maja-2026-1086x1536.jpg 1086w, https://www.lichen.pl/wp-content/uploads/2026/01/Nigdy-Cie-nie-opuszcze-15-17-maja-2026-1448x2048.jpg 1448w, https://www.lichen.pl/wp-content/uploads/2026/01/Nigdy-Cie-nie-opuszcze-15-17-maja-2026-8x12.jpg 8w, https://www.lichen.pl/wp-content/uploads/2026/01/Nigdy-Cie-nie-opuszcze-15-17-maja-2026-800x1132.jpg 800w, https://www.lichen.pl/wp-content/uploads/2026/01/Nigdy-Cie-nie-opuszcze-15-17-maja-2026.jpg 905w" sizes="(max-width: 212px) 100vw, 212px" /></a></p>
<p style="text-align: center;">Inscripción: <a href="https://www.lichen.pl/es/biuro-obslugi-pielgrzyma/" target="_blank" rel="noopener"><span style="text-decoration: underline; color: #0000ff;">Oficina de Atención al Peregrino</span></a><br />
tel.: (+48) 63 270 81 63, (+48) 63 270 81 42<br />
correo electrónico: lichen@lichen.pl</p>
<p style="text-align: center;"><a href="https://www.lichen.pl/es/rekolekcje-dla-malzenstw-nigdy-cie-nie-opuszcze/"><span style="color: #ff0000;">Ver la descripción del retiro</span></a></p>
<p>&nbsp;</p>
<p>&nbsp;</p>
<p>&nbsp;</p>

<!-- This site is optimized with the Yoast SEO plugin v27.4 - https://yoast.com/product/yoast-seo-wordpress/ -->
<title>Rekolekcje dla małżeństw sakramentalnych &quot;Nigdy Cię nie opuszczę&quot; - SANKTUARIUM W LICHENIU</title>
<meta name="robots" content="index, follow, max-snippet:-1, max-image-preview:large, max-video-preview:-1" />
<link rel="canonical" href="https://www.lichen.pl/es/events/rekolekcje-dla-malzenstw-sakramentalnych-nigdy-cie-nie-opuszcze/" />
<meta property="og:locale" content="es_ES" />
<meta property="og:type" content="article" />
<meta property="og:title" content="Rekolekcje dla małżeństw sakramentalnych &quot;Nigdy Cię nie opuszczę&quot; - SANKTUARIUM W LICHENIU" />
<meta property="og:description" content="Zapisy: Biuro Obsługi Pielgrzyma tel.: (+48) 63 270 81 63, (+48) 63 270 81 42 e-mail: lichen@lichen.pl Zobacz opis rekolekcji &nbsp; &nbsp; &nbsp;" />
<meta property="og:url" content="https://www.lichen.pl/es/events/rekolekcje-dla-malzenstw-sakramentalnych-nigdy-cie-nie-opuszcze/" />
<meta property="og:site_name" content="SANKTUARIUM W LICHENIU" />
<meta property="article:modified_time" content="2026-01-20T12:56:26+00:00" />
<meta name="twitter:card" content="summary_large_image" />
<meta name="twitter:label1" content="Tiempo de lectura" />
	<meta name="twitter:data1" content="1 minuto" />
<script type="application/ld+json" class="yoast-schema-graph">{"@context":"https:\/\/schema.org","@graph":[{"@type":"WebPage","@id":"https:\/\/www.lichen.pl\/events\/rekolekcje-dla-malzenstw-sakramentalnych-nigdy-cie-nie-opuszcze\/","url":"https:\/\/www.lichen.pl\/events\/rekolekcje-dla-malzenstw-sakramentalnych-nigdy-cie-nie-opuszcze\/","name":"Rekolekcje dla małżeństw sakramentalnych \"Nigdy Cię nie opuszczę\" - SANKTUARIUM W LICHENIU","isPartOf":{"@id":"https:\/\/www.lichen.pl\/fr\/#website"},"primaryImageOfPage":{"@id":"https:\/\/www.lichen.pl\/events\/rekolekcje-dla-malzenstw-sakramentalnych-nigdy-cie-nie-opuszcze\/#primaryimage"},"image":{"@id":"https:\/\/www.lichen.pl\/events\/rekolekcje-dla-malzenstw-sakramentalnych-nigdy-cie-nie-opuszcze\/#primaryimage"},"thumbnailUrl":"https:\/\/www.lichen.pl\/wp-content\/uploads\/2026\/01\/Nigdy-Cie-nie-opuszcze-15-17-maja-2026-212x300.jpg","datePublished":"2026-01-05T13:49:08+00:00","dateModified":"2026-01-20T12:56:26+00:00","breadcrumb":{"@id":"https:\/\/www.lichen.pl\/events\/rekolekcje-dla-malzenstw-sakramentalnych-nigdy-cie-nie-opuszcze\/#breadcrumb"},"inLanguage":"es","potentialAction":[{"@type":"ReadAction","target":["https:\/\/www.lichen.pl\/events\/rekolekcje-dla-malzenstw-sakramentalnych-nigdy-cie-nie-opuszcze\/"]}]},{"@type":"ImageObject","inLanguage":"es","@id":"https:\/\/www.lichen.pl\/events\/rekolekcje-dla-malzenstw-sakramentalnych-nigdy-cie-nie-opuszcze\/#primaryimage","url":"https:\/\/www.lichen.pl\/wp-content\/uploads\/2026\/01\/Nigdy-Cie-nie-opuszcze-15-17-maja-2026-212x300.jpg","contentUrl":"https:\/\/www.lichen.pl\/wp-content\/uploads\/2026\/01\/Nigdy-Cie-nie-opuszcze-15-17-maja-2026-212x300.jpg"},{"@type":"BreadcrumbList","@id":"https:\/\/www.lichen.pl\/events\/rekolekcje-dla-malzenstw-sakramentalnych-nigdy-cie-nie-opuszcze\/#breadcrumb","itemListElement":[{"@type":"ListItem","position":1,"name":"Strona główna","item":"https:\/\/www.lichen.pl\/"},{"@type":"ListItem","position":2,"name":"Events","item":"http:\/\/www.lichen.pl\/en\/events\/"},{"@type":"ListItem","position":3,"name":"Rekolekcje dla małżeństw sakramentalnych &#8220;Nigdy Cię nie opuszczę&#8221;"}]},{"@type":"WebSite","@id":"https:\/\/www.lichen.pl\/fr\/#website","url":"https:\/\/www.lichen.pl\/fr\/","name":"SANKTUARIUM W LICHENIU","description":"MATKI BOŻEJ LICHEŃSKIEJ BOLESNEJ KRÓLOWEJ POLSKI","potentialAction":[{"@type":"SearchAction","target":{"@type":"EntryPoint","urlTemplate":"https:\/\/www.lichen.pl\/fr\/?s={search_term_string}"},"query-input":{"@type":"PropertyValueSpecification","valueRequired":true,"valueName":"search_term_string"}}],"inLanguage":"es"}]}</script>
<!-- / Yoast SEO plugin. -->

Rekolekcje dla małżeństw sakramentalnych "Nigdy Cię nie opuszczę" - SANKTUARIUM W LICHENIU

Zapisy: Biuro Obsługi Pielgrzyma tel.: (+48) 63 270 81 63, (+48) 63 270 81 42 e-mail: lichen@lichen.pl Zobacz opis rekolekcji &nbsp; &nbsp; &nbsp;

Strona główna
