{"id":95599,"date":"2026-01-09T11:57:05","date_gmt":"2026-01-09T10:57:05","guid":{"rendered":"https:\/\/www.lichen.pl\/events\/modlitwa-slowem-boga-wielbi-dusza-moja-pana\/"},"modified":"2026-03-23T14:06:13","modified_gmt":"2026-03-23T13:06:13","slug":"modlitwa-slowem-boga-wielbi-dusza-moja-pana","status":"publish","type":"ajde_events","link":"https:\/\/www.lichen.pl\/es\/events\/modlitwa-slowem-boga-wielbi-dusza-moja-pana\/","title":{"rendered":"Modlitwa s\u0142owem Boga &#8220;Wielbi dusza moja Pana&#8221;"},"content":{"rendered":"<p><a href=\"https:\/\/www.lichen.pl\/wp-content\/uploads\/2026\/01\/rekolekcje-Modlitwa-slowem-12-14-czerwca-MR.jpg\"><img fetchpriority=\"high\" decoding=\"async\" class=\"aligncenter wp-image-98305 size-medium\" src=\"https:\/\/www.lichen.pl\/wp-content\/uploads\/2026\/01\/rekolekcje-Modlitwa-slowem-12-14-czerwca-MR-242x300.jpg\" alt=\"\" width=\"242\" height=\"300\" srcset=\"https:\/\/www.lichen.pl\/wp-content\/uploads\/2026\/01\/rekolekcje-Modlitwa-slowem-12-14-czerwca-MR-242x300.jpg 242w, https:\/\/www.lichen.pl\/wp-content\/uploads\/2026\/01\/rekolekcje-Modlitwa-slowem-12-14-czerwca-MR-827x1024.jpg 827w, https:\/\/www.lichen.pl\/wp-content\/uploads\/2026\/01\/rekolekcje-Modlitwa-slowem-12-14-czerwca-MR-768x951.jpg 768w, https:\/\/www.lichen.pl\/wp-content\/uploads\/2026\/01\/rekolekcje-Modlitwa-slowem-12-14-czerwca-MR-1240x1536.jpg 1240w, https:\/\/www.lichen.pl\/wp-content\/uploads\/2026\/01\/rekolekcje-Modlitwa-slowem-12-14-czerwca-MR-1654x2048.jpg 1654w, https:\/\/www.lichen.pl\/wp-content\/uploads\/2026\/01\/rekolekcje-Modlitwa-slowem-12-14-czerwca-MR-10x12.jpg 10w, https:\/\/www.lichen.pl\/wp-content\/uploads\/2026\/01\/rekolekcje-Modlitwa-slowem-12-14-czerwca-MR-800x991.jpg 800w, https:\/\/www.lichen.pl\/wp-content\/uploads\/2026\/01\/rekolekcje-Modlitwa-slowem-12-14-czerwca-MR.jpg 1034w\" sizes=\"(max-width: 242px) 100vw, 242px\" \/><\/a><\/p>\n<p style=\"text-align: center;\">Inscripci\u00f3n: <span style=\"text-decoration: underline; color: #0000ff;\"><a style=\"color: #0000ff; text-decoration: underline;\" href=\"https:\/\/www.lichen.pl\/es\/biuro-obslugi-pielgrzyma\/\" target=\"_blank\" rel=\"noopener\">Oficina de Atenci\u00f3n al Peregrino<\/a><\/span><br \/>\ntel.: (+48) 63 270 81 63, (+48) 63 270 81 42<br \/>\ncorreo electr\u00f3nico: lichen@lichen.pl<\/p>\n<p style=\"text-align: center;\"><a href=\"https:\/\/www.lichen.pl\/es\/modlitwa-slowem-boga-wielbi-dusza-moja-pana\/\">Ver la descripci\u00f3n del retiro<\/a><\/p>","protected":false},"author":7,"featured_media":-1,"menu_order":0,"comment_status":"open","ping_status":"closed","template":"","meta":[],"tags":[],"event_type":[54],"event_type_2":[],"class_list":["post-95599","ajde_events","type-ajde_events","status-publish","has-post-thumbnail","hentry","event_type-rekolekcje","wpbf-post"],"yoast_head":"<!-- This site is optimized with the Yoast SEO plugin v27.4 - https:\/\/yoast.com\/product\/yoast-seo-wordpress\/ -->\n<title>Modlitwa s\u0142owem Boga &quot;Wielbi dusza moja Pana&quot; - SANKTUARIUM W LICHENIU<\/title>\n<meta name=\"robots\" content=\"index, follow, max-snippet:-1, max-image-preview:large, max-video-preview:-1\" \/>\n<link rel=\"canonical\" href=\"https:\/\/www.lichen.pl\/es\/events\/modlitwa-slowem-boga-wielbi-dusza-moja-pana\/\" \/>\n<meta property=\"og:locale\" content=\"es_ES\" \/>\n<meta property=\"og:type\" content=\"article\" \/>\n<meta property=\"og:title\" content=\"Modlitwa s\u0142owem Boga &quot;Wielbi dusza moja Pana&quot; - SANKTUARIUM W LICHENIU\" \/>\n<meta property=\"og:description\" content=\"Zapisy: Biuro Obs\u0142ugi Pielgrzyma tel.: (+48) 63 270 81 63, (+48) 63 270 81 42 e-mail: lichen@lichen.pl Zobacz opis rekolekcji\" \/>\n<meta property=\"og:url\" content=\"https:\/\/www.lichen.pl\/es\/events\/modlitwa-slowem-boga-wielbi-dusza-moja-pana\/\" \/>\n<meta property=\"og:site_name\" content=\"SANKTUARIUM W LICHENIU\" \/>\n<meta property=\"article:modified_time\" content=\"2026-03-23T13:06:13+00:00\" \/>\n<meta name=\"twitter:card\" content=\"summary_large_image\" \/>\n<meta name=\"twitter:label1\" content=\"Tiempo de lectura\" \/>\n\t<meta name=\"twitter:data1\" content=\"1 minuto\" \/>\n<script type=\"application\/ld+json\" class=\"yoast-schema-graph\">{\"@context\":\"https:\\\/\\\/schema.org\",\"@graph\":[{\"@type\":\"WebPage\",\"@id\":\"https:\\\/\\\/www.lichen.pl\\\/events\\\/modlitwa-slowem-boga-wielbi-dusza-moja-pana\\\/\",\"url\":\"https:\\\/\\\/www.lichen.pl\\\/events\\\/modlitwa-slowem-boga-wielbi-dusza-moja-pana\\\/\",\"name\":\"Modlitwa s\u0142owem Boga \\\"Wielbi dusza moja Pana\\\" - SANKTUARIUM W LICHENIU\",\"isPartOf\":{\"@id\":\"https:\\\/\\\/www.lichen.pl\\\/fr\\\/#website\"},\"primaryImageOfPage\":{\"@id\":\"https:\\\/\\\/www.lichen.pl\\\/events\\\/modlitwa-slowem-boga-wielbi-dusza-moja-pana\\\/#primaryimage\"},\"image\":{\"@id\":\"https:\\\/\\\/www.lichen.pl\\\/events\\\/modlitwa-slowem-boga-wielbi-dusza-moja-pana\\\/#primaryimage\"},\"thumbnailUrl\":\"https:\\\/\\\/www.lichen.pl\\\/wp-content\\\/uploads\\\/2026\\\/01\\\/rekolekcje-Modlitwa-slowem-12-14-czerwca-MR-242x300.jpg\",\"datePublished\":\"2026-01-09T10:57:05+00:00\",\"dateModified\":\"2026-03-23T13:06:13+00:00\",\"breadcrumb\":{\"@id\":\"https:\\\/\\\/www.lichen.pl\\\/events\\\/modlitwa-slowem-boga-wielbi-dusza-moja-pana\\\/#breadcrumb\"},\"inLanguage\":\"es\",\"potentialAction\":[{\"@type\":\"ReadAction\",\"target\":[\"https:\\\/\\\/www.lichen.pl\\\/events\\\/modlitwa-slowem-boga-wielbi-dusza-moja-pana\\\/\"]}]},{\"@type\":\"ImageObject\",\"inLanguage\":\"es\",\"@id\":\"https:\\\/\\\/www.lichen.pl\\\/events\\\/modlitwa-slowem-boga-wielbi-dusza-moja-pana\\\/#primaryimage\",\"url\":\"https:\\\/\\\/www.lichen.pl\\\/wp-content\\\/uploads\\\/2026\\\/01\\\/rekolekcje-Modlitwa-slowem-12-14-czerwca-MR-242x300.jpg\",\"contentUrl\":\"https:\\\/\\\/www.lichen.pl\\\/wp-content\\\/uploads\\\/2026\\\/01\\\/rekolekcje-Modlitwa-slowem-12-14-czerwca-MR-242x300.jpg\"},{\"@type\":\"BreadcrumbList\",\"@id\":\"https:\\\/\\\/www.lichen.pl\\\/events\\\/modlitwa-slowem-boga-wielbi-dusza-moja-pana\\\/#breadcrumb\",\"itemListElement\":[{\"@type\":\"ListItem\",\"position\":1,\"name\":\"Strona g\u0142\u00f3wna\",\"item\":\"https:\\\/\\\/www.lichen.pl\\\/\"},{\"@type\":\"ListItem\",\"position\":2,\"name\":\"Events\",\"item\":\"http:\\\/\\\/www.lichen.pl\\\/en\\\/events\\\/\"},{\"@type\":\"ListItem\",\"position\":3,\"name\":\"Modlitwa s\u0142owem Boga &#8220;Wielbi dusza moja Pana&#8221;\"}]},{\"@type\":\"WebSite\",\"@id\":\"https:\\\/\\\/www.lichen.pl\\\/fr\\\/#website\",\"url\":\"https:\\\/\\\/www.lichen.pl\\\/fr\\\/\",\"name\":\"SANKTUARIUM W LICHENIU\",\"description\":\"MATKI BO\u017bEJ LICHE\u0143SKIEJ BOLESNEJ KR\u00d3LOWEJ POLSKI\",\"potentialAction\":[{\"@type\":\"SearchAction\",\"target\":{\"@type\":\"EntryPoint\",\"urlTemplate\":\"https:\\\/\\\/www.lichen.pl\\\/fr\\\/?s={search_term_string}\"},\"query-input\":{\"@type\":\"PropertyValueSpecification\",\"valueRequired\":true,\"valueName\":\"search_term_string\"}}],\"inLanguage\":\"es\"}]}<\/script>\n<!-- \/ Yoast SEO plugin. -->","yoast_head_json":{"title":"Modlitwa s\u0142owem Boga \"Wielbi dusza moja Pana\" - SANKTUARIUM W LICHENIU","robots":{"index":"index","follow":"follow","max-snippet":"max-snippet:-1","max-image-preview":"max-image-preview:large","max-video-preview":"max-video-preview:-1"},"canonical":"https:\/\/www.lichen.pl\/es\/events\/modlitwa-slowem-boga-wielbi-dusza-moja-pana\/","og_locale":"es_ES","og_type":"article","og_title":"Modlitwa s\u0142owem Boga \"Wielbi dusza moja Pana\" - SANKTUARIUM W LICHENIU","og_description":"Zapisy: Biuro Obs\u0142ugi Pielgrzyma tel.: (+48) 63 270 81 63, (+48) 63 270 81 42 e-mail: lichen@lichen.pl Zobacz opis rekolekcji","og_url":"https:\/\/www.lichen.pl\/es\/events\/modlitwa-slowem-boga-wielbi-dusza-moja-pana\/","og_site_name":"SANKTUARIUM W LICHENIU","article_modified_time":"2026-03-23T13:06:13+00:00","twitter_card":"summary_large_image","twitter_misc":{"Tiempo de lectura":"1 minuto"},"schema":{"@context":"https:\/\/schema.org","@graph":[{"@type":"WebPage","@id":"https:\/\/www.lichen.pl\/events\/modlitwa-slowem-boga-wielbi-dusza-moja-pana\/","url":"https:\/\/www.lichen.pl\/events\/modlitwa-slowem-boga-wielbi-dusza-moja-pana\/","name":"Modlitwa s\u0142owem Boga \"Wielbi dusza moja Pana\" - SANKTUARIUM W LICHENIU","isPartOf":{"@id":"https:\/\/www.lichen.pl\/fr\/#website"},"primaryImageOfPage":{"@id":"https:\/\/www.lichen.pl\/events\/modlitwa-slowem-boga-wielbi-dusza-moja-pana\/#primaryimage"},"image":{"@id":"https:\/\/www.lichen.pl\/events\/modlitwa-slowem-boga-wielbi-dusza-moja-pana\/#primaryimage"},"thumbnailUrl":"https:\/\/www.lichen.pl\/wp-content\/uploads\/2026\/01\/rekolekcje-Modlitwa-slowem-12-14-czerwca-MR-242x300.jpg","datePublished":"2026-01-09T10:57:05+00:00","dateModified":"2026-03-23T13:06:13+00:00","breadcrumb":{"@id":"https:\/\/www.lichen.pl\/events\/modlitwa-slowem-boga-wielbi-dusza-moja-pana\/#breadcrumb"},"inLanguage":"es","potentialAction":[{"@type":"ReadAction","target":["https:\/\/www.lichen.pl\/events\/modlitwa-slowem-boga-wielbi-dusza-moja-pana\/"]}]},{"@type":"ImageObject","inLanguage":"es","@id":"https:\/\/www.lichen.pl\/events\/modlitwa-slowem-boga-wielbi-dusza-moja-pana\/#primaryimage","url":"https:\/\/www.lichen.pl\/wp-content\/uploads\/2026\/01\/rekolekcje-Modlitwa-slowem-12-14-czerwca-MR-242x300.jpg","contentUrl":"https:\/\/www.lichen.pl\/wp-content\/uploads\/2026\/01\/rekolekcje-Modlitwa-slowem-12-14-czerwca-MR-242x300.jpg"},{"@type":"BreadcrumbList","@id":"https:\/\/www.lichen.pl\/events\/modlitwa-slowem-boga-wielbi-dusza-moja-pana\/#breadcrumb","itemListElement":[{"@type":"ListItem","position":1,"name":"Strona g\u0142\u00f3wna","item":"https:\/\/www.lichen.pl\/"},{"@type":"ListItem","position":2,"name":"Events","item":"http:\/\/www.lichen.pl\/en\/events\/"},{"@type":"ListItem","position":3,"name":"Modlitwa s\u0142owem Boga &#8220;Wielbi dusza moja Pana&#8221;"}]},{"@type":"WebSite","@id":"https:\/\/www.lichen.pl\/fr\/#website","url":"https:\/\/www.lichen.pl\/fr\/","name":"SANTUARIO EN LICHENIA","description":"LA DOLOROSA REINA DE POLONIA DE NUESTRO LICHEN","potentialAction":[{"@type":"SearchAction","target":{"@type":"EntryPoint","urlTemplate":"https:\/\/www.lichen.pl\/fr\/?s={search_term_string}"},"query-input":{"@type":"PropertyValueSpecification","valueRequired":true,"valueName":"search_term_string"}}],"inLanguage":"es"}]}},"_links":{"self":[{"href":"https:\/\/www.lichen.pl\/es\/wp-json\/wp\/v2\/ajde_events\/95599","targetHints":{"allow":["GET"]}}],"collection":[{"href":"https:\/\/www.lichen.pl\/es\/wp-json\/wp\/v2\/ajde_events"}],"about":[{"href":"https:\/\/www.lichen.pl\/es\/wp-json\/wp\/v2\/types\/ajde_events"}],"author":[{"embeddable":true,"href":"https:\/\/www.lichen.pl\/es\/wp-json\/wp\/v2\/users\/7"}],"replies":[{"embeddable":true,"href":"https:\/\/www.lichen.pl\/es\/wp-json\/wp\/v2\/comments?post=95599"}],"version-history":[{"count":3,"href":"https:\/\/www.lichen.pl\/es\/wp-json\/wp\/v2\/ajde_events\/95599\/revisions"}],"predecessor-version":[{"id":98306,"href":"https:\/\/www.lichen.pl\/es\/wp-json\/wp\/v2\/ajde_events\/95599\/revisions\/98306"}],"wp:featuredmedia":[{"embeddable":true,"href":"https:\/\/www.lichen.pl\/es\/wp-json\/"}],"wp:attachment":[{"href":"https:\/\/www.lichen.pl\/es\/wp-json\/wp\/v2\/media?parent=95599"}],"wp:term":[{"taxonomy":"post_tag","embeddable":true,"href":"https:\/\/www.lichen.pl\/es\/wp-json\/wp\/v2\/tags?post=95599"},{"taxonomy":"event_type","embeddable":true,"href":"https:\/\/www.lichen.pl\/es\/wp-json\/wp\/v2\/event_type?post=95599"},{"taxonomy":"event_type_2","embeddable":true,"href":"https:\/\/www.lichen.pl\/es\/wp-json\/wp\/v2\/event_type_2?post=95599"}],"curies":[{"name":"wp","href":"https:\/\/api.w.org\/{rel}","templated":true}]}}

Modlitwa słowem Boga &#8220;Wielbi dusza moja Pana&#8221;

<p><a href="https://www.lichen.pl/wp-content/uploads/2026/01/rekolekcje-Modlitwa-slowem-12-14-czerwca-MR.jpg"><img fetchpriority="high" decoding="async" class="aligncenter wp-image-98305 size-medium" src="https://www.lichen.pl/wp-content/uploads/2026/01/rekolekcje-Modlitwa-slowem-12-14-czerwca-MR-242x300.jpg" alt="" width="242" height="300" srcset="https://www.lichen.pl/wp-content/uploads/2026/01/rekolekcje-Modlitwa-slowem-12-14-czerwca-MR-242x300.jpg 242w, https://www.lichen.pl/wp-content/uploads/2026/01/rekolekcje-Modlitwa-slowem-12-14-czerwca-MR-827x1024.jpg 827w, https://www.lichen.pl/wp-content/uploads/2026/01/rekolekcje-Modlitwa-slowem-12-14-czerwca-MR-768x951.jpg 768w, https://www.lichen.pl/wp-content/uploads/2026/01/rekolekcje-Modlitwa-slowem-12-14-czerwca-MR-1240x1536.jpg 1240w, https://www.lichen.pl/wp-content/uploads/2026/01/rekolekcje-Modlitwa-slowem-12-14-czerwca-MR-1654x2048.jpg 1654w, https://www.lichen.pl/wp-content/uploads/2026/01/rekolekcje-Modlitwa-slowem-12-14-czerwca-MR-10x12.jpg 10w, https://www.lichen.pl/wp-content/uploads/2026/01/rekolekcje-Modlitwa-slowem-12-14-czerwca-MR-800x991.jpg 800w, https://www.lichen.pl/wp-content/uploads/2026/01/rekolekcje-Modlitwa-slowem-12-14-czerwca-MR.jpg 1034w" sizes="(max-width: 242px) 100vw, 242px" /></a></p>
<p style="text-align: center;">Inscripción: <span style="text-decoration: underline; color: #0000ff;"><a style="color: #0000ff; text-decoration: underline;" href="https://www.lichen.pl/es/biuro-obslugi-pielgrzyma/" target="_blank" rel="noopener">Oficina de Atención al Peregrino</a></span><br />
tel.: (+48) 63 270 81 63, (+48) 63 270 81 42<br />
correo electrónico: lichen@lichen.pl</p>
<p style="text-align: center;"><a href="https://www.lichen.pl/es/modlitwa-slowem-boga-wielbi-dusza-moja-pana/">Ver la descripción del retiro</a></p>

<!-- This site is optimized with the Yoast SEO plugin v27.4 - https://yoast.com/product/yoast-seo-wordpress/ -->
<title>Modlitwa słowem Boga &quot;Wielbi dusza moja Pana&quot; - SANKTUARIUM W LICHENIU</title>
<meta name="robots" content="index, follow, max-snippet:-1, max-image-preview:large, max-video-preview:-1" />
<link rel="canonical" href="https://www.lichen.pl/es/events/modlitwa-slowem-boga-wielbi-dusza-moja-pana/" />
<meta property="og:locale" content="es_ES" />
<meta property="og:type" content="article" />
<meta property="og:title" content="Modlitwa słowem Boga &quot;Wielbi dusza moja Pana&quot; - SANKTUARIUM W LICHENIU" />
<meta property="og:description" content="Zapisy: Biuro Obsługi Pielgrzyma tel.: (+48) 63 270 81 63, (+48) 63 270 81 42 e-mail: lichen@lichen.pl Zobacz opis rekolekcji" />
<meta property="og:url" content="https://www.lichen.pl/es/events/modlitwa-slowem-boga-wielbi-dusza-moja-pana/" />
<meta property="og:site_name" content="SANKTUARIUM W LICHENIU" />
<meta property="article:modified_time" content="2026-03-23T13:06:13+00:00" />
<meta name="twitter:card" content="summary_large_image" />
<meta name="twitter:label1" content="Tiempo de lectura" />
	<meta name="twitter:data1" content="1 minuto" />
<script type="application/ld+json" class="yoast-schema-graph">{"@context":"https:\/\/schema.org","@graph":[{"@type":"WebPage","@id":"https:\/\/www.lichen.pl\/events\/modlitwa-slowem-boga-wielbi-dusza-moja-pana\/","url":"https:\/\/www.lichen.pl\/events\/modlitwa-slowem-boga-wielbi-dusza-moja-pana\/","name":"Modlitwa słowem Boga \"Wielbi dusza moja Pana\" - SANKTUARIUM W LICHENIU","isPartOf":{"@id":"https:\/\/www.lichen.pl\/fr\/#website"},"primaryImageOfPage":{"@id":"https:\/\/www.lichen.pl\/events\/modlitwa-slowem-boga-wielbi-dusza-moja-pana\/#primaryimage"},"image":{"@id":"https:\/\/www.lichen.pl\/events\/modlitwa-slowem-boga-wielbi-dusza-moja-pana\/#primaryimage"},"thumbnailUrl":"https:\/\/www.lichen.pl\/wp-content\/uploads\/2026\/01\/rekolekcje-Modlitwa-slowem-12-14-czerwca-MR-242x300.jpg","datePublished":"2026-01-09T10:57:05+00:00","dateModified":"2026-03-23T13:06:13+00:00","breadcrumb":{"@id":"https:\/\/www.lichen.pl\/events\/modlitwa-slowem-boga-wielbi-dusza-moja-pana\/#breadcrumb"},"inLanguage":"es","potentialAction":[{"@type":"ReadAction","target":["https:\/\/www.lichen.pl\/events\/modlitwa-slowem-boga-wielbi-dusza-moja-pana\/"]}]},{"@type":"ImageObject","inLanguage":"es","@id":"https:\/\/www.lichen.pl\/events\/modlitwa-slowem-boga-wielbi-dusza-moja-pana\/#primaryimage","url":"https:\/\/www.lichen.pl\/wp-content\/uploads\/2026\/01\/rekolekcje-Modlitwa-slowem-12-14-czerwca-MR-242x300.jpg","contentUrl":"https:\/\/www.lichen.pl\/wp-content\/uploads\/2026\/01\/rekolekcje-Modlitwa-slowem-12-14-czerwca-MR-242x300.jpg"},{"@type":"BreadcrumbList","@id":"https:\/\/www.lichen.pl\/events\/modlitwa-slowem-boga-wielbi-dusza-moja-pana\/#breadcrumb","itemListElement":[{"@type":"ListItem","position":1,"name":"Strona główna","item":"https:\/\/www.lichen.pl\/"},{"@type":"ListItem","position":2,"name":"Events","item":"http:\/\/www.lichen.pl\/en\/events\/"},{"@type":"ListItem","position":3,"name":"Modlitwa słowem Boga &#8220;Wielbi dusza moja Pana&#8221;"}]},{"@type":"WebSite","@id":"https:\/\/www.lichen.pl\/fr\/#website","url":"https:\/\/www.lichen.pl\/fr\/","name":"SANKTUARIUM W LICHENIU","description":"MATKI BOŻEJ LICHEŃSKIEJ BOLESNEJ KRÓLOWEJ POLSKI","potentialAction":[{"@type":"SearchAction","target":{"@type":"EntryPoint","urlTemplate":"https:\/\/www.lichen.pl\/fr\/?s={search_term_string}"},"query-input":{"@type":"PropertyValueSpecification","valueRequired":true,"valueName":"search_term_string"}}],"inLanguage":"es"}]}</script>
<!-- / Yoast SEO plugin. -->

Modlitwa słowem Boga "Wielbi dusza moja Pana" - SANKTUARIUM W LICHENIU

Zapisy: Biuro Obsługi Pielgrzyma tel.: (+48) 63 270 81 63, (+48) 63 270 81 42 e-mail: lichen@lichen.pl Zobacz opis rekolekcji

Strona główna
