{"version":"1.0","provider_name":"SANCTUAIRE EN LICHENIE","provider_url":"https:\/\/www.lichen.pl\/fr","title":"Msza prymicyjna maria\u0144skiego neoprezbitera, Marcina Ro\u017cka MIC - SANKTUARIUM W LICHENIU","type":"rich","width":600,"height":338,"html":"<blockquote class=\"wp-embedded-content\" data-secret=\"4N8PgGqbMG\"><a href=\"https:\/\/www.lichen.pl\/fr\/prymicje-ksrozek\/\">Msza prymicyjna maria\u0144skiego neoprezbitera, Marcina Ro\u017cka MIC<\/a><\/blockquote><iframe sandbox=\"allow-scripts\" security=\"restricted\" src=\"https:\/\/www.lichen.pl\/fr\/prymicje-ksrozek\/embed\/#?secret=4N8PgGqbMG\" width=\"600\" height=\"338\" title=\"\u00ab\u00a0Msza prymicyjna maria\u0144skiego neoprezbitera, Marcina Ro\u017cka MIC\u00a0\u00bb &#8212; SANKTUARIUM W LICHENIU\" data-secret=\"4N8PgGqbMG\" frameborder=\"0\" marginwidth=\"0\" marginheight=\"0\" scrolling=\"no\" class=\"wp-embedded-content\"><\/iframe><script>\n\/*! This file is auto-generated *\/\n!function(d,l){\"use strict\";l.querySelector&&d.addEventListener&&\"undefined\"!=typeof URL&&(d.wp=d.wp||{},d.wp.receiveEmbedMessage||(d.wp.receiveEmbedMessage=function(e){var t=e.data;if((t||t.secret||t.message||t.value)&&!\/[^a-zA-Z0-9]\/.test(t.secret)){for(var s,r,n,a=l.querySelectorAll('iframe[data-secret=\"'+t.secret+'\"]'),o=l.querySelectorAll('blockquote[data-secret=\"'+t.secret+'\"]'),c=new RegExp(\"^https?:$\",\"i\"),i=0;i<o.length;i++)o[i].style.display=\"none\";for(i=0;i<a.length;i++)s=a[i],e.source===s.contentWindow&&(s.removeAttribute(\"style\"),\"height\"===t.message?(1e3<(r=parseInt(t.value,10))?r=1e3:~~r<200&&(r=200),s.height=r):\"link\"===t.message&&(r=new URL(s.getAttribute(\"src\")),n=new URL(t.value),c.test(n.protocol))&&n.host===r.host&&l.activeElement===s&&(d.top.location.href=t.value))}},d.addEventListener(\"message\",d.wp.receiveEmbedMessage,!1),l.addEventListener(\"DOMContentLoaded\",function(){for(var e,t,s=l.querySelectorAll(\"iframe.wp-embedded-content\"),r=0;r<s.length;r++)(t=(e=s[r]).getAttribute(\"data-secret\"))||(t=Math.random().toString(36).substring(2,12),e.src+=\"#?secret=\"+t,e.setAttribute(\"data-secret\",t)),e.contentWindow.postMessage({message:\"ready\",secret:t},\"*\")},!1)))}(window,document);\n\/\/# sourceURL=https:\/\/www.lichen.pl\/wp-includes\/js\/wp-embed.min.js\n<\/script>","thumbnail_url":"https:\/\/www.lichen.pl\/wp-content\/uploads\/2023\/07\/IMG_0246-1024x683.jpg","thumbnail_width":1024,"thumbnail_height":683,"description":"W pi\u0105tek, 30 czerwca w bazylice liche\u0144skiej jedn\u0105 z pierwszych mszy w swoim \u017cyciu odprawi\u0142 ks. Marcin Ro\u017cek MIC, kt\u00f3ry jest jedynym Polakiem w\u015br\u00f3d wy\u015bwi\u0119conych w tym roku m\u0142odych marian\u00f3w. \u015awi\u0119cenia kap\u0142a\u0144skie przyj\u0105\u0142 17 czerwca z r\u0105k Ks. Biskupa Mieczys\u0142awa Cis\u0142o.Marian\u00f3w pozna\u0142em w Licheniu. To by\u0142 czas, gdy szuka\u0142em zgromadzenia zakonnego dla siebie \u2013 wspomina [&hellip;]"}

Msza prymicyjna mariańskiego neoprezbitera, Marcina Rożka MIC - SANKTUARIUM W LICHENIU

<blockquote class="wp-embedded-content" data-secret="4N8PgGqbMG"><a href="https://www.lichen.pl/fr/prymicje-ksrozek/">Msza prymicyjna mariańskiego neoprezbitera, Marcina Rożka MIC</a></blockquote><iframe sandbox="allow-scripts" security="restricted" src="https://www.lichen.pl/fr/prymicje-ksrozek/embed/#?secret=4N8PgGqbMG" width="600" height="338" title="« Msza prymicyjna mariańskiego neoprezbitera, Marcina Rożka MIC » &#8212; SANKTUARIUM W LICHENIU" data-secret="4N8PgGqbMG" frameborder="0" marginwidth="0" marginheight="0" scrolling="no" class="wp-embedded-content"></iframe><script>
/*! This file is auto-generated */
!function(d,l){"use strict";l.querySelector&&d.addEventListener&&"undefined"!=typeof URL&&(d.wp=d.wp||{},d.wp.receiveEmbedMessage||(d.wp.receiveEmbedMessage=function(e){var t=e.data;if((t||t.secret||t.message||t.value)&&!/[^a-zA-Z0-9]/.test(t.secret)){for(var s,r,n,a=l.querySelectorAll('iframe[data-secret="'+t.secret+'"]'),o=l.querySelectorAll('blockquote[data-secret="'+t.secret+'"]'),c=new RegExp("^https?:$","i"),i=0;i<o.length;i++)o[i].style.display="none";for(i=0;i<a.length;i++)s=a[i],e.source===s.contentWindow&&(s.removeAttribute("style"),"height"===t.message?(1e3<(r=parseInt(t.value,10))?r=1e3:~~r<200&&(r=200),s.height=r):"link"===t.message&&(r=new URL(s.getAttribute("src")),n=new URL(t.value),c.test(n.protocol))&&n.host===r.host&&l.activeElement===s&&(d.top.location.href=t.value))}},d.addEventListener("message",d.wp.receiveEmbedMessage,!1),l.addEventListener("DOMContentLoaded",function(){for(var e,t,s=l.querySelectorAll("iframe.wp-embedded-content"),r=0;r<s.length;r++)(t=(e=s[r]).getAttribute("data-secret"))||(t=Math.random().toString(36).substring(2,12),e.src+="#?secret="+t,e.setAttribute("data-secret",t)),e.contentWindow.postMessage({message:"ready",secret:t},"*")},!1)))}(window,document);
//# sourceURL=https://www.lichen.pl/wp-includes/js/wp-embed.min.js
</script>

W piątek, 30 czerwca w bazylice licheńskiej jedną z pierwszych mszy w swoim życiu odprawił ks. Marcin Rożek MIC, który jest jedynym Polakiem wśród wyświęconych w tym roku młodych marianów. Święcenia kapłańskie przyjął 17 czerwca z rąk Ks. Biskupa Mieczysława Cisło.Marianów poznałem w Licheniu. To był czas, gdy szukałem zgromadzenia zakonnego dla siebie – wspomina [&hellip;]
