{"version":"1.0","provider_name":"SANCTUAIRE EN LICHENIE","provider_url":"https:\/\/www.lichen.pl\/fr","title":"Rekolekcje Ruchu Rodzin Nazareta\u0144skich - SANKTUARIUM W LICHENIU","type":"rich","width":600,"height":338,"html":"<blockquote class=\"wp-embedded-content\" data-secret=\"dg715nkvdD\"><a href=\"https:\/\/www.lichen.pl\/fr\/rekolekcje-ruchu-rodzin-nazaretanskich\/\">Mouvement de retraite des familles de Nazareth<\/a><\/blockquote><iframe sandbox=\"allow-scripts\" security=\"restricted\" src=\"https:\/\/www.lichen.pl\/fr\/rekolekcje-ruchu-rodzin-nazaretanskich\/embed\/#?secret=dg715nkvdD\" width=\"600\" height=\"338\" title=\"\u00ab\u00a0Rekolekcje Ruchu Rodzin Nazareta\u0144skich\u00a0\u00bb &#8212; SANKTUARIUM W LICHENIU\" data-secret=\"dg715nkvdD\" frameborder=\"0\" marginwidth=\"0\" marginheight=\"0\" scrolling=\"no\" class=\"wp-embedded-content\"><\/iframe><script>\n\/*! This file is auto-generated *\/\n!function(d,l){\"use strict\";l.querySelector&&d.addEventListener&&\"undefined\"!=typeof URL&&(d.wp=d.wp||{},d.wp.receiveEmbedMessage||(d.wp.receiveEmbedMessage=function(e){var t=e.data;if((t||t.secret||t.message||t.value)&&!\/[^a-zA-Z0-9]\/.test(t.secret)){for(var s,r,n,a=l.querySelectorAll('iframe[data-secret=\"'+t.secret+'\"]'),o=l.querySelectorAll('blockquote[data-secret=\"'+t.secret+'\"]'),c=new RegExp(\"^https?:$\",\"i\"),i=0;i<o.length;i++)o[i].style.display=\"none\";for(i=0;i<a.length;i++)s=a[i],e.source===s.contentWindow&&(s.removeAttribute(\"style\"),\"height\"===t.message?(1e3<(r=parseInt(t.value,10))?r=1e3:~~r<200&&(r=200),s.height=r):\"link\"===t.message&&(r=new URL(s.getAttribute(\"src\")),n=new URL(t.value),c.test(n.protocol))&&n.host===r.host&&l.activeElement===s&&(d.top.location.href=t.value))}},d.addEventListener(\"message\",d.wp.receiveEmbedMessage,!1),l.addEventListener(\"DOMContentLoaded\",function(){for(var e,t,s=l.querySelectorAll(\"iframe.wp-embedded-content\"),r=0;r<s.length;r++)(t=(e=s[r]).getAttribute(\"data-secret\"))||(t=Math.random().toString(36).substring(2,12),e.src+=\"#?secret=\"+t,e.setAttribute(\"data-secret\",t)),e.contentWindow.postMessage({message:\"ready\",secret:t},\"*\")},!1)))}(window,document);\n\/\/# sourceURL=https:\/\/www.lichen.pl\/wp-includes\/js\/wp-embed.min.js\n<\/script>","thumbnail_url":"http:\/\/www.lichen.pl\/wp-content\/uploads\/2021\/06\/IMG_0168-scaled.jpg","thumbnail_width":1920,"thumbnail_height":1280,"description":"Pochylaj\u0105c si\u0119 na tematami \u201eNiech mi si\u0119 stanie\u201d oraz \u201eZ Maryj\u0105 prowadzeni przez Ducha \u015awi\u0119tego\u201d cz\u0142onkowie Ruchu Rodzin Nazareta\u0144skich (RRN) spotkali si\u0119 w Sanktuarium Maryjnym w Licheniu Starym na dorocznych rekolekcjach. W spotkaniu, kt\u00f3re potrwa do niedzieli, 27 stycznia, bierze udzia\u0142 370 os\u00f3b- doros\u0142ych, m\u0142odzie\u017cy i dzieci. Na pytanie dlaczego osoby nale\u017c\u0105ce do Ruchu Rodzin [&hellip;]"}

Rekolekcje Ruchu Rodzin Nazaretańskich - SANKTUARIUM W LICHENIU

<blockquote class="wp-embedded-content" data-secret="dg715nkvdD"><a href="https://www.lichen.pl/fr/rekolekcje-ruchu-rodzin-nazaretanskich/">Mouvement de retraite des familles de Nazareth</a></blockquote><iframe sandbox="allow-scripts" security="restricted" src="https://www.lichen.pl/fr/rekolekcje-ruchu-rodzin-nazaretanskich/embed/#?secret=dg715nkvdD" width="600" height="338" title="« Rekolekcje Ruchu Rodzin Nazaretańskich » &#8212; SANKTUARIUM W LICHENIU" data-secret="dg715nkvdD" frameborder="0" marginwidth="0" marginheight="0" scrolling="no" class="wp-embedded-content"></iframe><script>
/*! This file is auto-generated */
!function(d,l){"use strict";l.querySelector&&d.addEventListener&&"undefined"!=typeof URL&&(d.wp=d.wp||{},d.wp.receiveEmbedMessage||(d.wp.receiveEmbedMessage=function(e){var t=e.data;if((t||t.secret||t.message||t.value)&&!/[^a-zA-Z0-9]/.test(t.secret)){for(var s,r,n,a=l.querySelectorAll('iframe[data-secret="'+t.secret+'"]'),o=l.querySelectorAll('blockquote[data-secret="'+t.secret+'"]'),c=new RegExp("^https?:$","i"),i=0;i<o.length;i++)o[i].style.display="none";for(i=0;i<a.length;i++)s=a[i],e.source===s.contentWindow&&(s.removeAttribute("style"),"height"===t.message?(1e3<(r=parseInt(t.value,10))?r=1e3:~~r<200&&(r=200),s.height=r):"link"===t.message&&(r=new URL(s.getAttribute("src")),n=new URL(t.value),c.test(n.protocol))&&n.host===r.host&&l.activeElement===s&&(d.top.location.href=t.value))}},d.addEventListener("message",d.wp.receiveEmbedMessage,!1),l.addEventListener("DOMContentLoaded",function(){for(var e,t,s=l.querySelectorAll("iframe.wp-embedded-content"),r=0;r<s.length;r++)(t=(e=s[r]).getAttribute("data-secret"))||(t=Math.random().toString(36).substring(2,12),e.src+="#?secret="+t,e.setAttribute("data-secret",t)),e.contentWindow.postMessage({message:"ready",secret:t},"*")},!1)))}(window,document);
//# sourceURL=https://www.lichen.pl/wp-includes/js/wp-embed.min.js
</script>

Pochylając się na tematami „Niech mi się stanie” oraz „Z Maryją prowadzeni przez Ducha Świętego” członkowie Ruchu Rodzin Nazaretańskich (RRN) spotkali się w Sanktuarium Maryjnym w Licheniu Starym na dorocznych rekolekcjach. W spotkaniu, które potrwa do niedzieli, 27 stycznia, bierze udział 370 osób- dorosłych, młodzieży i dzieci. Na pytanie dlaczego osoby należące do Ruchu Rodzin [&hellip;]
