{"id":89972,"date":"2025-10-02T12:51:26","date_gmt":"2025-10-02T10:51:26","guid":{"rendered":"https:\/\/www.lichen.pl\/events\/rekolekcje-eucharystia-studnia-bez-dna-i-przepis-na-zycie-czesc-i-17\/"},"modified":"2026-01-17T12:09:36","modified_gmt":"2026-01-17T11:09:36","slug":"rekolekcje-eucharystia-studnia-bez-dna-i-przepis-na-zycie-czesc-i-17","status":"publish","type":"ajde_events","link":"https:\/\/www.lichen.pl\/fr\/events\/rekolekcje-eucharystia-studnia-bez-dna-i-przepis-na-zycie-czesc-i-17\/","title":{"rendered":"Rekolekcje &#8220;Eucharystia, studnia bez dna i przepis na \u017cycie&#8221; &#8211; cz\u0119\u015b\u0107 I"},"content":{"rendered":"<p><a href=\"https:\/\/www.lichen.pl\/wp-content\/uploads\/2025\/10\/Eucharystia-17-19-kwietnia-2026-1.jpg\"><img fetchpriority=\"high\" decoding=\"async\" class=\"aligncenter wp-image-95824 size-medium\" src=\"https:\/\/www.lichen.pl\/wp-content\/uploads\/2025\/10\/Eucharystia-17-19-kwietnia-2026-1-212x300.jpg\" alt=\"\" width=\"212\" height=\"300\" srcset=\"https:\/\/www.lichen.pl\/wp-content\/uploads\/2025\/10\/Eucharystia-17-19-kwietnia-2026-1-212x300.jpg 212w, https:\/\/www.lichen.pl\/wp-content\/uploads\/2025\/10\/Eucharystia-17-19-kwietnia-2026-1-724x1024.jpg 724w, https:\/\/www.lichen.pl\/wp-content\/uploads\/2025\/10\/Eucharystia-17-19-kwietnia-2026-1-768x1086.jpg 768w, https:\/\/www.lichen.pl\/wp-content\/uploads\/2025\/10\/Eucharystia-17-19-kwietnia-2026-1-1086x1536.jpg 1086w, https:\/\/www.lichen.pl\/wp-content\/uploads\/2025\/10\/Eucharystia-17-19-kwietnia-2026-1-1448x2048.jpg 1448w, https:\/\/www.lichen.pl\/wp-content\/uploads\/2025\/10\/Eucharystia-17-19-kwietnia-2026-1-8x12.jpg 8w, https:\/\/www.lichen.pl\/wp-content\/uploads\/2025\/10\/Eucharystia-17-19-kwietnia-2026-1-800x1132.jpg 800w\" sizes=\"(max-width: 212px) 100vw, 212px\" \/><\/a><\/p>\n<p style=\"text-align: center;\">Inscription: <span style=\"text-decoration: underline;\"><span style=\"color: #0000ff; text-decoration: underline;\"><a style=\"color: #0000ff; text-decoration: underline;\" href=\"https:\/\/www.lichen.pl\/fr\/biuro-obslugi-pielgrzyma\/\" target=\"_blank\" rel=\"noopener\">Bureau de service aux p\u00e8lerins<\/a><\/span><\/span><br \/>\ntel.: (+48) 63 270 81 42, (+48) 63 270 81 63<br \/>\ne-mail: lichen@lichen.pl<\/p>\n<p style=\"text-align: center;\"><a href=\"http:\/\/www.lichen.pl\/fr\/rekolekcje-eucharystia\/\" target=\"_blank\" rel=\"noopener\"><span style=\"color: #ff0000;\">Voir la description de la retraite<\/span><\/a><\/p>\n<p>&nbsp;<\/p>\n<p>&nbsp;<\/p>","protected":false},"author":7,"featured_media":-1,"menu_order":0,"comment_status":"open","ping_status":"closed","template":"","meta":[],"tags":[],"event_type":[53,54],"event_type_2":[],"class_list":["post-89972","ajde_events","type-ajde_events","status-publish","has-post-thumbnail","hentry","event_type-kalendarz-wydarzen","event_type-rekolekcje","wpbf-post"],"yoast_head":"<!-- This site is optimized with the Yoast SEO plugin v27.4 - https:\/\/yoast.com\/product\/yoast-seo-wordpress\/ -->\n<title>Rekolekcje &quot;Eucharystia, studnia bez dna i przepis na \u017cycie&quot; - cz\u0119\u015b\u0107 I - SANKTUARIUM W LICHENIU<\/title>\n<meta name=\"robots\" content=\"index, follow, max-snippet:-1, max-image-preview:large, max-video-preview:-1\" \/>\n<link rel=\"canonical\" href=\"https:\/\/www.lichen.pl\/fr\/events\/rekolekcje-eucharystia-studnia-bez-dna-i-przepis-na-zycie-czesc-i-17\/\" \/>\n<meta property=\"og:locale\" content=\"fr_FR\" \/>\n<meta property=\"og:type\" content=\"article\" \/>\n<meta property=\"og:title\" content=\"Rekolekcje &quot;Eucharystia, studnia bez dna i przepis na \u017cycie&quot; - cz\u0119\u015b\u0107 I - SANKTUARIUM W LICHENIU\" \/>\n<meta property=\"og:description\" content=\"Zapisy: Biuro Obs\u0142ugi Pielgrzyma tel.: (+48) 63 270 81 42, (+48) 63 270 81 63 e-mail: lichen@lichen.pl Zobacz opis rekolekcji &nbsp; &nbsp;\" \/>\n<meta property=\"og:url\" content=\"https:\/\/www.lichen.pl\/fr\/events\/rekolekcje-eucharystia-studnia-bez-dna-i-przepis-na-zycie-czesc-i-17\/\" \/>\n<meta property=\"og:site_name\" content=\"SANKTUARIUM W LICHENIU\" \/>\n<meta property=\"article:modified_time\" content=\"2026-01-17T11:09:36+00:00\" \/>\n<meta name=\"twitter:card\" content=\"summary_large_image\" \/>\n<meta name=\"twitter:label1\" content=\"Dur\u00e9e de lecture estim\u00e9e\" \/>\n\t<meta name=\"twitter:data1\" content=\"1 minute\" \/>\n<script type=\"application\/ld+json\" class=\"yoast-schema-graph\">{\"@context\":\"https:\\\/\\\/schema.org\",\"@graph\":[{\"@type\":\"WebPage\",\"@id\":\"https:\\\/\\\/www.lichen.pl\\\/events\\\/rekolekcje-eucharystia-studnia-bez-dna-i-przepis-na-zycie-czesc-i-17\\\/\",\"url\":\"https:\\\/\\\/www.lichen.pl\\\/events\\\/rekolekcje-eucharystia-studnia-bez-dna-i-przepis-na-zycie-czesc-i-17\\\/\",\"name\":\"Rekolekcje \\\"Eucharystia, studnia bez dna i przepis na \u017cycie\\\" - cz\u0119\u015b\u0107 I - SANKTUARIUM W LICHENIU\",\"isPartOf\":{\"@id\":\"https:\\\/\\\/www.lichen.pl\\\/fr\\\/#website\"},\"primaryImageOfPage\":{\"@id\":\"https:\\\/\\\/www.lichen.pl\\\/events\\\/rekolekcje-eucharystia-studnia-bez-dna-i-przepis-na-zycie-czesc-i-17\\\/#primaryimage\"},\"image\":{\"@id\":\"https:\\\/\\\/www.lichen.pl\\\/events\\\/rekolekcje-eucharystia-studnia-bez-dna-i-przepis-na-zycie-czesc-i-17\\\/#primaryimage\"},\"thumbnailUrl\":\"https:\\\/\\\/www.lichen.pl\\\/wp-content\\\/uploads\\\/2025\\\/10\\\/Eucharystia-17-19-kwietnia-2026-1-212x300.jpg\",\"datePublished\":\"2025-10-02T10:51:26+00:00\",\"dateModified\":\"2026-01-17T11:09:36+00:00\",\"breadcrumb\":{\"@id\":\"https:\\\/\\\/www.lichen.pl\\\/events\\\/rekolekcje-eucharystia-studnia-bez-dna-i-przepis-na-zycie-czesc-i-17\\\/#breadcrumb\"},\"inLanguage\":\"fr-FR\",\"potentialAction\":[{\"@type\":\"ReadAction\",\"target\":[\"https:\\\/\\\/www.lichen.pl\\\/events\\\/rekolekcje-eucharystia-studnia-bez-dna-i-przepis-na-zycie-czesc-i-17\\\/\"]}]},{\"@type\":\"ImageObject\",\"inLanguage\":\"fr-FR\",\"@id\":\"https:\\\/\\\/www.lichen.pl\\\/events\\\/rekolekcje-eucharystia-studnia-bez-dna-i-przepis-na-zycie-czesc-i-17\\\/#primaryimage\",\"url\":\"https:\\\/\\\/www.lichen.pl\\\/wp-content\\\/uploads\\\/2025\\\/10\\\/Eucharystia-17-19-kwietnia-2026-1-212x300.jpg\",\"contentUrl\":\"https:\\\/\\\/www.lichen.pl\\\/wp-content\\\/uploads\\\/2025\\\/10\\\/Eucharystia-17-19-kwietnia-2026-1-212x300.jpg\"},{\"@type\":\"BreadcrumbList\",\"@id\":\"https:\\\/\\\/www.lichen.pl\\\/events\\\/rekolekcje-eucharystia-studnia-bez-dna-i-przepis-na-zycie-czesc-i-17\\\/#breadcrumb\",\"itemListElement\":[{\"@type\":\"ListItem\",\"position\":1,\"name\":\"Strona g\u0142\u00f3wna\",\"item\":\"https:\\\/\\\/www.lichen.pl\\\/\"},{\"@type\":\"ListItem\",\"position\":2,\"name\":\"Events\",\"item\":\"http:\\\/\\\/www.lichen.pl\\\/en\\\/events\\\/\"},{\"@type\":\"ListItem\",\"position\":3,\"name\":\"Rekolekcje &#8220;Eucharystia, studnia bez dna i przepis na \u017cycie&#8221; &#8211; cz\u0119\u015b\u0107 I\"}]},{\"@type\":\"WebSite\",\"@id\":\"https:\\\/\\\/www.lichen.pl\\\/fr\\\/#website\",\"url\":\"https:\\\/\\\/www.lichen.pl\\\/fr\\\/\",\"name\":\"SANKTUARIUM W LICHENIU\",\"description\":\"MATKI BO\u017bEJ LICHE\u0143SKIEJ BOLESNEJ KR\u00d3LOWEJ POLSKI\",\"potentialAction\":[{\"@type\":\"SearchAction\",\"target\":{\"@type\":\"EntryPoint\",\"urlTemplate\":\"https:\\\/\\\/www.lichen.pl\\\/fr\\\/?s={search_term_string}\"},\"query-input\":{\"@type\":\"PropertyValueSpecification\",\"valueRequired\":true,\"valueName\":\"search_term_string\"}}],\"inLanguage\":\"fr-FR\"}]}<\/script>\n<!-- \/ Yoast SEO plugin. -->","yoast_head_json":{"title":"Rekolekcje \"Eucharystia, studnia bez dna i przepis na \u017cycie\" - cz\u0119\u015b\u0107 I - SANKTUARIUM W LICHENIU","robots":{"index":"index","follow":"follow","max-snippet":"max-snippet:-1","max-image-preview":"max-image-preview:large","max-video-preview":"max-video-preview:-1"},"canonical":"https:\/\/www.lichen.pl\/fr\/events\/rekolekcje-eucharystia-studnia-bez-dna-i-przepis-na-zycie-czesc-i-17\/","og_locale":"fr_FR","og_type":"article","og_title":"Rekolekcje \"Eucharystia, studnia bez dna i przepis na \u017cycie\" - cz\u0119\u015b\u0107 I - SANKTUARIUM W LICHENIU","og_description":"Zapisy: Biuro Obs\u0142ugi Pielgrzyma tel.: (+48) 63 270 81 42, (+48) 63 270 81 63 e-mail: lichen@lichen.pl Zobacz opis rekolekcji &nbsp; &nbsp;","og_url":"https:\/\/www.lichen.pl\/fr\/events\/rekolekcje-eucharystia-studnia-bez-dna-i-przepis-na-zycie-czesc-i-17\/","og_site_name":"SANKTUARIUM W LICHENIU","article_modified_time":"2026-01-17T11:09:36+00:00","twitter_card":"summary_large_image","twitter_misc":{"Dur\u00e9e de lecture estim\u00e9e":"1 minute"},"schema":{"@context":"https:\/\/schema.org","@graph":[{"@type":"WebPage","@id":"https:\/\/www.lichen.pl\/events\/rekolekcje-eucharystia-studnia-bez-dna-i-przepis-na-zycie-czesc-i-17\/","url":"https:\/\/www.lichen.pl\/events\/rekolekcje-eucharystia-studnia-bez-dna-i-przepis-na-zycie-czesc-i-17\/","name":"Rekolekcje \"Eucharystia, studnia bez dna i przepis na \u017cycie\" - cz\u0119\u015b\u0107 I - SANKTUARIUM W LICHENIU","isPartOf":{"@id":"https:\/\/www.lichen.pl\/fr\/#website"},"primaryImageOfPage":{"@id":"https:\/\/www.lichen.pl\/events\/rekolekcje-eucharystia-studnia-bez-dna-i-przepis-na-zycie-czesc-i-17\/#primaryimage"},"image":{"@id":"https:\/\/www.lichen.pl\/events\/rekolekcje-eucharystia-studnia-bez-dna-i-przepis-na-zycie-czesc-i-17\/#primaryimage"},"thumbnailUrl":"https:\/\/www.lichen.pl\/wp-content\/uploads\/2025\/10\/Eucharystia-17-19-kwietnia-2026-1-212x300.jpg","datePublished":"2025-10-02T10:51:26+00:00","dateModified":"2026-01-17T11:09:36+00:00","breadcrumb":{"@id":"https:\/\/www.lichen.pl\/events\/rekolekcje-eucharystia-studnia-bez-dna-i-przepis-na-zycie-czesc-i-17\/#breadcrumb"},"inLanguage":"fr-FR","potentialAction":[{"@type":"ReadAction","target":["https:\/\/www.lichen.pl\/events\/rekolekcje-eucharystia-studnia-bez-dna-i-przepis-na-zycie-czesc-i-17\/"]}]},{"@type":"ImageObject","inLanguage":"fr-FR","@id":"https:\/\/www.lichen.pl\/events\/rekolekcje-eucharystia-studnia-bez-dna-i-przepis-na-zycie-czesc-i-17\/#primaryimage","url":"https:\/\/www.lichen.pl\/wp-content\/uploads\/2025\/10\/Eucharystia-17-19-kwietnia-2026-1-212x300.jpg","contentUrl":"https:\/\/www.lichen.pl\/wp-content\/uploads\/2025\/10\/Eucharystia-17-19-kwietnia-2026-1-212x300.jpg"},{"@type":"BreadcrumbList","@id":"https:\/\/www.lichen.pl\/events\/rekolekcje-eucharystia-studnia-bez-dna-i-przepis-na-zycie-czesc-i-17\/#breadcrumb","itemListElement":[{"@type":"ListItem","position":1,"name":"Strona g\u0142\u00f3wna","item":"https:\/\/www.lichen.pl\/"},{"@type":"ListItem","position":2,"name":"Events","item":"http:\/\/www.lichen.pl\/en\/events\/"},{"@type":"ListItem","position":3,"name":"Rekolekcje &#8220;Eucharystia, studnia bez dna i przepis na \u017cycie&#8221; &#8211; cz\u0119\u015b\u0107 I"}]},{"@type":"WebSite","@id":"https:\/\/www.lichen.pl\/fr\/#website","url":"https:\/\/www.lichen.pl\/fr\/","name":"SANCTUAIRE EN LICHENIE","description":"LA MAUVAISE REINE DE POLOGNE DE NOTRE LICHEN","potentialAction":[{"@type":"SearchAction","target":{"@type":"EntryPoint","urlTemplate":"https:\/\/www.lichen.pl\/fr\/?s={search_term_string}"},"query-input":{"@type":"PropertyValueSpecification","valueRequired":true,"valueName":"search_term_string"}}],"inLanguage":"fr-FR"}]}},"_links":{"self":[{"href":"https:\/\/www.lichen.pl\/fr\/wp-json\/wp\/v2\/ajde_events\/89972","targetHints":{"allow":["GET"]}}],"collection":[{"href":"https:\/\/www.lichen.pl\/fr\/wp-json\/wp\/v2\/ajde_events"}],"about":[{"href":"https:\/\/www.lichen.pl\/fr\/wp-json\/wp\/v2\/types\/ajde_events"}],"author":[{"embeddable":true,"href":"https:\/\/www.lichen.pl\/fr\/wp-json\/wp\/v2\/users\/7"}],"replies":[{"embeddable":true,"href":"https:\/\/www.lichen.pl\/fr\/wp-json\/wp\/v2\/comments?post=89972"}],"version-history":[{"count":4,"href":"https:\/\/www.lichen.pl\/fr\/wp-json\/wp\/v2\/ajde_events\/89972\/revisions"}],"predecessor-version":[{"id":95828,"href":"https:\/\/www.lichen.pl\/fr\/wp-json\/wp\/v2\/ajde_events\/89972\/revisions\/95828"}],"wp:featuredmedia":[{"embeddable":true,"href":"https:\/\/www.lichen.pl\/fr\/wp-json\/"}],"wp:attachment":[{"href":"https:\/\/www.lichen.pl\/fr\/wp-json\/wp\/v2\/media?parent=89972"}],"wp:term":[{"taxonomy":"post_tag","embeddable":true,"href":"https:\/\/www.lichen.pl\/fr\/wp-json\/wp\/v2\/tags?post=89972"},{"taxonomy":"event_type","embeddable":true,"href":"https:\/\/www.lichen.pl\/fr\/wp-json\/wp\/v2\/event_type?post=89972"},{"taxonomy":"event_type_2","embeddable":true,"href":"https:\/\/www.lichen.pl\/fr\/wp-json\/wp\/v2\/event_type_2?post=89972"}],"curies":[{"name":"wp","href":"https:\/\/api.w.org\/{rel}","templated":true}]}}

Rekolekcje &#8220;Eucharystia, studnia bez dna i przepis na życie&#8221; &#8211; część I

<p><a href="https://www.lichen.pl/wp-content/uploads/2025/10/Eucharystia-17-19-kwietnia-2026-1.jpg"><img fetchpriority="high" decoding="async" class="aligncenter wp-image-95824 size-medium" src="https://www.lichen.pl/wp-content/uploads/2025/10/Eucharystia-17-19-kwietnia-2026-1-212x300.jpg" alt="" width="212" height="300" srcset="https://www.lichen.pl/wp-content/uploads/2025/10/Eucharystia-17-19-kwietnia-2026-1-212x300.jpg 212w, https://www.lichen.pl/wp-content/uploads/2025/10/Eucharystia-17-19-kwietnia-2026-1-724x1024.jpg 724w, https://www.lichen.pl/wp-content/uploads/2025/10/Eucharystia-17-19-kwietnia-2026-1-768x1086.jpg 768w, https://www.lichen.pl/wp-content/uploads/2025/10/Eucharystia-17-19-kwietnia-2026-1-1086x1536.jpg 1086w, https://www.lichen.pl/wp-content/uploads/2025/10/Eucharystia-17-19-kwietnia-2026-1-1448x2048.jpg 1448w, https://www.lichen.pl/wp-content/uploads/2025/10/Eucharystia-17-19-kwietnia-2026-1-8x12.jpg 8w, https://www.lichen.pl/wp-content/uploads/2025/10/Eucharystia-17-19-kwietnia-2026-1-800x1132.jpg 800w" sizes="(max-width: 212px) 100vw, 212px" /></a></p>
<p style="text-align: center;">Inscription: <span style="text-decoration: underline;"><span style="color: #0000ff; text-decoration: underline;"><a style="color: #0000ff; text-decoration: underline;" href="https://www.lichen.pl/fr/biuro-obslugi-pielgrzyma/" target="_blank" rel="noopener">Bureau de service aux pèlerins</a></span></span><br />
tel.: (+48) 63 270 81 42, (+48) 63 270 81 63<br />
e-mail: lichen@lichen.pl</p>
<p style="text-align: center;"><a href="http://www.lichen.pl/fr/rekolekcje-eucharystia/" target="_blank" rel="noopener"><span style="color: #ff0000;">Voir la description de la retraite</span></a></p>
<p>&nbsp;</p>
<p>&nbsp;</p>

<!-- This site is optimized with the Yoast SEO plugin v27.4 - https://yoast.com/product/yoast-seo-wordpress/ -->
<title>Rekolekcje &quot;Eucharystia, studnia bez dna i przepis na życie&quot; - część I - SANKTUARIUM W LICHENIU</title>
<meta name="robots" content="index, follow, max-snippet:-1, max-image-preview:large, max-video-preview:-1" />
<link rel="canonical" href="https://www.lichen.pl/fr/events/rekolekcje-eucharystia-studnia-bez-dna-i-przepis-na-zycie-czesc-i-17/" />
<meta property="og:locale" content="fr_FR" />
<meta property="og:type" content="article" />
<meta property="og:title" content="Rekolekcje &quot;Eucharystia, studnia bez dna i przepis na życie&quot; - część I - SANKTUARIUM W LICHENIU" />
<meta property="og:description" content="Zapisy: Biuro Obsługi Pielgrzyma tel.: (+48) 63 270 81 42, (+48) 63 270 81 63 e-mail: lichen@lichen.pl Zobacz opis rekolekcji &nbsp; &nbsp;" />
<meta property="og:url" content="https://www.lichen.pl/fr/events/rekolekcje-eucharystia-studnia-bez-dna-i-przepis-na-zycie-czesc-i-17/" />
<meta property="og:site_name" content="SANKTUARIUM W LICHENIU" />
<meta property="article:modified_time" content="2026-01-17T11:09:36+00:00" />
<meta name="twitter:card" content="summary_large_image" />
<meta name="twitter:label1" content="Durée de lecture estimée" />
	<meta name="twitter:data1" content="1 minute" />
<script type="application/ld+json" class="yoast-schema-graph">{"@context":"https:\/\/schema.org","@graph":[{"@type":"WebPage","@id":"https:\/\/www.lichen.pl\/events\/rekolekcje-eucharystia-studnia-bez-dna-i-przepis-na-zycie-czesc-i-17\/","url":"https:\/\/www.lichen.pl\/events\/rekolekcje-eucharystia-studnia-bez-dna-i-przepis-na-zycie-czesc-i-17\/","name":"Rekolekcje \"Eucharystia, studnia bez dna i przepis na życie\" - część I - SANKTUARIUM W LICHENIU","isPartOf":{"@id":"https:\/\/www.lichen.pl\/fr\/#website"},"primaryImageOfPage":{"@id":"https:\/\/www.lichen.pl\/events\/rekolekcje-eucharystia-studnia-bez-dna-i-przepis-na-zycie-czesc-i-17\/#primaryimage"},"image":{"@id":"https:\/\/www.lichen.pl\/events\/rekolekcje-eucharystia-studnia-bez-dna-i-przepis-na-zycie-czesc-i-17\/#primaryimage"},"thumbnailUrl":"https:\/\/www.lichen.pl\/wp-content\/uploads\/2025\/10\/Eucharystia-17-19-kwietnia-2026-1-212x300.jpg","datePublished":"2025-10-02T10:51:26+00:00","dateModified":"2026-01-17T11:09:36+00:00","breadcrumb":{"@id":"https:\/\/www.lichen.pl\/events\/rekolekcje-eucharystia-studnia-bez-dna-i-przepis-na-zycie-czesc-i-17\/#breadcrumb"},"inLanguage":"fr-FR","potentialAction":[{"@type":"ReadAction","target":["https:\/\/www.lichen.pl\/events\/rekolekcje-eucharystia-studnia-bez-dna-i-przepis-na-zycie-czesc-i-17\/"]}]},{"@type":"ImageObject","inLanguage":"fr-FR","@id":"https:\/\/www.lichen.pl\/events\/rekolekcje-eucharystia-studnia-bez-dna-i-przepis-na-zycie-czesc-i-17\/#primaryimage","url":"https:\/\/www.lichen.pl\/wp-content\/uploads\/2025\/10\/Eucharystia-17-19-kwietnia-2026-1-212x300.jpg","contentUrl":"https:\/\/www.lichen.pl\/wp-content\/uploads\/2025\/10\/Eucharystia-17-19-kwietnia-2026-1-212x300.jpg"},{"@type":"BreadcrumbList","@id":"https:\/\/www.lichen.pl\/events\/rekolekcje-eucharystia-studnia-bez-dna-i-przepis-na-zycie-czesc-i-17\/#breadcrumb","itemListElement":[{"@type":"ListItem","position":1,"name":"Strona główna","item":"https:\/\/www.lichen.pl\/"},{"@type":"ListItem","position":2,"name":"Events","item":"http:\/\/www.lichen.pl\/en\/events\/"},{"@type":"ListItem","position":3,"name":"Rekolekcje &#8220;Eucharystia, studnia bez dna i przepis na życie&#8221; &#8211; część I"}]},{"@type":"WebSite","@id":"https:\/\/www.lichen.pl\/fr\/#website","url":"https:\/\/www.lichen.pl\/fr\/","name":"SANKTUARIUM W LICHENIU","description":"MATKI BOŻEJ LICHEŃSKIEJ BOLESNEJ KRÓLOWEJ POLSKI","potentialAction":[{"@type":"SearchAction","target":{"@type":"EntryPoint","urlTemplate":"https:\/\/www.lichen.pl\/fr\/?s={search_term_string}"},"query-input":{"@type":"PropertyValueSpecification","valueRequired":true,"valueName":"search_term_string"}}],"inLanguage":"fr-FR"}]}</script>
<!-- / Yoast SEO plugin. -->

Rekolekcje "Eucharystia, studnia bez dna i przepis na życie" - część I - SANKTUARIUM W LICHENIU

Zapisy: Biuro Obsługi Pielgrzyma tel.: (+48) 63 270 81 42, (+48) 63 270 81 63 e-mail: lichen@lichen.pl Zobacz opis rekolekcji &nbsp; &nbsp;

Strona główna
