{"version":"1.0","provider_name":"SANTUARIO IN LICHENIA","provider_url":"https:\/\/www.lichen.pl\/it","title":"Uroczysto\u015bci pogrzebowe \u015bp. ks. Wiktora Krawczyka MIC. - SANKTUARIUM W LICHENIU","type":"rich","width":600,"height":338,"html":"<blockquote class=\"wp-embedded-content\" data-secret=\"IBm8tG66hY\"><a href=\"https:\/\/www.lichen.pl\/it\/pogrzeb-sp-ks-wiktora-krawczyka-mic\/\">Le cerimonie funebri degli ultimi FR. Wiktor Krawczyk, MIC.<\/a><\/blockquote><iframe sandbox=\"allow-scripts\" security=\"restricted\" src=\"https:\/\/www.lichen.pl\/it\/pogrzeb-sp-ks-wiktora-krawczyka-mic\/embed\/#?secret=IBm8tG66hY\" width=\"600\" height=\"338\" title=\"&#8220;Uroczysto\u015bci pogrzebowe \u015bp. ks. Wiktora Krawczyka MIC.&#8221; &#8212; SANKTUARIUM W LICHENIU\" data-secret=\"IBm8tG66hY\" frameborder=\"0\" marginwidth=\"0\" marginheight=\"0\" scrolling=\"no\" class=\"wp-embedded-content\"><\/iframe><script>\n\/*! This file is auto-generated *\/\n!function(d,l){\"use strict\";l.querySelector&&d.addEventListener&&\"undefined\"!=typeof URL&&(d.wp=d.wp||{},d.wp.receiveEmbedMessage||(d.wp.receiveEmbedMessage=function(e){var t=e.data;if((t||t.secret||t.message||t.value)&&!\/[^a-zA-Z0-9]\/.test(t.secret)){for(var s,r,n,a=l.querySelectorAll('iframe[data-secret=\"'+t.secret+'\"]'),o=l.querySelectorAll('blockquote[data-secret=\"'+t.secret+'\"]'),c=new RegExp(\"^https?:$\",\"i\"),i=0;i<o.length;i++)o[i].style.display=\"none\";for(i=0;i<a.length;i++)s=a[i],e.source===s.contentWindow&&(s.removeAttribute(\"style\"),\"height\"===t.message?(1e3<(r=parseInt(t.value,10))?r=1e3:~~r<200&&(r=200),s.height=r):\"link\"===t.message&&(r=new URL(s.getAttribute(\"src\")),n=new URL(t.value),c.test(n.protocol))&&n.host===r.host&&l.activeElement===s&&(d.top.location.href=t.value))}},d.addEventListener(\"message\",d.wp.receiveEmbedMessage,!1),l.addEventListener(\"DOMContentLoaded\",function(){for(var e,t,s=l.querySelectorAll(\"iframe.wp-embedded-content\"),r=0;r<s.length;r++)(t=(e=s[r]).getAttribute(\"data-secret\"))||(t=Math.random().toString(36).substring(2,12),e.src+=\"#?secret=\"+t,e.setAttribute(\"data-secret\",t)),e.contentWindow.postMessage({message:\"ready\",secret:t},\"*\")},!1)))}(window,document);\n\/\/# sourceURL=https:\/\/www.lichen.pl\/wp-includes\/js\/wp-embed.min.js\n<\/script>","thumbnail_url":"http:\/\/www.lichen.pl\/wp-content\/uploads\/2019\/03\/Sp.-ks.-Wiktor-Krawczyk-MIC.jpg","thumbnail_width":886,"thumbnail_height":510,"description":"\u201eBy\u0107 ogniwem w \u0142a\u0144cuchu zbawienia innych os\u00f3b to najwi\u0119ksze b\u0142ogos\u0142awie\u0144stwo z mo\u017cliwych\u201d. Tymi s\u0142owami, ks. Tomasz Nowaczek MIC, prze\u0142o\u017cony prowincjalny Zgromadzenia Ksi\u0119\u017cy Marian\u00f3w zako\u0144czy\u0142 homili\u0119 podczas Mszy \u015bw. pogrzebowej \u015bp. ks. Wiktora Krawczyka MIC. W ostatniej drodze ks. Krawczykowi, zmar\u0142emu w dniu 13 marca, towarzyszyli wsp\u00f3\u0142bracia z domu zakonnego ksi\u0119\u017cy i braci marian\u00f3w w Licheniu [&hellip;]"}

Uroczystości pogrzebowe śp. ks. Wiktora Krawczyka MIC. - SANKTUARIUM W LICHENIU

<blockquote class="wp-embedded-content" data-secret="IBm8tG66hY"><a href="https://www.lichen.pl/it/pogrzeb-sp-ks-wiktora-krawczyka-mic/">Le cerimonie funebri degli ultimi FR. Wiktor Krawczyk, MIC.</a></blockquote><iframe sandbox="allow-scripts" security="restricted" src="https://www.lichen.pl/it/pogrzeb-sp-ks-wiktora-krawczyka-mic/embed/#?secret=IBm8tG66hY" width="600" height="338" title="&#8220;Uroczystości pogrzebowe śp. ks. Wiktora Krawczyka MIC.&#8221; &#8212; SANKTUARIUM W LICHENIU" data-secret="IBm8tG66hY" frameborder="0" marginwidth="0" marginheight="0" scrolling="no" class="wp-embedded-content"></iframe><script>
/*! This file is auto-generated */
!function(d,l){"use strict";l.querySelector&&d.addEventListener&&"undefined"!=typeof URL&&(d.wp=d.wp||{},d.wp.receiveEmbedMessage||(d.wp.receiveEmbedMessage=function(e){var t=e.data;if((t||t.secret||t.message||t.value)&&!/[^a-zA-Z0-9]/.test(t.secret)){for(var s,r,n,a=l.querySelectorAll('iframe[data-secret="'+t.secret+'"]'),o=l.querySelectorAll('blockquote[data-secret="'+t.secret+'"]'),c=new RegExp("^https?:$","i"),i=0;i<o.length;i++)o[i].style.display="none";for(i=0;i<a.length;i++)s=a[i],e.source===s.contentWindow&&(s.removeAttribute("style"),"height"===t.message?(1e3<(r=parseInt(t.value,10))?r=1e3:~~r<200&&(r=200),s.height=r):"link"===t.message&&(r=new URL(s.getAttribute("src")),n=new URL(t.value),c.test(n.protocol))&&n.host===r.host&&l.activeElement===s&&(d.top.location.href=t.value))}},d.addEventListener("message",d.wp.receiveEmbedMessage,!1),l.addEventListener("DOMContentLoaded",function(){for(var e,t,s=l.querySelectorAll("iframe.wp-embedded-content"),r=0;r<s.length;r++)(t=(e=s[r]).getAttribute("data-secret"))||(t=Math.random().toString(36).substring(2,12),e.src+="#?secret="+t,e.setAttribute("data-secret",t)),e.contentWindow.postMessage({message:"ready",secret:t},"*")},!1)))}(window,document);
//# sourceURL=https://www.lichen.pl/wp-includes/js/wp-embed.min.js
</script>

„Być ogniwem w łańcuchu zbawienia innych osób to największe błogosławieństwo z możliwych”. Tymi słowami, ks. Tomasz Nowaczek MIC, przełożony prowincjalny Zgromadzenia Księży Marianów zakończył homilię podczas Mszy św. pogrzebowej śp. ks. Wiktora Krawczyka MIC. W ostatniej drodze ks. Krawczykowi, zmarłemu w dniu 13 marca, towarzyszyli współbracia z domu zakonnego księży i braci marianów w Licheniu [&hellip;]
