{"id":7833,"date":"2021-04-20T12:03:35","date_gmt":"2021-04-20T12:03:35","guid":{"rendered":"http:\/\/www.lichen.pl\/events\/ii-wielkopolska-pielgrzymka-rowerowa\/"},"modified":"2021-05-23T20:23:48","modified_gmt":"2021-05-23T20:23:48","slug":"ii-wielkopolska-pielgrzymka-rowerowa","status":"publish","type":"ajde_events","link":"https:\/\/www.lichen.pl\/it\/events\/ii-wielkopolska-pielgrzymka-rowerowa\/","title":{"rendered":"II Wielkopolska pielgrzymka rowerowa"},"content":{"rendered":"<p><a href=\"http:\/\/www.lichen.pl\/wp-content\/uploads\/2021\/05\/Trasa-Lichen-2021-op-002.jpg\" target=\"_blank\" rel=\"noopener\">Zobacz tras\u0119<\/a><\/p>\n<hr \/>\n<p><img fetchpriority=\"high\" decoding=\"async\" class=\"aligncenter wp-image-8862 size-full\" title=\"Plakat II Wielkopolska Pielgrzymka Rowerowa\" src=\"http:\/\/www.lichen.pl\/wp-content\/uploads\/2021\/04\/II-Wielkopolska-Pielgrzymka-Rowerowa-2021-2-002-scaled.jpg\" alt=\"\" width=\"1837\" height=\"2560\" \/><\/p>","protected":false},"author":2,"featured_media":-1,"menu_order":0,"comment_status":"open","ping_status":"closed","template":"","meta":[],"tags":[],"event_type":[53],"event_type_2":[],"class_list":["post-7833","ajde_events","type-ajde_events","status-publish","has-post-thumbnail","hentry","event_type-kalendarz-wydarzen","wpbf-post"],"yoast_head":"<!-- This site is optimized with the Yoast SEO plugin v27.4 - https:\/\/yoast.com\/product\/yoast-seo-wordpress\/ -->\n<title>II Wielkopolska pielgrzymka rowerowa - SANKTUARIUM W LICHENIU<\/title>\n<meta name=\"robots\" content=\"index, follow, max-snippet:-1, max-image-preview:large, max-video-preview:-1\" \/>\n<link rel=\"canonical\" href=\"http:\/\/www.lichen.pl\/it\/events\/ii-wielkopolska-pielgrzymka-rowerowa\/\" \/>\n<meta property=\"og:locale\" content=\"it_IT\" \/>\n<meta property=\"og:type\" content=\"article\" \/>\n<meta property=\"og:title\" content=\"II Wielkopolska pielgrzymka rowerowa - SANKTUARIUM W LICHENIU\" \/>\n<meta property=\"og:description\" content=\"Zobacz tras\u0119\" \/>\n<meta property=\"og:url\" content=\"http:\/\/www.lichen.pl\/it\/events\/ii-wielkopolska-pielgrzymka-rowerowa\/\" \/>\n<meta property=\"og:site_name\" content=\"SANKTUARIUM W LICHENIU\" \/>\n<meta property=\"article:modified_time\" content=\"2021-05-23T20:23:48+00:00\" \/>\n<meta name=\"twitter:card\" content=\"summary_large_image\" \/>\n<meta name=\"twitter:label1\" content=\"Tempo di lettura stimato\" \/>\n\t<meta name=\"twitter:data1\" content=\"1 minuto\" \/>\n<script type=\"application\/ld+json\" class=\"yoast-schema-graph\">{\"@context\":\"https:\\\/\\\/schema.org\",\"@graph\":[{\"@type\":\"WebPage\",\"@id\":\"http:\\\/\\\/www.lichen.pl\\\/events\\\/ii-wielkopolska-pielgrzymka-rowerowa\\\/\",\"url\":\"http:\\\/\\\/www.lichen.pl\\\/events\\\/ii-wielkopolska-pielgrzymka-rowerowa\\\/\",\"name\":\"II Wielkopolska pielgrzymka rowerowa - SANKTUARIUM W LICHENIU\",\"isPartOf\":{\"@id\":\"https:\\\/\\\/www.lichen.pl\\\/fr\\\/#website\"},\"primaryImageOfPage\":{\"@id\":\"http:\\\/\\\/www.lichen.pl\\\/events\\\/ii-wielkopolska-pielgrzymka-rowerowa\\\/#primaryimage\"},\"image\":{\"@id\":\"http:\\\/\\\/www.lichen.pl\\\/events\\\/ii-wielkopolska-pielgrzymka-rowerowa\\\/#primaryimage\"},\"thumbnailUrl\":\"http:\\\/\\\/www.lichen.pl\\\/wp-content\\\/uploads\\\/2021\\\/04\\\/II-Wielkopolska-Pielgrzymka-Rowerowa-2021-2-002-scaled.jpg\",\"datePublished\":\"2021-04-20T12:03:35+00:00\",\"dateModified\":\"2021-05-23T20:23:48+00:00\",\"breadcrumb\":{\"@id\":\"http:\\\/\\\/www.lichen.pl\\\/events\\\/ii-wielkopolska-pielgrzymka-rowerowa\\\/#breadcrumb\"},\"inLanguage\":\"it-IT\",\"potentialAction\":[{\"@type\":\"ReadAction\",\"target\":[\"http:\\\/\\\/www.lichen.pl\\\/events\\\/ii-wielkopolska-pielgrzymka-rowerowa\\\/\"]}]},{\"@type\":\"ImageObject\",\"inLanguage\":\"it-IT\",\"@id\":\"http:\\\/\\\/www.lichen.pl\\\/events\\\/ii-wielkopolska-pielgrzymka-rowerowa\\\/#primaryimage\",\"url\":\"http:\\\/\\\/www.lichen.pl\\\/wp-content\\\/uploads\\\/2021\\\/04\\\/II-Wielkopolska-Pielgrzymka-Rowerowa-2021-2-002-scaled.jpg\",\"contentUrl\":\"http:\\\/\\\/www.lichen.pl\\\/wp-content\\\/uploads\\\/2021\\\/04\\\/II-Wielkopolska-Pielgrzymka-Rowerowa-2021-2-002-scaled.jpg\"},{\"@type\":\"BreadcrumbList\",\"@id\":\"http:\\\/\\\/www.lichen.pl\\\/events\\\/ii-wielkopolska-pielgrzymka-rowerowa\\\/#breadcrumb\",\"itemListElement\":[{\"@type\":\"ListItem\",\"position\":1,\"name\":\"Strona g\u0142\u00f3wna\",\"item\":\"https:\\\/\\\/www.lichen.pl\\\/\"},{\"@type\":\"ListItem\",\"position\":2,\"name\":\"Events\",\"item\":\"http:\\\/\\\/www.lichen.pl\\\/en\\\/events\\\/\"},{\"@type\":\"ListItem\",\"position\":3,\"name\":\"II Wielkopolska pielgrzymka rowerowa\"}]},{\"@type\":\"WebSite\",\"@id\":\"https:\\\/\\\/www.lichen.pl\\\/fr\\\/#website\",\"url\":\"https:\\\/\\\/www.lichen.pl\\\/fr\\\/\",\"name\":\"SANKTUARIUM W LICHENIU\",\"description\":\"MATKI BO\u017bEJ LICHE\u0143SKIEJ BOLESNEJ KR\u00d3LOWEJ POLSKI\",\"potentialAction\":[{\"@type\":\"SearchAction\",\"target\":{\"@type\":\"EntryPoint\",\"urlTemplate\":\"https:\\\/\\\/www.lichen.pl\\\/fr\\\/?s={search_term_string}\"},\"query-input\":{\"@type\":\"PropertyValueSpecification\",\"valueRequired\":true,\"valueName\":\"search_term_string\"}}],\"inLanguage\":\"it-IT\"}]}<\/script>\n<!-- \/ Yoast SEO plugin. -->","yoast_head_json":{"title":"II Wielkopolska pielgrzymka rowerowa - SANKTUARIUM W LICHENIU","robots":{"index":"index","follow":"follow","max-snippet":"max-snippet:-1","max-image-preview":"max-image-preview:large","max-video-preview":"max-video-preview:-1"},"canonical":"http:\/\/www.lichen.pl\/it\/events\/ii-wielkopolska-pielgrzymka-rowerowa\/","og_locale":"it_IT","og_type":"article","og_title":"II Wielkopolska pielgrzymka rowerowa - SANKTUARIUM W LICHENIU","og_description":"Zobacz tras\u0119","og_url":"http:\/\/www.lichen.pl\/it\/events\/ii-wielkopolska-pielgrzymka-rowerowa\/","og_site_name":"SANKTUARIUM W LICHENIU","article_modified_time":"2021-05-23T20:23:48+00:00","twitter_card":"summary_large_image","twitter_misc":{"Tempo di lettura stimato":"1 minuto"},"schema":{"@context":"https:\/\/schema.org","@graph":[{"@type":"WebPage","@id":"http:\/\/www.lichen.pl\/events\/ii-wielkopolska-pielgrzymka-rowerowa\/","url":"http:\/\/www.lichen.pl\/events\/ii-wielkopolska-pielgrzymka-rowerowa\/","name":"II Wielkopolska pielgrzymka rowerowa - SANKTUARIUM W LICHENIU","isPartOf":{"@id":"https:\/\/www.lichen.pl\/fr\/#website"},"primaryImageOfPage":{"@id":"http:\/\/www.lichen.pl\/events\/ii-wielkopolska-pielgrzymka-rowerowa\/#primaryimage"},"image":{"@id":"http:\/\/www.lichen.pl\/events\/ii-wielkopolska-pielgrzymka-rowerowa\/#primaryimage"},"thumbnailUrl":"http:\/\/www.lichen.pl\/wp-content\/uploads\/2021\/04\/II-Wielkopolska-Pielgrzymka-Rowerowa-2021-2-002-scaled.jpg","datePublished":"2021-04-20T12:03:35+00:00","dateModified":"2021-05-23T20:23:48+00:00","breadcrumb":{"@id":"http:\/\/www.lichen.pl\/events\/ii-wielkopolska-pielgrzymka-rowerowa\/#breadcrumb"},"inLanguage":"it-IT","potentialAction":[{"@type":"ReadAction","target":["http:\/\/www.lichen.pl\/events\/ii-wielkopolska-pielgrzymka-rowerowa\/"]}]},{"@type":"ImageObject","inLanguage":"it-IT","@id":"http:\/\/www.lichen.pl\/events\/ii-wielkopolska-pielgrzymka-rowerowa\/#primaryimage","url":"http:\/\/www.lichen.pl\/wp-content\/uploads\/2021\/04\/II-Wielkopolska-Pielgrzymka-Rowerowa-2021-2-002-scaled.jpg","contentUrl":"http:\/\/www.lichen.pl\/wp-content\/uploads\/2021\/04\/II-Wielkopolska-Pielgrzymka-Rowerowa-2021-2-002-scaled.jpg"},{"@type":"BreadcrumbList","@id":"http:\/\/www.lichen.pl\/events\/ii-wielkopolska-pielgrzymka-rowerowa\/#breadcrumb","itemListElement":[{"@type":"ListItem","position":1,"name":"Strona g\u0142\u00f3wna","item":"https:\/\/www.lichen.pl\/"},{"@type":"ListItem","position":2,"name":"Events","item":"http:\/\/www.lichen.pl\/en\/events\/"},{"@type":"ListItem","position":3,"name":"II Wielkopolska pielgrzymka rowerowa"}]},{"@type":"WebSite","@id":"https:\/\/www.lichen.pl\/fr\/#website","url":"https:\/\/www.lichen.pl\/fr\/","name":"SANTUARIO IN LICHENIA","description":"LA REGINA ADOLORATA DEL NOSTRO LICHENE DI POLONIA","potentialAction":[{"@type":"SearchAction","target":{"@type":"EntryPoint","urlTemplate":"https:\/\/www.lichen.pl\/fr\/?s={search_term_string}"},"query-input":{"@type":"PropertyValueSpecification","valueRequired":true,"valueName":"search_term_string"}}],"inLanguage":"it-IT"}]}},"_links":{"self":[{"href":"https:\/\/www.lichen.pl\/it\/wp-json\/wp\/v2\/ajde_events\/7833","targetHints":{"allow":["GET"]}}],"collection":[{"href":"https:\/\/www.lichen.pl\/it\/wp-json\/wp\/v2\/ajde_events"}],"about":[{"href":"https:\/\/www.lichen.pl\/it\/wp-json\/wp\/v2\/types\/ajde_events"}],"author":[{"embeddable":true,"href":"https:\/\/www.lichen.pl\/it\/wp-json\/wp\/v2\/users\/2"}],"replies":[{"embeddable":true,"href":"https:\/\/www.lichen.pl\/it\/wp-json\/wp\/v2\/comments?post=7833"}],"version-history":[{"count":1,"href":"https:\/\/www.lichen.pl\/it\/wp-json\/wp\/v2\/ajde_events\/7833\/revisions"}],"predecessor-version":[{"id":8867,"href":"https:\/\/www.lichen.pl\/it\/wp-json\/wp\/v2\/ajde_events\/7833\/revisions\/8867"}],"wp:featuredmedia":[{"embeddable":true,"href":"https:\/\/www.lichen.pl\/it\/wp-json\/"}],"wp:attachment":[{"href":"https:\/\/www.lichen.pl\/it\/wp-json\/wp\/v2\/media?parent=7833"}],"wp:term":[{"taxonomy":"post_tag","embeddable":true,"href":"https:\/\/www.lichen.pl\/it\/wp-json\/wp\/v2\/tags?post=7833"},{"taxonomy":"event_type","embeddable":true,"href":"https:\/\/www.lichen.pl\/it\/wp-json\/wp\/v2\/event_type?post=7833"},{"taxonomy":"event_type_2","embeddable":true,"href":"https:\/\/www.lichen.pl\/it\/wp-json\/wp\/v2\/event_type_2?post=7833"}],"curies":[{"name":"wp","href":"https:\/\/api.w.org\/{rel}","templated":true}]}}

<p><a href="http://www.lichen.pl/wp-content/uploads/2021/05/Trasa-Lichen-2021-op-002.jpg" target="_blank" rel="noopener">Zobacz trasę</a></p>
<hr />
<p><img fetchpriority="high" decoding="async" class="aligncenter wp-image-8862 size-full" title="Plakat II Wielkopolska Pielgrzymka Rowerowa" src="http://www.lichen.pl/wp-content/uploads/2021/04/II-Wielkopolska-Pielgrzymka-Rowerowa-2021-2-002-scaled.jpg" alt="" width="1837" height="2560" /></p>

<!-- This site is optimized with the Yoast SEO plugin v27.4 - https://yoast.com/product/yoast-seo-wordpress/ -->
<title>II Wielkopolska pielgrzymka rowerowa - SANKTUARIUM W LICHENIU</title>
<meta name="robots" content="index, follow, max-snippet:-1, max-image-preview:large, max-video-preview:-1" />
<link rel="canonical" href="http://www.lichen.pl/it/events/ii-wielkopolska-pielgrzymka-rowerowa/" />
<meta property="og:locale" content="it_IT" />
<meta property="og:type" content="article" />
<meta property="og:title" content="II Wielkopolska pielgrzymka rowerowa - SANKTUARIUM W LICHENIU" />
<meta property="og:description" content="Zobacz trasę" />
<meta property="og:url" content="http://www.lichen.pl/it/events/ii-wielkopolska-pielgrzymka-rowerowa/" />
<meta property="og:site_name" content="SANKTUARIUM W LICHENIU" />
<meta property="article:modified_time" content="2021-05-23T20:23:48+00:00" />
<meta name="twitter:card" content="summary_large_image" />
<meta name="twitter:label1" content="Tempo di lettura stimato" />
	<meta name="twitter:data1" content="1 minuto" />
<script type="application/ld+json" class="yoast-schema-graph">{"@context":"https:\/\/schema.org","@graph":[{"@type":"WebPage","@id":"http:\/\/www.lichen.pl\/events\/ii-wielkopolska-pielgrzymka-rowerowa\/","url":"http:\/\/www.lichen.pl\/events\/ii-wielkopolska-pielgrzymka-rowerowa\/","name":"II Wielkopolska pielgrzymka rowerowa - SANKTUARIUM W LICHENIU","isPartOf":{"@id":"https:\/\/www.lichen.pl\/fr\/#website"},"primaryImageOfPage":{"@id":"http:\/\/www.lichen.pl\/events\/ii-wielkopolska-pielgrzymka-rowerowa\/#primaryimage"},"image":{"@id":"http:\/\/www.lichen.pl\/events\/ii-wielkopolska-pielgrzymka-rowerowa\/#primaryimage"},"thumbnailUrl":"http:\/\/www.lichen.pl\/wp-content\/uploads\/2021\/04\/II-Wielkopolska-Pielgrzymka-Rowerowa-2021-2-002-scaled.jpg","datePublished":"2021-04-20T12:03:35+00:00","dateModified":"2021-05-23T20:23:48+00:00","breadcrumb":{"@id":"http:\/\/www.lichen.pl\/events\/ii-wielkopolska-pielgrzymka-rowerowa\/#breadcrumb"},"inLanguage":"it-IT","potentialAction":[{"@type":"ReadAction","target":["http:\/\/www.lichen.pl\/events\/ii-wielkopolska-pielgrzymka-rowerowa\/"]}]},{"@type":"ImageObject","inLanguage":"it-IT","@id":"http:\/\/www.lichen.pl\/events\/ii-wielkopolska-pielgrzymka-rowerowa\/#primaryimage","url":"http:\/\/www.lichen.pl\/wp-content\/uploads\/2021\/04\/II-Wielkopolska-Pielgrzymka-Rowerowa-2021-2-002-scaled.jpg","contentUrl":"http:\/\/www.lichen.pl\/wp-content\/uploads\/2021\/04\/II-Wielkopolska-Pielgrzymka-Rowerowa-2021-2-002-scaled.jpg"},{"@type":"BreadcrumbList","@id":"http:\/\/www.lichen.pl\/events\/ii-wielkopolska-pielgrzymka-rowerowa\/#breadcrumb","itemListElement":[{"@type":"ListItem","position":1,"name":"Strona główna","item":"https:\/\/www.lichen.pl\/"},{"@type":"ListItem","position":2,"name":"Events","item":"http:\/\/www.lichen.pl\/en\/events\/"},{"@type":"ListItem","position":3,"name":"II Wielkopolska pielgrzymka rowerowa"}]},{"@type":"WebSite","@id":"https:\/\/www.lichen.pl\/fr\/#website","url":"https:\/\/www.lichen.pl\/fr\/","name":"SANKTUARIUM W LICHENIU","description":"MATKI BOŻEJ LICHEŃSKIEJ BOLESNEJ KRÓLOWEJ POLSKI","potentialAction":[{"@type":"SearchAction","target":{"@type":"EntryPoint","urlTemplate":"https:\/\/www.lichen.pl\/fr\/?s={search_term_string}"},"query-input":{"@type":"PropertyValueSpecification","valueRequired":true,"valueName":"search_term_string"}}],"inLanguage":"it-IT"}]}</script>
<!-- / Yoast SEO plugin. -->

Zobacz trasę

Strona główna
